000
CXUS53 KARX 011000
CF6RST
PRELIMINARY LOCAL CLIMATOLOGICAL DATA (WS FORM: F-6)
STATION: ROCHESTER MN
MONTH: JANUARY
YEAR: 2021
LATITUDE: 43 55 N
LONGITUDE: 92 30 W
TEMPERATURE IN F: :PCPN: SNOW: WIND :SUNSHINE: SKY :PK WND
================================================================================
1 2 3 4 5 6A 6B 7 8 9 10 11 12 13 14 15 16 17 18
12Z AVG MX 2MIN
DY MAX MIN AVG DEP HDD CDD WTR SNW DPTH SPD SPD DIR MIN PSBL S-S WX SPD DR
================================================================================
1 23 9 16 0 49 0 0.00 0.0 2 7.0 25 170 M M 4 18 33 170
2 29 9 19 3 46 0 0.00 0.0 2 7.9 15 170 M M 6 128 18 170
3 26 13 20 4 45 0 0.00 0.0 2 10.7 17 170 M M 5 12 24 160
4 34 20 27 11 38 0 0.00 0.0 2 13.0 21 210 M M 6 12 28 210
5 36 18 27 11 38 0 0.00 0.0 1 5.7 14 260 M M 0 15 260
6 33 22 28 12 37 0 0.00 0.0 1 8.6 13 130 M M 4 18 15 100
7 30 21 26 10 39 0 0.00 0.0 1 5.5 14 140 M M 10 128 17 140
8 24 21 23 7 42 0 0.00 0.0 1 5.9 12 20 M M 10 1 14 350
9 21 18 20 4 45 0 0.00 0.0 1 6.2 14 330 M M 10 18 17 320
10 27 19 23 7 42 0 T 0.0 T 9.7 16 240 M M 10 168 20 240
11 38 23 31 16 34 0 0.00 0.0 T 13.9 25 200 M M 2 31 200
12 41 19 30 15 35 0 0.00 0.0 T 9.3 16 220 M M 0 1 20 220
13 43 28 36 21 29 0 0.00 0.0 T 7.3 16 280 M M 5 22 270
14 33 27 30 15 35 0 0.52 4.1 0 9.0 15 310 M M 8 16 18 300
15 34 31 33 18 32 0 0.05 0.4 4 13.1 21 340 M M 10 16 27 350
16 33 22 28 13 37 0 0.02 0.1 4 14.2 22 330 M M 10 1 27 330
17 22 17 20 5 45 0 0.04 0.3 3 8.3 15 300 M M 10 12 17 300
18 22 17 20 5 45 0 T T 3 9.4 16 310 M M 9 1 20 320
19 22 -5 9 -6 56 0 0.10 1.4 3 11.0 25 310 M M 8 18 31 310
20 35 -8 14 -1 51 0 0.00 0.0 4 18.4 31 200 M M 0 18 40 200
21 32 6 19 4 46 0 T T 4 20.7 31 300 M M 1 38 300
22 11 -2 5 -11 60 0 0.00 0.0 3 9.1 20 320 M M 0 24 320
23 19 -3 8 -8 57 0 0.13 2.3 3 10.7 18 160 M M 6 18 25 170
24 22 9 16 0 49 0 0.08 1.1 6 6.6 17 170 M M 5 128 24 170
25 18 5 12 -4 53 0 0.00 0.0 6 11.7 21 40 M M 2 12 25 40
26 20 12 16 0 49 0 T T 6 12.8 23 10 M M 7 8 29 10
27 16 2 9 -7 56 0 0.00 0.0 5 6.4 12 320 M M 5 14 320
28 19 4 12 -4 53 0 0.00 0.0 5 8.4 16 150 M M 4 19 140
29 24 14 19 3 46 0 0.00 0.0 5 14.6 23 130 M M 8 1 28 130
30 30 22 26 10 39 0 0.04 0.4 5 16.4 24 120 M M 7 1 31 100
31 30 26 28 12 37 0 0.16 1.5 7 12.5 18 340 M M 10 18 22 340
================================================================================
SM 847 436 1365 0 1.14 11.6 324.0 M 182
================================================================================
AV 27.3 14.1 10.5 FASTST M M 6 MAX(MPH)
MISC ----> # 31 300 40 200
================================================================================
NOTES:
# LAST OF SEVERAL OCCURRENCES
COLUMN 17 PEAK WIND IN M.P.H.
PRELIMINARY LOCAL CLIMATOLOGICAL DATA (WS FORM: F-6) , PAGE 2
STATION: ROCHESTER MN
MONTH: JANUARY
YEAR: 2021
LATITUDE: 43 55 N
LONGITUDE: 92 30 W
[TEMPERATURE DATA] [PRECIPITATION DATA] SYMBOLS USED IN COLUMN 16
AVERAGE MONTHLY: 20.7 TOTAL FOR MONTH: 1.14 1 = FOG OR MIST
DPTR FM NORMAL: 5.0 DPTR FM NORMAL: 0.28 2 = FOG REDUCING VISIBILITY
HIGHEST: 43 ON 13 GRTST 24HR 0.55 ON 14-15 TO 1/4 MILE OR LESS
LOWEST: -8 ON 20 3 = THUNDER
SNOW, ICE PELLETS, HAIL 4 = ICE PELLETS
TOTAL MONTH: 11.6 INCHES 5 = HAIL
GRTST 24HR 4.1 ON 14-14 6 = FREEZING RAIN OR DRIZZLE
GRTST DEPTH: 7 ON 31 7 = DUSTSTORM OR SANDSTORM:
VSBY 1/2 MILE OR LESS
8 = SMOKE OR HAZE
[NO. OF DAYS WITH] [WEATHER - DAYS WITH] 9 = BLOWING SNOW
X = TORNADO
MAX 32 OR BELOW: 21 0.01 INCH OR MORE: 9
MAX 90 OR ABOVE: 0 0.10 INCH OR MORE: 4
MIN 32 OR BELOW: 31 0.50 INCH OR MORE: 1
MIN 0 OR BELOW: 4 1.00 INCH OR MORE: 0
[HDD (BASE 65) ]
TOTAL THIS MO. 1365 CLEAR (SCALE 0-3) 7
DPTR FM NORMAL -165 PTCLDY (SCALE 4-7) 15
TOTAL FM JUL 1 4336 CLOUDY (SCALE 8-10) 9
DPTR FM NORMAL -274
[CDD (BASE 65) ]
TOTAL THIS MO. 0
DPTR FM NORMAL 0 [PRESSURE DATA]
TOTAL FM JAN 1 0 HIGHEST SLP 30.70 ON 28
DPTR FM NORMAL 0 LOWEST SLP 29.29 ON 15
[REMARKS]
#FINAL-01-21#