000
CXUS54 KLZK 011130
CF6RUE
PRELIMINARY LOCAL CLIMATOLOGICAL DATA (WS FORM: F-6)
STATION: RUSSELLVILLE
MONTH: JUNE
YEAR: 2022
LATITUDE: 35 15 N
LONGITUDE: 93 6 W
TEMPERATURE IN F: :PCPN: SNOW: WIND :SUNSHINE: SKY :PK WND
================================================================================
1 2 3 4 5 6A 6B 7 8 9 10 11 12 13 14 15 16 17 18
12Z AVG MX 2MIN
DY MAX MIN AVG DEP HDD CDD WTR SNW DPTH SPD SPD DIR MIN PSBL S-S WX SPD DR
================================================================================
1 88 67 78 4 0 13 0.06 M M 2.3 13 30 M M 2 13 18 70
2 77 61 69 -6 0 4 0.30 M M 2.4 10 360 M M 6 18 13 350
3 81 57 69 -6 0 4 0.00 M M 1.9 10 90 M M 0 1 14 70
4 84 55 70 -5 0 5 0.00 M M 1.9 10 60 M M 0 1 13 140
5 84 58 71 -5 0 6 0.00 M M 2.5 13 270 M M 1 13 18 280
6 87 67 77 1 0 12 0.28 M M 2.5 13 300 M M 4 13 15 310
7 82 68 75 -1 0 10 0.22 M M 2.1 15 270 M M 4 13 20 270
8 75 65 70 -6 0 5 2.13 M M 3.3 26 50 M M 6 123 41 10
9 86 65 76 -1 0 11 0.00 M M 2.2 8 170 M M 3 12 11 170
10 81 66 74 -3 0 9 1.25 M M 2.5 16 150 M M 4 13 25 150
11 90 65 78 1 0 13 0.00 M M 1.8 8 110 M M 1 1 13 130
12 97 74 86 9 0 21 0.00 M M 4.3 10 180 M M 0 1 16 190
13 96 74 85 7 0 20 0.00 M M 2.9 12 190 M M 0 16 180
14 93 74 84 6 0 19 0.00 M M 5.4 14 200 M M 0 21 190
15 93 72 83 5 0 18 0.00 M M 3.5 13 230 M M 1 20 200
16 96 74 85 7 0 20 0.00 M M 1.4 8 250 M M 1 1 10 270
17 95 73 84 6 0 19 0.00 M M 0.8 7 40 M M 0 1 9 310
18 95 73 84 5 0 19 0.00 M M 1.9 12 90 M M 1 13 17 90
19 88 63 76 -3 0 11 0.00 M M 4.0 9 70 M M 0 15 70
20 92 60 76 -3 0 11 0.00 M M 1.0 8 80 M M 0 11 100
21 96 67 82 3 0 17 0.00 M M 2.3 10 250 M M 0 1 13 250
22 97 69 83 4 0 18 0.00 M M 2.0 10 300 M M 0 1 16 290
23 97 72 85 5 0 20 0.00 M M 2.8 15 360 M M 0 1 19 340
24 96 71 84 4 0 19 0.00 M M 2.7 8 90 M M 0 1 12 90
25 99 73 86 6 0 21 0.00 M M 1.2 8 200 M M 0 11 220
26 95 75 85 5 0 20 0.00 M M 6.9 16 20 M M 2 1 24 340
27 87 65 76 -4 0 11 0.00 M M 6.1 15 60 M M 3 22 60
28 88 59 74 -6 0 9 0.00 M M 2.5 12 10 M M 0 16 300
29 90 55 73 -7 0 8 0.00 M M 2.2 9 100 M M 0 14 100
30 94 61 78 -3 0 13 0.00 M M 2.1 8 230 M M 1 11 130
================================================================================
SM 2699 1998 0 406 4.24 M 81.4 M 40
================================================================================
AV 90.0 66.6 2.7 FASTST M M 1 MAX(MPH)
MISC ----> 26 50 41 10
================================================================================
NOTES:
# LAST OF SEVERAL OCCURRENCES
COLUMN 17 PEAK WIND IN M.P.H.
PRELIMINARY LOCAL CLIMATOLOGICAL DATA (WS FORM: F-6) , PAGE 2
STATION: RUSSELLVILLE
MONTH: JUNE
YEAR: 2022
LATITUDE: 35 15 N
LONGITUDE: 93 6 W
[TEMPERATURE DATA] [PRECIPITATION DATA] SYMBOLS USED IN COLUMN 16
AVERAGE MONTHLY: 78.3 TOTAL FOR MONTH: 4.24 1 = FOG OR MIST
DPTR FM NORMAL: 0.4 DPTR FM NORMAL: 0.89 2 = FOG REDUCING VISIBILITY
HIGHEST: 99 ON 25 GRTST 24HR 2.13 ON 8- 8 TO 1/4 MILE OR LESS
LOWEST: 55 ON 29, 4 3 = THUNDER
SNOW, ICE PELLETS, HAIL 4 = ICE PELLETS
TOTAL MONTH: M 5 = HAIL
GRTST 24HR M ON M 6 = FREEZING RAIN OR DRIZZLE
GRTST DEPTH: M ON M 7 = DUSTSTORM OR SANDSTORM:
VSBY 1/2 MILE OR LESS
8 = SMOKE OR HAZE
[NO. OF DAYS WITH] [WEATHER - DAYS WITH] 9 = BLOWING SNOW
X = TORNADO
MAX 32 OR BELOW: 0 0.01 INCH OR MORE: 6
MAX 90 OR ABOVE: 17 0.10 INCH OR MORE: 5
MIN 32 OR BELOW: 0 0.50 INCH OR MORE: 2
MIN 0 OR BELOW: 0 1.00 INCH OR MORE: 2
[HDD (BASE 65) ]
TOTAL THIS MO. 0 CLEAR (SCALE 0-3) 24
DPTR FM NORMAL 0 PTCLDY (SCALE 4-7) 6
TOTAL FM JUL 1 3023 CLOUDY (SCALE 8-10) 0
DPTR FM NORMAL -257
[CDD (BASE 65) ]
TOTAL THIS MO. 406
DPTR FM NORMAL 19 [PRESSURE DATA]
TOTAL FM JAN 1 678 HIGHEST SLP 30.25 ON 27
DPTR FM NORMAL 56 LOWEST SLP 29.66 ON 5
[REMARKS]
#FINAL-06-22#