000
CXUS54 KTSA 051224
CF6RVS
PRELIMINARY LOCAL CLIMATOLOGICAL DATA (WS FORM: F-6)
STATION: TULSA-RIVERSIDE OKLAHOMA
MONTH: NOVEMBER
YEAR: 2022
LATITUDE: 36 2 N
LONGITUDE: 95 59 W
TEMPERATURE IN F: :PCPN: SNOW: WIND :SUNSHINE: SKY :PK WND
================================================================================
1 2 3 4 5 6A 6B 7 8 9 10 11 12 13 14 15 16 17 18
12Z AVG MX 2MIN
DY MAX MIN AVG DEP HDD CDD WTR SNW DPTH SPD SPD DIR MIN PSBL S-S WX SPD DR
================================================================================
1 80 44 62 6 3 0 0.00 0.0 M 3.6 16 170 M M 0 23 170
2 73 50 62 6 3 0 0.00 0.0 M 6.9 18 180 M M 2 1 27 160
3 79 60 70 15 0 5 0.00 0.0 M 12.2 24 180 M M 8 35 180
4 76 43 60 5 5 0 0.85 0.0 M 10.6 24 170 M M 10 13 37 190
5 62 40 51 -4 14 0 0.00 0.0 M 8.4 17 180 M M 2 29 270
6 76 50 63 9 2 0 0.00 0.0 M 6.3 12 160 M M 0 19 160
7 72 51 62 8 3 0 0.00 0.0 M 5.9 13 50 M M 4 17 40
8 73 61 67 13 0 2 0.02 0.0 M 5.8 12 150 M M 7 1 16 180
9 77 61 69 16 0 4 0.00 0.0 M 8.7 20 170 M M 6 1 28 180
10 77 46 62 9 3 0 0.35 0.0 M 10.7 18 10 M M 8 13 35 360
11 46 36 41 -11 24 0 0.13 0.0 M 10.4 20 10 M M 7 1 34 360
12 47 28 38 -14 27 0 0.00 0.0 M 4.3 14 330 M M 0 22 340
13 51 23 37 -15 28 0 0.00 0.0 M 5.5 13 130 M M 0 17 120
14 42 32 37 -14 28 0 0.16 M M 5.6 12 170 M M 9 1 17 110
15 48 27 38 -13 27 0 0.00 0.0 M 3.8 14 10 M M 5 1 22 340
16 46 24 35 -15 30 0 0.00 0.0 M 3.8 16 320 M M 0 1 28 320
17 56 21 39 -11 26 0 0.00 0.0 M 4.9 18 30 M M 2 28 360
18 35 27 31 -19 34 0 T M M 6.8 20 30 M M 10 1 28 20
19 48 20 34 -15 31 0 0.00 M M 3.1 10 350 M M 2 19 290
20 50 18 34 -15 31 0 0.00 0.0 M 2.2 12 180 M M 0 17 210
21 58 24 41 -7 24 0 0.00 0.0 M 4.0 15 190 M M 0 21 210
22 62 30 46 -2 19 0 0.00 0.0 M 3.6 16 190 M M 0 1 21 180
23 57 34 46 -2 19 0 0.04 0.0 M 6.1 16 160 M M 7 1 26 160
24 54 45 50 3 15 0 0.38 0.0 M 4.7 10 10 M M 9 1 16 10
25 57 37 47 0 18 0 0.00 0.0 M 6.1 14 10 M M 4 22 360
26 52 40 46 -1 19 0 0.61 0.0 M 3.6 12 40 M M 10 1 15 60
27 53 37 45 -1 20 0 0.02 0.0 M 3.8 12 320 M M 7 1 20 320
28 61 28 45 -1 20 0 0.00 0.0 M 7.0 20 170 M M 0 1 28 180
29 72 34 53 7 12 0 0.00 0.0 M 12.1 23 210 M M 2 36 330
30 45 25 35 -10 30 0 0.00 0.0 M 3.7 14 30 M M 0 23 40
================================================================================
SM 1785 1096 515 11 2.56 0.0 184.2 M 121
================================================================================
AV 59.5 36.5 6.1 FASTST M M 4 MAX(MPH)
MISC ----> # 24 180 37 190
================================================================================
NOTES:
# LAST OF SEVERAL OCCURRENCES
COLUMN 17 PEAK WIND IN M.P.H.
PRELIMINARY LOCAL CLIMATOLOGICAL DATA (WS FORM: F-6) , PAGE 2
STATION: TULSA-RIVERSIDE OKLAHOMA
MONTH: NOVEMBER
YEAR: 2022
LATITUDE: 36 2 N
LONGITUDE: 95 59 W
[TEMPERATURE DATA] [PRECIPITATION DATA] SYMBOLS USED IN COLUMN 16
AVERAGE MONTHLY: 48.0 TOTAL FOR MONTH: 2.56 1 = FOG OR MIST
DPTR FM NORMAL: -2.7 DPTR FM NORMAL: -0.08 2 = FOG REDUCING VISIBILITY
HIGHEST: 80 ON 1 GRTST 24HR 0.85 ON 4- 4 TO 1/4 MILE OR LESS
LOWEST: 18 ON 20 3 = THUNDER
SNOW, ICE PELLETS, HAIL 4 = ICE PELLETS
TOTAL MONTH: 0.0 INCH 5 = HAIL
GRTST 24HR 0.0 6 = FREEZING RAIN OR DRIZZLE
GRTST DEPTH: M ON M 7 = DUSTSTORM OR SANDSTORM:
VSBY 1/2 MILE OR LESS
8 = SMOKE OR HAZE
[NO. OF DAYS WITH] [WEATHER - DAYS WITH] 9 = BLOWING SNOW
X = TORNADO
MAX 32 OR BELOW: 0 0.01 INCH OR MORE: 9
MAX 90 OR ABOVE: 0 0.10 INCH OR MORE: 6
MIN 32 OR BELOW: 13 0.50 INCH OR MORE: 2
MIN 0 OR BELOW: 0 1.00 INCH OR MORE: 0
[HDD (BASE 65) ]
TOTAL THIS MO. 515 CLEAR (SCALE 0-3) 15
DPTR FM NORMAL 78 PTCLDY (SCALE 4-7) 9
TOTAL FM JUL 1 640 CLOUDY (SCALE 8-10) 6
DPTR FM NORMAL 33
[CDD (BASE 65) ]
TOTAL THIS MO. 11
DPTR FM NORMAL 5 [PRESSURE DATA]
TOTAL FM JAN 1 2447 HIGHEST SLP 30.59 ON 18
DPTR FM NORMAL 302 LOWEST SLP 29.55 ON 26
[REMARKS]
#FINAL-11-22#