000
CXUS54 KTSA 010950
CF6RVS
PRELIMINARY LOCAL CLIMATOLOGICAL DATA (WS FORM: F-6)
STATION: TULSA-RIVERSIDE OKLAHOMA
MONTH: JANUARY
YEAR: 2022
LATITUDE: 36 2 N
LONGITUDE: 95 59 W
TEMPERATURE IN F: :PCPN: SNOW: WIND :SUNSHINE: SKY :PK WND
================================================================================
1 2 3 4 5 6A 6B 7 8 9 10 11 12 13 14 15 16 17 18
12Z AVG MX 2MIN
DY MAX MIN AVG DEP HDD CDD WTR SNW DPTH SPD SPD DIR MIN PSBL S-S WX SPD DR
================================================================================
1 59 15 37 -2 28 0 0.47 M M 9.5 16 330 M M 10 1 29 320
2 32 15 24 -15 41 0 T M M 5.5 15 340 M M 4 25 350
3 51 17 34 -5 31 0 0.00 0.0 M 4.5 13 180 M M 0 16 180
4 57 34 46 8 19 0 0.00 0.0 M 9.1 24 200 M M 0 37 180
5 46 27 37 -1 28 0 0.00 0.0 M 9.4 17 20 M M 0 26 360
6 27 17 22 -16 43 0 0.00 0.0 M 11.3 21 10 M M 5 34 10
7 40 16 28 -10 37 0 0.00 0.0 M 6.6 13 170 M M 2 19 150
8 52 40 46 8 19 0 0.00 0.0 M 12.0 22 170 M M 10 1 32 170
9 49 26 38 0 27 0 0.00 0.0 M 12.3 24 20 M M 4 1 39 10
10 55 19 37 -1 28 0 0.00 0.0 M 1.9 10 210 M M 0 15 210
11 62 24 43 5 22 0 0.00 0.0 M 5.3 18 190 M M 0 28 190
12 61 29 45 7 20 0 0.00 0.0 M 2.6 9 240 M M 0 14 220
13 70 28 49 11 16 0 0.00 0.0 M 2.0 10 340 M M 0 19 360
14 58 33 46 8 19 0 0.02 0.0 M 5.2 18 340 M M 1 40 350
15 39 25 32 -7 33 0 0.02 M M 10.7 22 330 M M 10 18 37 340
16 41 23 32 -7 33 0 0.00 0.0 M 3.2 10 200 M M 6 1 18 350
17 58 22 40 1 25 0 0.00 0.0 M 2.5 12 190 M M 0 17 190
18 65 31 48 9 17 0 0.00 0.0 M 5.0 17 190 M M 0 25 170
19 49 20 35 -4 30 0 T M M 15.1 25 360 M M 5 42 20
20 27 15 21 -18 44 0 0.00 0.0 M 9.7 21 10 M M 2 36 360
21 36 12 24 -15 41 0 0.00 0.0 M 3.0 8 120 M M 0 12 160
22 50 16 33 -6 32 0 0.00 0.0 M 1.9 10 210 M M 0 15 220
23 59 22 41 2 24 0 0.00 M M 2.1 10 30 M M 0 15 290
24 68 26 47 8 18 0 0.00 0.0 M 5.6 24 30 M M 0 35 40
25 42 26 34 -5 31 0 0.00 0.0 M 12.7 20 30 M M 3 26 30
26 38 21 30 -10 35 0 T M M 5.5 21 40 M M 8 27 40
27 48 28 38 -2 27 0 0.00 0.0 M 2.1 10 10 M M 6 15 360
28 49 21 35 -5 30 0 0.00 0.0 M 3.5 15 10 M M 0 23 360
29 69 20 45 5 20 0 0.00 0.0 M 3.5 14 210 M M 0 22 260
30 62 23 43 3 22 0 0.00 0.0 M 1.2 10 30 M M 0 15 20
31 71 24 48 8 17 0 0.00 0.0 M 6.5 20 190 M M 0 27 210
================================================================================
SM 1590 715 857 0 0.51 0.0 191.0 M 76
================================================================================
AV 51.3 23.1 6.2 FASTST M M 2 MAX(MPH)
MISC ----> 25 360 42 20
================================================================================
NOTES:
# LAST OF SEVERAL OCCURRENCES
COLUMN 17 PEAK WIND IN M.P.H.
PRELIMINARY LOCAL CLIMATOLOGICAL DATA (WS FORM: F-6) , PAGE 2
STATION: TULSA-RIVERSIDE OKLAHOMA
MONTH: JANUARY
YEAR: 2022
LATITUDE: 36 2 N
LONGITUDE: 95 59 W
[TEMPERATURE DATA] [PRECIPITATION DATA] SYMBOLS USED IN COLUMN 16
AVERAGE MONTHLY: 37.2 TOTAL FOR MONTH: 0.51 1 = FOG OR MIST
DPTR FM NORMAL: -1.7 DPTR FM NORMAL: -1.08 2 = FOG REDUCING VISIBILITY
HIGHEST: 71 ON 31 GRTST 24HR 1.29 ON 31- 1 TO 1/4 MILE OR LESS
LOWEST: 12 ON 21 3 = THUNDER
SNOW, ICE PELLETS, HAIL 4 = ICE PELLETS
TOTAL MONTH: 0.0 INCH 5 = HAIL
GRTST 24HR 0.0 6 = FREEZING RAIN OR DRIZZLE
GRTST DEPTH: M ON M 7 = DUSTSTORM OR SANDSTORM:
VSBY 1/2 MILE OR LESS
8 = SMOKE OR HAZE
[NO. OF DAYS WITH] [WEATHER - DAYS WITH] 9 = BLOWING SNOW
X = TORNADO
MAX 32 OR BELOW: 3 0.01 INCH OR MORE: 3
MAX 90 OR ABOVE: 0 0.10 INCH OR MORE: 1
MIN 32 OR BELOW: 28 0.50 INCH OR MORE: 0
MIN 0 OR BELOW: 0 1.00 INCH OR MORE: 0
[HDD (BASE 65) ]
TOTAL THIS MO. 857 CLEAR (SCALE 0-3) 21
DPTR FM NORMAL 48 PTCLDY (SCALE 4-7) 7
TOTAL FM JUL 1 1758 CLOUDY (SCALE 8-10) 3
DPTR FM NORMAL -393
[CDD (BASE 65) ]
TOTAL THIS MO. 0
DPTR FM NORMAL 0 [PRESSURE DATA]
TOTAL FM JAN 1 0 HIGHEST SLP 30.74 ON 20
DPTR FM NORMAL 0 LOWEST SLP 29.58 ON 1
[REMARKS]
#FINAL-01-22#