000
CXUS53 KMPX 010910
CF6RWF
PRELIMINARY LOCAL CLIMATOLOGICAL DATA (WS FORM: F-6)
STATION: REDWOOD FALLS MN
MONTH: MAY
YEAR: 2021
LATITUDE: 44 32 N
LONGITUDE: 95 5 W
TEMPERATURE IN F: :PCPN: SNOW: WIND :SUNSHINE: SKY :PK WND
================================================================================
1 2 3 4 5 6A 6B 7 8 9 10 11 12 13 14 15 16 17 18
12Z AVG MX 2MIN
DY MAX MIN AVG DEP HDD CDD WTR SNW DPTH SPD SPD DIR MIN PSBL S-S WX SPD DR
================================================================================
1 91 54 73 21 0 8 0.00 M M 9.4 21 230 M M 0 29 230
2 71 52 62 9 3 0 T M M 6.6 16 60 M M 6 25 50
3 64 43 54 1 11 0 0.00 M M 13.8 25 350 M M 4 45 10
4 60 36 48 -6 17 0 0.00 M M 11.7 23 320 M M 0 40 310
5 51 33 42 -12 23 0 0.05 M M 3.3 14 220 M M 5 1 19 220
6 65 34 50 -5 15 0 T M M 11.5 21 310 M M 3 1 34 340
7 61 35 48 -7 17 0 0.00 M M 6.9 17 310 M M 0 26 310
8 53 40 47 -9 18 0 0.00 M M 8.1 21 140 M M 5 27 130
9 65 40 53 -3 12 0 0.00 M M 7.0 16 330 M M 1 23 330
10 58 38 48 -8 17 0 0.00 M M 7.9 16 10 M M 4 26 10
11 62 31 47 -10 18 0 0.00 M M 2.6 10 310 M M 0 15 110
12 69 35 52 -5 13 0 0.00 M M 7.0 17 220 M M 0 8 26 170
13 71 44 58 0 7 0 0.00 M M 12.7 24 230 M M 5 31 230
14 62 49 56 -2 9 0 0.13 M M 12.3 24 160 M M 8 1 32 150
15 77 46 62 4 3 0 0.00 M M 5.4 18 200 M M 1 1 23 210
16 77 47 62 3 3 0 T M M 6.5 21 200 M M 2 1 28 210
17 79 46 63 4 2 0 0.00 M M 9.9 25 160 M M 2 1 33 160
18 67 54 61 1 4 0 T M M 9.5 21 140 M M 8 1 26 130
19 73 61 67 7 0 2 0.23 M M 9.7 17 170 M M 9 1 21 180
20 74 64 69 9 0 4 0.03 M M 11.0 20 160 M M 7 1 25 160
21 84 61 73 12 0 8 0.00 M M 12.6 22 180 M M 4 30 180
22 88 64 76 15 0 11 0.00 M M 10.7 21 200 M M 4 27 200
23 82 59 71 9 0 6 0.04 M M 7.6 17 140 M M 4 13 26 90
24 86 66 76 14 0 11 0.03 M M 12.9 32 260 M M 3 3 44 260
25 85 60 73 11 0 8 T M M 16.6 31 280 M M 1 44 280
26 68 52 60 -3 5 0 0.00 M M 9.4 22 340 M M 2 32 330
27 56 41 49 -14 16 0 0.52 M M 9.8 20 70 M M 10 1 34 70
28 60 39 50 -13 15 0 T M M 6.1 13 90 M M 4 19 60
29 66 41 54 -10 11 0 T M M 11.2 24 140 M M 2 33 150
30 72 53 63 -1 2 0 T M M 10.7 20 190 M M 7 3 26 180
31 75 51 63 -1 2 0 0.00 M M 8.2 18 310 M M 0 1 25 310
================================================================================
SM 2172 1469 243 58 1.03 M 288.6 M 111
================================================================================
AV 70.1 47.4 9.3 FASTST M M 4 MAX(MPH)
MISC ----> 32 260 45 10
================================================================================
NOTES:
# LAST OF SEVERAL OCCURRENCES
COLUMN 17 PEAK WIND IN M.P.H.
PRELIMINARY LOCAL CLIMATOLOGICAL DATA (WS FORM: F-6) , PAGE 2
STATION: REDWOOD FALLS MN
MONTH: MAY
YEAR: 2021
LATITUDE: 44 32 N
LONGITUDE: 95 5 W
[TEMPERATURE DATA] [PRECIPITATION DATA] SYMBOLS USED IN COLUMN 16
AVERAGE MONTHLY: 58.7 TOTAL FOR MONTH: 1.03 1 = FOG OR MIST
DPTR FM NORMAL: 0.0 DPTR FM NORMAL: -2.62 2 = FOG REDUCING VISIBILITY
HIGHEST: 91 ON 1 GRTST 24HR 0.52 ON 27-27 TO 1/4 MILE OR LESS
LOWEST: 31 ON 11 3 = THUNDER
SNOW, ICE PELLETS, HAIL 4 = ICE PELLETS
TOTAL MONTH: M 5 = HAIL
GRTST 24HR M ON M 6 = FREEZING RAIN OR DRIZZLE
GRTST DEPTH: M ON M 7 = DUSTSTORM OR SANDSTORM:
VSBY 1/2 MILE OR LESS
8 = SMOKE OR HAZE
[NO. OF DAYS WITH] [WEATHER - DAYS WITH] 9 = BLOWING SNOW
X = TORNADO
MAX 32 OR BELOW: 0 0.01 INCH OR MORE: 7
MAX 90 OR ABOVE: 1 0.10 INCH OR MORE: 3
MIN 32 OR BELOW: 1 0.50 INCH OR MORE: 1
MIN 0 OR BELOW: 0 1.00 INCH OR MORE: 0
[HDD (BASE 65) ]
TOTAL THIS MO. 243 CLEAR (SCALE 0-3) 14
DPTR FM NORMAL 7 PTCLDY (SCALE 4-7) 15
TOTAL FM JUL 1 7349 CLOUDY (SCALE 8-10) 2
DPTR FM NORMAL -421
[CDD (BASE 65) ]
TOTAL THIS MO. 58
DPTR FM NORMAL 17 [PRESSURE DATA]
TOTAL FM JAN 1 62 HIGHEST SLP 30.44 ON 12
DPTR FM NORMAL 18 LOWEST SLP 29.45 ON 1
[REMARKS]
#FINAL-05-21#