000
CXUS54 KEWX 011110
CF6RYW
PRELIMINARY LOCAL CLIMATOLOGICAL DATA (WS FORM: F-6)
STATION: LAGO VISTA
MONTH: DECEMBER
YEAR: 2023
LATITUDE: 30 30 N
LONGITUDE: 97 58 W
TEMPERATURE IN F: :PCPN: SNOW: WIND :SUNSHINE: SKY :PK WND
================================================================================
1 2 3 4 5 6A 6B 7 8 9 10 11 12 13 14 15 16 17 18
12Z AVG MX 2MIN
DY MAX MIN AVG DEP HDD CDD WTR SNW DPTH SPD SPD DIR MIN PSBL S-S WX SPD DR
================================================================================
1 68 51 60 M 5 0 0.00 M M 5.6 10 360 M M 0 16 350
2 67 45 56 M 9 0 0.00 M M 5.3 12 40 M M 1 M M
3 73 45 59 M 6 0 0.00 M M 7.6 14 250 M M 0 20 250
4 66 48 57 M 8 0 0.00 M M 6.5 13 20 M M 0 20 10
5 71 48 60 M 5 0 0.00 M M 2.6 6 200 M M 0 M M
6 66 47 57 M 8 0 0.00 M M 4.7 8 120 M M 0 M M
7 70 49 60 M 5 0 0.00 M M 8.9 15 180 M M 6 23 190
8 72 62 67 M 0 2 0.00 M M 10.3 16 210 M M 6 24 200
9 69 48 59 M 6 0 0.00 M M 7.7 15 360 M M 6 12 24 350
10 56 38 47 M 18 0 0.00 M M 7.3 15 350 M M 0 28 10
11 64 40 52 M 13 0 0.00 M M 5.3 9 160 M M 0 16 190
12 66 44 55 M 10 0 0.00 M M 6.2 10 130 M M 4 17 130
13 56 48 52 M 13 0 0.06 M M 8.3 12 70 M M 10 20 70
14 64 46 55 M 10 0 0.00 M M 8.3 13 110 M M 10 21 110
15 59 47 53 M 12 0 0.12 M M 5.4 12 120 M M 9 12 20 100
16 62 43 53 M 12 0 0.00 M M 6.7 13 340 M M 0 18 340
17 70 38 54 M 11 0 0.00 M M 5.3 9 260 M M 0 M M
18 66 48 57 M 8 0 0.00 M M 7.7 12 30 M M 0 17 30
19 64 41 53 M 12 0 0.00 0.0 M 6.4 10 130 M M 0 16 150
20 69 51 60 M 5 0 0.00 M M 7.0 10 130 M M 9 1 17 150
21 61 58 60 M 5 0 0.35 M M 5.4 10 130 M M 10 1 16 130
22 69 59 64 M 1 0 0.00 M M 2.9 7 120 M M 7 12 M M
23 67 60 64 M 1 0 0.16 M M 6.0 13 140 M M 10 12 20 140
24 70 50 60 M 5 0 0.96 M M 6.7 12 320 M M 5 1 26 160
25 55 38 47 M 18 0 0.00 M M 6.7 10 350 M M 0 18 310
26 57 36 47 M 18 0 0.00 M M 5.4 10 210 M M 1 17 200
27 61 36 49 M 16 0 0.00 M M 6.1 10 360 M M 0 18 360
28 57 37 47 M 18 0 0.00 M M 6.4 12 280 M M 1 18 280
29 57 33 45 M 20 0 0.00 M M 8.1 13 280 M M 0 21 290
30 67 37 52 M 13 0 0.00 M M 5.2 10 270 M M 0 M M
31 71 49 60 M 5 0 0.00 M M 6.3 12 190 M M 0 18 200
================================================================================
SM 2010 1420 296 2 1.65 0.0 198.2 M 95
================================================================================
AV 64.8 45.8 6.4 FASTST M M 3 MAX(MPH)
MISC ----> 16 210 28 10
================================================================================
NOTES:
# LAST OF SEVERAL OCCURRENCES
COLUMN 17 PEAK WIND IN M.P.H.
PRELIMINARY LOCAL CLIMATOLOGICAL DATA (WS FORM: F-6) , PAGE 2
STATION: LAGO VISTA
MONTH: DECEMBER
YEAR: 2023
LATITUDE: 30 30 N
LONGITUDE: 97 58 W
[TEMPERATURE DATA] [PRECIPITATION DATA] SYMBOLS USED IN COLUMN 16
AVERAGE MONTHLY: 55.3 TOTAL FOR MONTH: 1.65 1 = FOG OR MIST
DPTR FM NORMAL: 0.0 DPTR FM NORMAL: M 2 = FOG REDUCING VISIBILITY
HIGHEST: 73 ON 3 GRTST 24HR 0.96 ON 24-24 TO 1/4 MILE OR LESS
LOWEST: 33 ON 29 3 = THUNDER
SNOW, ICE PELLETS, HAIL 4 = ICE PELLETS
TOTAL MONTH: 0.0 INCH 5 = HAIL
GRTST 24HR 0.0 6 = FREEZING RAIN OR DRIZZLE
GRTST DEPTH: M ON M 7 = DUSTSTORM OR SANDSTORM:
VSBY 1/2 MILE OR LESS
8 = SMOKE OR HAZE
[NO. OF DAYS WITH] [WEATHER - DAYS WITH] 9 = BLOWING SNOW
X = TORNADO
MAX 32 OR BELOW: 0 0.01 INCH OR MORE: 5
MAX 90 OR ABOVE: 0 0.10 INCH OR MORE: 4
MIN 32 OR BELOW: 0 0.50 INCH OR MORE: 1
MIN 0 OR BELOW: 0 1.00 INCH OR MORE: 0
[HDD (BASE 65) ]
TOTAL THIS MO. 296 CLEAR (SCALE 0-3) 19
DPTR FM NORMAL M PTCLDY (SCALE 4-7) 6
TOTAL FM JUL 1 585 CLOUDY (SCALE 8-10) 6
DPTR FM NORMAL M
[CDD (BASE 65) ]
TOTAL THIS MO. 2
DPTR FM NORMAL M [PRESSURE DATA]
TOTAL FM JAN 1 3447 HIGHEST SLP M ON M
DPTR FM NORMAL M LOWEST SLP M ON M
[REMARKS]
#FINAL-12-23#