000
CXUS54 KEWX 011110
CF6SAT
PRELIMINARY LOCAL CLIMATOLOGICAL DATA (WS FORM: F-6)
STATION: SAN ANTONIO
MONTH: JANUARY
YEAR: 2022
LATITUDE: 29 31 N
LONGITUDE: 98 28 W
TEMPERATURE IN F: :PCPN: SNOW: WIND :SUNSHINE: SKY :PK WND
================================================================================
1 2 3 4 5 6A 6B 7 8 9 10 11 12 13 14 15 16 17 18
12Z AVG MX 2MIN
DY MAX MIN AVG DEP HDD CDD WTR SNW DPTH SPD SPD DIR MIN PSBL S-S WX SPD DR
================================================================================
1 79 47 63 11 2 0 0.00 0.0 0 8.2 26 340 M M 8 1 39 360
2 50 27 39 -13 26 0 0.00 0.0 0 15.3 33 340 M M 2 50 340
3 56 26 41 -11 24 0 0.00 0.0 0 5.1 12 190 M M 1 18 190
4 67 35 51 -1 14 0 0.00 0.0 0 7.8 21 200 M M 2 32 210
5 77 38 58 6 7 0 0.00 0.0 0 4.3 10 160 M M 1 16 230
6 68 36 52 0 13 0 0.00 0.0 0 10.3 21 10 M M 1 30 360
7 44 32 38 -14 27 0 T 0.0 0 7.1 15 10 M M 7 1 22 10
8 60 43 52 0 13 0 0.16 0.0 0 3.6 9 210 M M 10 12 14 220
9 69 48 59 7 6 0 0.00 0.0 0 11.0 24 10 M M 8 1 37 10
10 60 43 52 0 13 0 0.00 0.0 0 12.9 23 360 M M 7 31 20
11 49 37 43 -9 22 0 0.01 0.0 0 4.8 10 60 M M 8 15 30
12 63 40 52 0 13 0 0.00 0.0 0 2.8 12 230 M M 6 16 270
13 77 36 57 5 8 0 0.00 0.0 0 3.5 9 220 M M 1 14 230
14 77 37 57 5 8 0 0.00 0.0 0 7.7 18 200 M M 2 24 210
15 64 41 53 1 12 0 T 0.0 0 20.9 40 330 M M 3 56 340
16 65 31 48 -4 17 0 0.00 0.0 0 6.2 15 330 M M 0 21 270
17 70 32 51 -1 14 0 0.00 0.0 0 6.1 16 170 M M 2 23 160
18 75 41 58 6 7 0 T 0.0 0 8.3 18 190 M M 3 27 190
19 77 46 62 10 3 0 T 0.0 0 8.1 26 10 M M 6 1 38 340
20 46 32 39 -13 26 0 T 0.0 0 17.1 30 350 M M 9 6 43 350
21 53 32 43 -9 22 0 0.00 0.0 0 7.3 18 10 M M 6 26 10
22 56 32 44 -8 21 0 0.00 0.0 0 5.9 15 80 M M 6 21 90
23 56 47 52 0 13 0 0.00 0.0 0 4.1 10 210 M M 10 15 190
24 53 43 48 -5 17 0 0.02 0.0 0 2.3 8 100 M M 9 12 11 290
25 59 45 52 -1 13 0 0.00 0.0 0 8.2 16 40 M M 9 12 21 40
26 55 47 51 -2 14 0 T 0.0 0 8.1 14 60 M M 10 20 70
27 62 37 50 -3 15 0 T 0.0 0 4.5 12 40 M M 7 17 20
28 61 36 49 -4 16 0 0.01 0.0 0 11.2 23 360 M M 5 32 360
29 66 29 48 -5 17 0 0.00 0.0 0 6.5 15 230 M M 1 21 250
30 69 33 51 -3 14 0 T 0.0 0 7.2 16 160 M M 1 22 160
31 60 55 58 4 7 0 0.12 0.0 0 4.3 12 50 M M 9 1 16 40
================================================================================
SM 1943 1184 444 0 0.32 0.0 240.7 M 160
================================================================================
AV 62.7 38.2 7.8 FASTST M M 5 MAX(MPH)
MISC ----> 40 330 56 340
================================================================================
NOTES:
# LAST OF SEVERAL OCCURRENCES
COLUMN 17 PEAK WIND IN M.P.H.
PRELIMINARY LOCAL CLIMATOLOGICAL DATA (WS FORM: F-6) , PAGE 2
STATION: SAN ANTONIO
MONTH: JANUARY
YEAR: 2022
LATITUDE: 29 31 N
LONGITUDE: 98 28 W
[TEMPERATURE DATA] [PRECIPITATION DATA] SYMBOLS USED IN COLUMN 16
AVERAGE MONTHLY: 50.4 TOTAL FOR MONTH: 0.32 1 = FOG OR MIST
DPTR FM NORMAL: -1.8 DPTR FM NORMAL: -1.64 2 = FOG REDUCING VISIBILITY
HIGHEST: 79 ON 1 GRTST 24HR 4.22 ON 31-31 TO 1/4 MILE OR LESS
LOWEST: 26 ON 3 3 = THUNDER
SNOW, ICE PELLETS, HAIL 4 = ICE PELLETS
TOTAL MONTH: 0.0 INCH 5 = HAIL
GRTST 24HR 0.0 6 = FREEZING RAIN OR DRIZZLE
GRTST DEPTH: 0 7 = DUSTSTORM OR SANDSTORM:
VSBY 1/2 MILE OR LESS
8 = SMOKE OR HAZE
[NO. OF DAYS WITH] [WEATHER - DAYS WITH] 9 = BLOWING SNOW
X = TORNADO
MAX 32 OR BELOW: 0 0.01 INCH OR MORE: 5
MAX 90 OR ABOVE: 0 0.10 INCH OR MORE: 2
MIN 32 OR BELOW: 9 0.50 INCH OR MORE: 0
MIN 0 OR BELOW: 0 1.00 INCH OR MORE: 0
[HDD (BASE 65) ]
TOTAL THIS MO. 444 CLEAR (SCALE 0-3) 12
DPTR FM NORMAL 38 PTCLDY (SCALE 4-7) 11
TOTAL FM JUL 1 720 CLOUDY (SCALE 8-10) 8
DPTR FM NORMAL -278
[CDD (BASE 65) ]
TOTAL THIS MO. 0
DPTR FM NORMAL -7 [PRESSURE DATA]
TOTAL FM JAN 1 0 HIGHEST SLP 30.62 ON 10
DPTR FM NORMAL -7 LOWEST SLP 29.56 ON 1
[REMARKS]
#FINAL-01-22#