000
CXUS53 KMKX 010810
CF6SBM
PRELIMINARY LOCAL CLIMATOLOGICAL DATA (WS FORM: F-6)
STATION: SHEBOYGAN WI
MONTH: MAY
YEAR: 2023
LATITUDE: 43 46 N
LONGITUDE: 87 51 W
TEMPERATURE IN F: :PCPN: SNOW: WIND :SUNSHINE: SKY :PK WND
================================================================================
1 2 3 4 5 6A 6B 7 8 9 10 11 12 13 14 15 16 17 18
12Z AVG MX 2MIN
DY MAX MIN AVG DEP HDD CDD WTR SNW DPTH SPD SPD DIR MIN PSBL S-S WX SPD DR
================================================================================
1 45 34 40 -9 25 0 0.31 M M 17.1 30 310 M M 10 1 43 320
2 48 41 45 -4 20 0 T M M 17.3 25 340 M M 10 38 360
3 57 35 46 -3 19 0 0.00 M M 7.6 14 340 M M 6 20 360
4 61 36 49 -1 16 0 0.00 M M 6.0 17 150 M M 5 18 27 140
5 66 48 57 7 8 0 T M M 7.8 17 160 M M 7 28 170
6 60 50 55 5 10 0 0.01 M M 10.0 18 160 M M 9 27 160
7 73 46 60 9 5 0 0.04 M M 8.7 18 60 M M 7 1 23 40
8 55 44 50 -1 15 0 0.41 M M 6.6 15 40 M M 9 12 18 20
9 68 41 55 3 10 0 0.00 M M 4.5 12 310 M M 3 12 17 300
10 73 46 60 8 5 0 0.00 M M 5.2 14 160 M M 0 19 130
11 78 46 62 10 3 0 0.00 M M 5.5 17 170 M M 0 24 170
12 66 50 58 5 7 0 T M M 4.7 13 40 M M 6 16 40
13 67 56 62 9 3 0 0.01 M M 12.2 25 40 M M 9 36 40
14 58 41 50 -4 15 0 0.00 M M 9.6 25 40 M M 6 35 40
15 72 34 53 -1 12 0 0.00 M M 4.4 10 170 M M 0 8 15 170
16 77 44 61 7 4 0 0.00 M M 13.4 31 50 M M 0 37 50
17 54 36 45 -10 20 0 0.00 M M 7.9 17 50 M M 0 21 50
18 60 34 47 -8 18 0 0.00 M M 9.6 22 170 M M 1 32 170
19 66 48 57 2 8 0 0.05 M M 11.1 20 340 M M 5 18 29 310
20 74 47 61 5 4 0 0.00 M M 9.2 18 340 M M 0 30 340
21 79 45 62 6 3 0 0.00 0.0 0 6.7 15 300 M M 0 8 20 290
22 73 43 58 2 7 0 0.00 M M 4.4 14 140 M M 0 20 160
23 80 46 63 6 2 0 0.00 M M 3.9 13 150 M M 0 17 130
24 63 48 56 -1 9 0 0.00 M M 18.9 30 40 M M 3 40 30
25 61 38 50 -8 15 0 0.00 M M 5.8 14 50 M M 0 21 60
26 69 33 51 -7 14 0 0.00 M M 3.3 10 120 M M 0 15 110
27 75 35 55 -3 10 0 0.00 M M 3.4 13 170 M M 0 17 170
28 79 45 62 3 3 0 0.00 M M 3.6 10 50 M M 0 15 70
29 81 45 63 4 2 0 0.00 M M 3.5 12 70 M M 0 15 80
30 85 47 66 7 0 1 0.00 M M 3.5 13 140 M M 0 18 140
31 86 60 73 13 0 8 0.00 M M 4.9 18 170 M M 3 8 28 150
================================================================================
SM 2109 1342 292 9 0.83 0.0 240.3 M 99
================================================================================
AV 68.0 43.3 7.8 FASTST M M 3 MAX(MPH)
MISC ----> 31 50 43 320
================================================================================
NOTES:
# LAST OF SEVERAL OCCURRENCES
COLUMN 17 PEAK WIND IN M.P.H.
PRELIMINARY LOCAL CLIMATOLOGICAL DATA (WS FORM: F-6) , PAGE 2
STATION: SHEBOYGAN WI
MONTH: MAY
YEAR: 2023
LATITUDE: 43 46 N
LONGITUDE: 87 51 W
[TEMPERATURE DATA] [PRECIPITATION DATA] SYMBOLS USED IN COLUMN 16
AVERAGE MONTHLY: 55.7 TOTAL FOR MONTH: 0.83 1 = FOG OR MIST
DPTR FM NORMAL: 1.5 DPTR FM NORMAL: -2.52 2 = FOG REDUCING VISIBILITY
HIGHEST: 86 ON 31 GRTST 24HR 0.41 ON 8- 8 TO 1/4 MILE OR LESS
LOWEST: 33 ON 26 3 = THUNDER
SNOW, ICE PELLETS, HAIL 4 = ICE PELLETS
TOTAL MONTH: 0.0 INCH 5 = HAIL
GRTST 24HR 0.0 6 = FREEZING RAIN OR DRIZZLE
GRTST DEPTH: 0 7 = DUSTSTORM OR SANDSTORM:
VSBY 1/2 MILE OR LESS
8 = SMOKE OR HAZE
[NO. OF DAYS WITH] [WEATHER - DAYS WITH] 9 = BLOWING SNOW
X = TORNADO
MAX 32 OR BELOW: 0 0.01 INCH OR MORE: 6
MAX 90 OR ABOVE: 0 0.10 INCH OR MORE: 2
MIN 32 OR BELOW: 0 0.50 INCH OR MORE: 0
MIN 0 OR BELOW: 0 1.00 INCH OR MORE: 0
[HDD (BASE 65) ]
TOTAL THIS MO. 292 CLEAR (SCALE 0-3) 18
DPTR FM NORMAL -56 PTCLDY (SCALE 4-7) 8
TOTAL FM JUL 1 6635 CLOUDY (SCALE 8-10) 5
DPTR FM NORMAL -842
[CDD (BASE 65) ]
TOTAL THIS MO. 9
DPTR FM NORMAL -4 [PRESSURE DATA]
TOTAL FM JAN 1 20 HIGHEST SLP M ON M
DPTR FM NORMAL 7 LOWEST SLP 29.32 ON 1
[REMARKS]
#FINAL-05-23#