000
CXUS53 KMKX 010810
CF6SBM
PRELIMINARY LOCAL CLIMATOLOGICAL DATA (WS FORM: F-6)
STATION: SHEBOYGAN WI
MONTH: MARCH
YEAR: 2023
LATITUDE: 43 46 N
LONGITUDE: 87 51 W
TEMPERATURE IN F: :PCPN: SNOW: WIND :SUNSHINE: SKY :PK WND
================================================================================
1 2 3 4 5 6A 6B 7 8 9 10 11 12 13 14 15 16 17 18
12Z AVG MX 2MIN
DY MAX MIN AVG DEP HDD CDD WTR SNW DPTH SPD SPD DIR MIN PSBL S-S WX SPD DR
================================================================================
1 43 32 38 11 27 0 T M M 5.9 14 300 M M 9 1 21 290
2 36 23 30 3 35 0 0.00 0.0 M 6.7 18 350 M M 6 1 24 340
3 37 23 30 3 35 0 0.00 M M 7.8 18 30 M M 4 18 23 20
4 44 26 35 7 30 0 0.01 M M 6.7 14 280 M M 4 18 17 280
5 43 30 37 9 28 0 0.04 M M 6.6 13 90 M M 2 1 19 70
6 39 34 37 9 28 0 0.41 M M 10.2 23 40 M M 10 1 34 130
7 42 31 37 8 28 0 T M M 10.4 21 40 M M 2 28 50
8 41 26 34 5 31 0 0.00 M M 6.1 13 60 M M 2 16 100
9 38 33 36 6 29 0 0.07 M M 12.7 24 60 M M 10 1 32 60
10 35 27 31 1 34 0 0.32 M M 12.9 25 60 M M 10 128 35 50
11 34 27 31 1 34 0 0.03 M M 8.1 15 70 M M 10 1 19 60
12 34 28 31 0 34 0 0.11 M M 7.7 16 280 M M 10 1 21 280
13 31 14 23 -8 42 0 0.11 M M 11.6 23 30 M M 8 12 33 10
14 30 7 19 -12 46 0 0.00 M M 6.5 14 350 M M 0 18 19 320
15 40 2 21 -11 44 0 0.00 M M 8.9 20 180 M M 1 18 27 180
16 41 35 38 6 27 0 0.45 M M 6.5 12 180 M M 9 12 15 170
17 38 16 27 -6 38 0 0.03 M M 21.0 30 260 M M 9 12 46 290
18 25 11 18 -15 47 0 T M M 15.4 24 280 M M 8 8 36 310
19 37 17 27 -6 38 0 0.00 0.0 M 13.9 24 240 M M 0 34 250
20 44 32 38 4 27 0 0.00 M M 11.6 24 250 M M 2 34 240
21 44 30 37 3 28 0 0.00 M M 9.5 18 40 M M 3 1 24 50
22 50 36 43 9 22 0 0.00 M M 8.9 17 190 M M 9 18 21 310
23 43 28 36 1 29 0 0.10 M M 5.4 14 350 M M 6 1 20 320
24 40 27 34 -1 31 0 0.00 M M 7.3 15 40 M M 0 1 20 50
25 39 32 36 0 29 0 0.03 M M 14.2 25 320 M M 7 12 41 310
26 47 23 35 -1 30 0 0.00 M M 4.3 10 130 M M 1 14 150
27 45 29 37 1 28 0 0.00 M M 7.3 16 30 M M 0 25 10
28 44 28 36 -1 29 0 0.00 M M 8.4 20 250 M M 0 23 250
29 38 22 30 -7 35 0 T M M 10.3 22 310 M M 2 1 30 310
30 40 18 29 -8 36 0 0.06 M M 7.4 21 180 M M 5 26 180
31 47 40 44 6 21 0 1.28 M M 9.8 24 50 M M 10 123 31 40
================================================================================
SM 1229 787 1000 0 3.05 0.0 290.0 M 159
================================================================================
AV 39.6 25.4 9.4 FASTST M M 5 MAX(MPH)
MISC ----> 30 260 46 290
================================================================================
NOTES:
# LAST OF SEVERAL OCCURRENCES
COLUMN 17 PEAK WIND IN M.P.H.
PRELIMINARY LOCAL CLIMATOLOGICAL DATA (WS FORM: F-6) , PAGE 2
STATION: SHEBOYGAN WI
MONTH: MARCH
YEAR: 2023
LATITUDE: 43 46 N
LONGITUDE: 87 51 W
[TEMPERATURE DATA] [PRECIPITATION DATA] SYMBOLS USED IN COLUMN 16
AVERAGE MONTHLY: 32.5 TOTAL FOR MONTH: 3.05 1 = FOG OR MIST
DPTR FM NORMAL: 0.4 DPTR FM NORMAL: 1.40 2 = FOG REDUCING VISIBILITY
HIGHEST: 50 ON 22 GRTST 24HR 1.28 ON 30-31 TO 1/4 MILE OR LESS
LOWEST: 2 ON 15 3 = THUNDER
SNOW, ICE PELLETS, HAIL 4 = ICE PELLETS
TOTAL MONTH: 0.0 INCH 5 = HAIL
GRTST 24HR 0.0 6 = FREEZING RAIN OR DRIZZLE
GRTST DEPTH: M ON M 7 = DUSTSTORM OR SANDSTORM:
VSBY 1/2 MILE OR LESS
8 = SMOKE OR HAZE
[NO. OF DAYS WITH] [WEATHER - DAYS WITH] 9 = BLOWING SNOW
X = TORNADO
MAX 32 OR BELOW: 3 0.01 INCH OR MORE: 14
MAX 90 OR ABOVE: 0 0.10 INCH OR MORE: 7
MIN 32 OR BELOW: 26 0.50 INCH OR MORE: 1
MIN 0 OR BELOW: 0 1.00 INCH OR MORE: 1
[HDD (BASE 65) ]
TOTAL THIS MO. 1000 CLEAR (SCALE 0-3) 12
DPTR FM NORMAL -18 PTCLDY (SCALE 4-7) 8
TOTAL FM JUL 1 5780 CLOUDY (SCALE 8-10) 11
DPTR FM NORMAL -690
[CDD (BASE 65) ]
TOTAL THIS MO. 0
DPTR FM NORMAL 0 [PRESSURE DATA]
TOTAL FM JAN 1 0 HIGHEST SLP M ON M
DPTR FM NORMAL 0 LOWEST SLP 29.15 ON 31
[REMARKS]
#FINAL-03-23#