000
CXUS53 KIWX 010810
CF6SBN
PRELIMINARY LOCAL CLIMATOLOGICAL DATA (WS FORM: F-6)
STATION: SOUTH BEND
MONTH: JULY
YEAR: 2023
LATITUDE: 41 42 N
LONGITUDE: 86 19 W
TEMPERATURE IN F: :PCPN: SNOW: WIND :SUNSHINE: SKY :PK WND
================================================================================
1 2 3 4 5 6A 6B 7 8 9 10 11 12 13 14 15 16 17 18
12Z AVG MX 2MIN
DY MAX MIN AVG DEP HDD CDD WTR SNW DPTH SPD SPD DIR MIN PSBL S-S WX SPD DR
================================================================================
1 82 67 75 3 0 10 0.03 0.0 0 3.9 14 220 M M 4 18 18 220
2 83 67 75 3 0 10 0.59 0.0 0 5.4 29 240 M M 8 1238 44 240
3 82 65 74 2 0 9 0.00 0.0 0 6.4 16 290 M M 4 128 21 310
4 90 60 75 3 0 10 0.00 0.0 0 2.9 10 210 M M 0 128 15 210
5 91 69 80 8 0 15 0.41 0.0 0 7.5 51 200 M M 2 138 80 220
6 78 64 71 -1 0 6 T 0.0 0 6.9 16 320 M M 4 18 20 310
7 83 59 71 -1 0 6 T 0.0 0 5.1 13 230 M M 3 18 200
8 73 58 66 -7 0 1 0.28 0.0 0 7.5 18 160 M M 6 1 24 170
9 82 54 68 -5 0 3 0.00 0.0 0 3.2 16 340 M M 1 12 21 330
10 84 60 72 -1 0 7 0.00 0.0 0 6.5 17 210 M M 0 30 210
11 87 64 76 3 0 11 0.10 0.0 0 9.2 24 280 M M 2 13 37 270
12 78 60 69 -4 0 4 0.43 0.0 0 9.4 24 260 M M 6 13 35 280
13 78 63 71 -2 0 6 0.00 0.0 0 4.7 17 290 M M 5 22 290
14 89 63 76 3 0 11 0.00 0.0 0 8.0 23 300 M M 1 38 34 300
15 83 68 76 3 0 11 0.48 0.0 0 6.1 18 280 M M 4 13 27 270
16 80 63 72 -1 0 7 0.00 0.0 0 6.0 16 270 M M 0 18 23 270
17 78 59 69 -4 0 4 0.00 0.0 0 7.0 16 330 M M 0 18 23 330
18 80 55 68 -5 0 3 0.00 0.0 0 3.7 14 350 M M 1 20 330
19 84 58 71 -1 0 6 0.00 0.0 0 4.4 14 200 M M 1 18 130
20 87 64 76 4 0 11 0.85 0.0 0 12.2 25 230 M M 3 138 34 240
21 78 60 69 -3 0 4 0.00 0.0 0 7.3 16 320 M M 3 1 22 300
22 84 57 71 -1 0 6 0.00 0.0 0 3.3 13 230 M M 1 17 280
23 81 63 72 0 0 7 0.11 0.0 0 4.4 14 300 M M 4 13 21 300
24 85 60 73 1 0 8 0.00 0.0 0 4.0 14 320 M M 0 18 20 310
25 88 61 75 3 0 10 0.00 0.0 0 3.9 13 170 M M 0 18 16 170
26 86 70 78 6 0 13 1.06 0.0 0 8.9 30 330 M M 4 138 40 320
27 92 67 80 8 0 15 0.00 0.0 0 3.3 10 150 M M 0 128 14 170
28 91 70 81 9 0 16 1.78 0.0 0 8.5 36 320 M M 4 13 49 330
29 81 63 72 0 0 7 1.69 0.0 0 8.5 29 330 M M 5 13 41 320
30 81 60 71 -1 0 6 0.00 0.0 0 4.6 18 340 M M 2 24 350
31 80 55 68 -4 0 3 0.00 0.0 0 2.4 10 290 M M 1 15 330
================================================================================
SM 2579 1926 0 246 7.81 0.0 185.1 M 79
================================================================================
AV 83.2 62.1 6.0 FASTST M M 3 MAX(MPH)
MISC ----> 51 200 80 220
================================================================================
NOTES:
# LAST OF SEVERAL OCCURRENCES
COLUMN 17 PEAK WIND IN M.P.H.
PRELIMINARY LOCAL CLIMATOLOGICAL DATA (WS FORM: F-6) , PAGE 2
STATION: SOUTH BEND
MONTH: JULY
YEAR: 2023
LATITUDE: 41 42 N
LONGITUDE: 86 19 W
[TEMPERATURE DATA] [PRECIPITATION DATA] SYMBOLS USED IN COLUMN 16
AVERAGE MONTHLY: 72.7 TOTAL FOR MONTH: 7.81 1 = FOG OR MIST
DPTR FM NORMAL: 0.3 DPTR FM NORMAL: 4.03 2 = FOG REDUCING VISIBILITY
HIGHEST: 92 ON 27 GRTST 24HR 3.47 ON 28-29 TO 1/4 MILE OR LESS
LOWEST: 54 ON 9 3 = THUNDER
SNOW, ICE PELLETS, HAIL 4 = ICE PELLETS
TOTAL MONTH: 0.0 INCH 5 = HAIL
GRTST 24HR 0.0 6 = FREEZING RAIN OR DRIZZLE
GRTST DEPTH: 0 7 = DUSTSTORM OR SANDSTORM:
VSBY 1/2 MILE OR LESS
8 = SMOKE OR HAZE
[NO. OF DAYS WITH] [WEATHER - DAYS WITH] 9 = BLOWING SNOW
X = TORNADO
MAX 32 OR BELOW: 0 0.01 INCH OR MORE: 12
MAX 90 OR ABOVE: 4 0.10 INCH OR MORE: 11
MIN 32 OR BELOW: 0 0.50 INCH OR MORE: 5
MIN 0 OR BELOW: 0 1.00 INCH OR MORE: 3
[HDD (BASE 65) ]
TOTAL THIS MO. 0 CLEAR (SCALE 0-3) 17
DPTR FM NORMAL -7 PTCLDY (SCALE 4-7) 14
TOTAL FM JUL 1 0 CLOUDY (SCALE 8-10) 0
DPTR FM NORMAL 0
[CDD (BASE 65) ]
TOTAL THIS MO. 246
DPTR FM NORMAL 10 [PRESSURE DATA]
TOTAL FM JAN 1 464 HIGHEST SLP 30.19 ON 31
DPTR FM NORMAL 16 LOWEST SLP 29.65 ON 12
[REMARKS]
#FINAL-07-23#