000
CXUS56 KSTO 051715
CF6SCK
PRELIMINARY LOCAL CLIMATOLOGICAL DATA (WS FORM: F-6)
STATION: STOCKTON AIRPORT CA
MONTH: JANUARY
YEAR: 2024
LATITUDE: 37 54 N
LONGITUDE: 121 15 W
TEMPERATURE IN F: :PCPN: SNOW: WIND :SUNSHINE: SKY :PK WND
================================================================================
1 2 3 4 5 6A 6B 7 8 9 10 11 12 13 14 15 16 17 18
12Z AVG MX 2MIN
DY MAX MIN AVG DEP HDD CDD WTR SNW DPTH SPD SPD DIR MIN PSBL S-S WX SPD DR
================================================================================
1 61 45 53 6 12 0 0.00 M M 5.4 10 290 M M 4 128 13 290
2 53 43 48 1 17 0 0.51 M M 10.0 21 150 M M 8 12 25 140
3 54 42 48 1 17 0 0.06 M M 5.2 10 150 M M 6 18 12 340
4 60 39 50 3 15 0 0.00 M M 6.0 16 320 M M 0 18 20 300
5 61 39 50 3 15 0 0.00 M M 6.1 16 330 M M 1 1 20 320
6 50 39 45 -2 20 0 0.15 M M 8.4 18 130 M M 3 1 23 140
7 55 33 44 -3 21 0 0.00 M M 8.5 20 320 M M 0 25 330
8 58 32 45 -2 20 0 0.00 M M 4.6 10 300 M M 1 13 310
9 56 40 48 1 17 0 T M M 8.0 17 140 M M 9 21 140
10 54 36 45 -2 20 0 0.09 0.0 M 9.5 23 290 M M 8 1 30 270
11 55 34 45 -3 20 0 0.00 0.0 M 6.6 16 320 M M 0 23 320
12 55 33 44 -4 21 0 0.00 M M 3.9 9 90 M M 2 12 80
13 49 44 47 -1 18 0 0.39 M M 9.7 20 140 M M 10 1 25 140
14 62 45 54 6 11 0 T M M 8.1 17 140 M M 6 18 22 140
15 57 48 53 5 12 0 0.00 M M 4.1 9 130 M M 9 1 13 270
16 54 48 51 3 14 0 0.38 M M 6.5 14 140 M M 10 18 19 140
17 63 44 54 6 11 0 0.02 M M 5.8 16 150 M M 4 18 20 150
18 58 40 49 1 16 0 0.00 M M 3.3 10 90 M M 0 12 14 80
19 57 46 52 4 13 0 0.05 M M 5.8 20 150 M M 7 128 24 150
20 64 54 59 11 6 0 0.35 M M 12.8 22 160 M M 8 1 27 140
21 64 53 59 11 6 0 0.35 M M 13.4 23 150 M M 8 1 27 150
22 61 53 57 9 8 0 1.06 M M 7.7 24 130 M M 9 1 29 130
23 63 50 57 8 8 0 T M M 6.0 14 290 M M 6 18 20 360
24 59 52 56 7 9 0 0.30 M M 9.6 22 140 M M 10 18 27 140
25 63 44 54 5 11 0 0.00 0.0 M 5.2 14 290 M M 2 1 16 300
26 63 47 55 6 10 0 0.00 0.0 M 1.2 7 300 M M 3 1 9 260
27 64 47 56 7 9 0 0.00 0.0 M 1.8 8 270 M M 0 1 9 50
28 67 46 57 8 8 0 0.00 M M 2.1 7 80 M M 0 1 9 90
29 75 45 60 11 5 0 0.00 M M 2.8 12 260 M M 0 128 13 140
30 74 49 62 12 3 0 0.00 M M 5.4 13 150 M M 2 128 17 150
31 61 52 57 7 8 0 0.25 M M 13.4 38 140 M M 6 18 47 140
================================================================================
SM 1850 1362 401 0 3.96 0.0 206.9 M 142
================================================================================
AV 59.7 43.9 6.7 FASTST M M 5 MAX(MPH)
MISC ----> 38 140 47 140
================================================================================
NOTES:
# LAST OF SEVERAL OCCURRENCES
COLUMN 17 PEAK WIND IN M.P.H.
PRELIMINARY LOCAL CLIMATOLOGICAL DATA (WS FORM: F-6) , PAGE 2
STATION: STOCKTON AIRPORT CA
MONTH: JANUARY
YEAR: 2024
LATITUDE: 37 54 N
LONGITUDE: 121 15 W
[TEMPERATURE DATA] [PRECIPITATION DATA] SYMBOLS USED IN COLUMN 16
AVERAGE MONTHLY: 51.8 TOTAL FOR MONTH: 3.96 1 = FOG OR MIST
DPTR FM NORMAL: 3.8 DPTR FM NORMAL: 1.29 2 = FOG REDUCING VISIBILITY
HIGHEST: 75 ON 29 GRTST 24HR 1.06 ON 22-22 TO 1/4 MILE OR LESS
LOWEST: 32 ON 8 3 = THUNDER
SNOW, ICE PELLETS, HAIL 4 = ICE PELLETS
TOTAL MONTH: 0.0 INCH 5 = HAIL
GRTST 24HR 0.0 6 = FREEZING RAIN OR DRIZZLE
GRTST DEPTH: M ON M 7 = DUSTSTORM OR SANDSTORM:
VSBY 1/2 MILE OR LESS
8 = SMOKE OR HAZE
[NO. OF DAYS WITH] [WEATHER - DAYS WITH] 9 = BLOWING SNOW
X = TORNADO
MAX 32 OR BELOW: 0 0.01 INCH OR MORE: 13
MAX 90 OR ABOVE: 0 0.10 INCH OR MORE: 9
MIN 32 OR BELOW: 1 0.50 INCH OR MORE: 2
MIN 0 OR BELOW: 0 1.00 INCH OR MORE: 1
[HDD (BASE 65) ]
TOTAL THIS MO. 401 CLEAR (SCALE 0-3) 13
DPTR FM NORMAL -124 PTCLDY (SCALE 4-7) 11
TOTAL FM JUL 1 1159 CLOUDY (SCALE 8-10) 7
DPTR FM NORMAL -280
[CDD (BASE 65) ]
TOTAL THIS MO. 0
DPTR FM NORMAL 0 [PRESSURE DATA]
TOTAL FM JAN 1 0 HIGHEST SLP 30.39 ON 9
DPTR FM NORMAL 0 LOWEST SLP 29.61 ON 31
[REMARKS]
#FINAL-01-24#