000
CXUS56 KLOX 011155
CF6SDB
PRELIMINARY LOCAL CLIMATOLOGICAL DATA (WS FORM: F-6)
STATION: SANDBERG CA
MONTH: JUNE
YEAR: 2023
LATITUDE: 34 45 N
LONGITUDE: 118 44 W
TEMPERATURE IN F: :PCPN: SNOW: WIND :SUNSHINE: SKY :PK WND
================================================================================
1 2 3 4 5 6A 6B 7 8 9 10 11 12 13 14 15 16 17 18
12Z AVG MX 2MIN
DY MAX MIN AVG DEP HDD CDD WTR SNW DPTH SPD SPD DIR MIN PSBL S-S WX SPD DR
================================================================================
1 64 46 55 -9 10 0 0.00 M M 11.9 20 310 M M 10 128 26 200
2 71 52 62 -2 3 0 0.00 M M 11.1 25 330 M M 0 37 340
3 82 57 70 5 0 5 0.00 M M 12.2 23 320 M M 0 33 320
4 82 59 71 6 0 6 0.00 M M 11.9 23 160 M M 0 34 150
5 66 44 55 -10 10 0 0.00 M M 13.8 24 170 M M 4 128 37 160
6 54 42 48 -18 17 0 T M M 15.0 22 170 M M 8 128 32 160
7 61 45 53 -13 12 0 0.00 M M 12.5 21 320 M M 7 12 29 180
8 69 49 59 -7 6 0 0.00 M M 11.3 21 310 M M 2 8 26 200
9 72 53 63 -3 2 0 0.00 M M 11.1 24 320 M M M 18 32 330
10 68 51 60 -7 5 0 0.00 M M 9.9 21 330 M M 2 128 29 320
11 53 48 51 -16 14 0 T M M 12.6 23 170 M M 10 12 33 160
12 62 47 55 -13 10 0 0.00 M M 11.9 18 170 M M 5 128 28 170
13 72 53 63 -5 2 0 0.00 M M 12.8 25 310 M M 0 39 330
14 74 56 65 -3 0 0 0.00 M M 9.9 21 330 M M 0 28 330
15 72 50 61 -7 4 0 0.00 M M 8.6 15 300 M M 5 128 23 310
16 81 59 70 1 0 5 0.00 M M 12.0 18 320 M M 0 36 300
17 85 64 75 6 0 10 0.00 M M 11.6 24 320 M M 0 32 320
18 75 54 65 -5 0 0 0.00 M M 11.6 17 290 M M 0 1 27 160
19 65 49 57 -13 8 0 0.00 M M 10.6 23 320 M M 2 12 33 320
20 63 44 54 -16 11 0 0.00 M M 25.0 31 320 M M 0 50 330
21 69 49 59 -11 6 0 0.00 M M M M M M M M M M
22 67 48 58 -13 7 0 0.00 M M 16.4 23 150 M M 0 40 170
23 70 43 57 -14 8 0 0.00 M M 8.4 16 330 M M 0 24 330
24 75 49 62 -10 3 0 0.00 M M 11.8 23 170 M M 0 32 160
25 73 51 62 -10 3 0 0.00 M M 10.3 22 320 M M 0 30 330
26 73 53 63 -9 2 0 0.00 M M 18.5 26 320 M M 0 38 320
27 80 55 68 -4 0 3 0.00 M M 11.8 30 320 M M 0 38 320
28 77 57 67 -6 0 2 0.00 M M 13.0 26 320 M M 0 38 320
29 89 61 75 2 0 10 0.00 M M 12.9 26 330 M M 0 37 320
30 95 71 83 10 0 18 0.00 M M 13.4 21 320 M M 0 31 330
================================================================================
SM 2159 1559 143 59 T M 363.8 M 55
================================================================================
AV 72.0 52.0 12.5 FASTST M M 2 MAX(MPH)
MISC ----> 31 320 50 330
================================================================================
NOTES:
# LAST OF SEVERAL OCCURRENCES
COLUMN 17 PEAK WIND IN M.P.H.
PRELIMINARY LOCAL CLIMATOLOGICAL DATA (WS FORM: F-6) , PAGE 2
STATION: SANDBERG CA
MONTH: JUNE
YEAR: 2023
LATITUDE: 34 45 N
LONGITUDE: 118 44 W
[TEMPERATURE DATA] [PRECIPITATION DATA] SYMBOLS USED IN COLUMN 16
AVERAGE MONTHLY: 62.0 TOTAL FOR MONTH: T 1 = FOG OR MIST
DPTR FM NORMAL: -6.7 DPTR FM NORMAL: -0.08 2 = FOG REDUCING VISIBILITY
HIGHEST: 95 ON 30 GRTST 24HR T ON 11-11 TO 1/4 MILE OR LESS
LOWEST: 42 ON 6 3 = THUNDER
SNOW, ICE PELLETS, HAIL 4 = ICE PELLETS
TOTAL MONTH: M 5 = HAIL
GRTST 24HR M ON M 6 = FREEZING RAIN OR DRIZZLE
GRTST DEPTH: M ON M 7 = DUSTSTORM OR SANDSTORM:
VSBY 1/2 MILE OR LESS
8 = SMOKE OR HAZE
[NO. OF DAYS WITH] [WEATHER - DAYS WITH] 9 = BLOWING SNOW
X = TORNADO
MAX 32 OR BELOW: 0 0.01 INCH OR MORE: 0
MAX 90 OR ABOVE: 1 0.10 INCH OR MORE: 0
MIN 32 OR BELOW: 0 0.50 INCH OR MORE: 0
MIN 0 OR BELOW: 0 1.00 INCH OR MORE: 0
[HDD (BASE 65) ]
TOTAL THIS MO. 143 CLEAR (SCALE 0-3) 21
DPTR FM NORMAL 77 PTCLDY (SCALE 4-7) 4
TOTAL FM JUL 1 4015 CLOUDY (SCALE 8-10) 5
DPTR FM NORMAL 442
[CDD (BASE 65) ]
TOTAL THIS MO. 59
DPTR FM NORMAL -118 [PRESSURE DATA]
TOTAL FM JAN 1 155 HIGHEST SLP 30.03 ON 23
DPTR FM NORMAL -88 LOWEST SLP 29.81 ON 28
[REMARKS]
#FINAL-06-23#