000
CXUS53 KLMK 010810
CF6SDF
PRELIMINARY LOCAL CLIMATOLOGICAL DATA (WS FORM: F-6)
STATION: LOUISVILLE KY
MONTH: FEBRUARY
YEAR: 2021
LATITUDE: 38 10 N
LONGITUDE: 85 44 W
TEMPERATURE IN F: :PCPN: SNOW: WIND :SUNSHINE: SKY :PK WND
================================================================================
1 2 3 4 5 6A 6B 7 8 9 10 11 12 13 14 15 16 17 18
12Z AVG MX 2MIN
DY MAX MIN AVG DEP HDD CDD WTR SNW DPTH SPD SPD DIR MIN PSBL S-S WX SPD DR
================================================================================
1 34 30 32 -4 33 0 0.07 0.7 1 12.9 20 330 M M 10 1 26 320
2 39 24 32 -4 33 0 0.00 0.0 1 11.6 20 320 M M 5 29 310
3 43 27 35 -1 30 0 0.00 0.0 0 5.1 12 300 M M 6 16 300
4 45 30 38 2 27 0 0.38 T 0 9.8 31 280 M M 10 14 41 280
5 44 29 37 0 28 0 T T 0 14.0 26 240 M M 6 34 240
6 44 27 36 -1 29 0 0.01 0.2 0 6.2 13 310 M M 7 1 17 250
7 30 20 25 -12 40 0 0.03 0.5 T 8.9 21 360 M M 7 1 26 10
8 40 19 30 -7 35 0 T T 0 3.5 13 350 M M 7 4 15 350
9 36 30 33 -4 32 0 0.03 0.7 T 7.5 15 340 M M 10 148 20 350
10 32 26 29 -9 36 0 0.85 0.9 T 9.4 16 360 M M 10 1468 27 10
11 29 23 26 -12 39 0 0.05 0.2 1 10.1 17 30 M M 10 146 23 30
12 30 22 26 -12 39 0 T T 1 9.1 16 360 M M 10 16 22 10
13 31 26 29 -9 36 0 T T 0 7.4 13 340 M M 10 18 17 20
14 28 17 23 -15 42 0 T T 0 12.1 18 360 M M 10 6 24 360
15 23 17 20 -19 45 0 0.46 4.9 1 11.6 20 30 M M 10 12468 25 30
16 18 10 14 -25 51 0 0.03 0.6 4 8.3 15 250 M M 9 19 19 280
17 26 10 18 -21 47 0 0.06 0.9 4 6.6 14 110 M M 9 1 22 40
18 32 23 28 -12 37 0 0.11 1.7 5 7.4 14 330 M M 10 1 20 30
19 32 13 23 -17 42 0 T T 5 6.9 16 290 M M 4 18 19 290
20 35 12 24 -16 41 0 0.00 0.0 4 4.5 12 140 M M 2 18 16 110
21 50 21 36 -4 29 0 T 0.0 2 6.9 21 180 M M 6 29 180
22 50 40 45 4 20 0 0.03 0.0 T 13.4 33 230 M M 8 1 47 250
23 62 40 51 10 14 0 0.00 0.0 0 9.8 20 270 M M 1 8 26 270
24 68 41 55 14 10 0 T 0.0 0 12.1 24 230 M M 7 34 230
25 53 33 43 1 22 0 0.00 0.0 0 8.4 14 20 M M 5 18 20 360
26 45 38 42 0 23 0 0.05 T 0 8.3 14 100 M M 10 14 20 80
27 57 43 50 8 15 0 0.15 0.0 0 5.8 13 300 M M 10 1 19 300
28 67 53 60 18 5 0 3.54 0.0 0 8.3 21 290 M M 10 13 30 290
================================================================================
SM 1123 744 880 0 5.85 11.3 245.9 M 219
================================================================================
AV 40.1 26.6 8.8 FASTST M M 8 MAX(MPH)
MISC ----> 33 230 47 250
================================================================================
NOTES:
# LAST OF SEVERAL OCCURRENCES
COLUMN 17 PEAK WIND IN M.P.H.
PRELIMINARY LOCAL CLIMATOLOGICAL DATA (WS FORM: F-6) , PAGE 2
STATION: LOUISVILLE KY
MONTH: FEBRUARY
YEAR: 2021
LATITUDE: 38 10 N
LONGITUDE: 85 44 W
[TEMPERATURE DATA] [PRECIPITATION DATA] SYMBOLS USED IN COLUMN 16
AVERAGE MONTHLY: 33.3 TOTAL FOR MONTH: 5.85 1 = FOG OR MIST
DPTR FM NORMAL: -5.5 DPTR FM NORMAL: 2.67 2 = FOG REDUCING VISIBILITY
HIGHEST: 68 ON 24 GRTST 24HR 3.59 ON 27-28 TO 1/4 MILE OR LESS
LOWEST: 10 ON 17,16 3 = THUNDER
SNOW, ICE PELLETS, HAIL 4 = ICE PELLETS
TOTAL MONTH: 11.3 INCHES 5 = HAIL
GRTST 24HR 4.9 ON 15-15 6 = FREEZING RAIN OR DRIZZLE
GRTST DEPTH: 5 ON 19,18 7 = DUSTSTORM OR SANDSTORM:
VSBY 1/2 MILE OR LESS
8 = SMOKE OR HAZE
[NO. OF DAYS WITH] [WEATHER - DAYS WITH] 9 = BLOWING SNOW
X = TORNADO
MAX 32 OR BELOW: 11 0.01 INCH OR MORE: 15
MAX 90 OR ABOVE: 0 0.10 INCH OR MORE: 6
MIN 32 OR BELOW: 21 0.50 INCH OR MORE: 2
MIN 0 OR BELOW: 0 1.00 INCH OR MORE: 1
[HDD (BASE 65) ]
TOTAL THIS MO. 880 CLEAR (SCALE 0-3) 2
DPTR FM NORMAL 148 PTCLDY (SCALE 4-7) 11
TOTAL FM JUL 1 3107 CLOUDY (SCALE 8-10) 15
DPTR FM NORMAL -133
[CDD (BASE 65) ]
TOTAL THIS MO. 0
DPTR FM NORMAL 0 [PRESSURE DATA]
TOTAL FM JAN 1 0 HIGHEST SLP 30.48 ON 20
DPTR FM NORMAL 0 LOWEST SLP 29.55 ON 4
[REMARKS]
#FINAL-02-21#