000
CXUS53 KLMK 020137
CF6SDF
PRELIMINARY LOCAL CLIMATOLOGICAL DATA (WS FORM: F-6)
STATION: LOUISVILLE KY
MONTH: MARCH
YEAR: 2020
LATITUDE: 38 10 N
LONGITUDE: 85 44 W
TEMPERATURE IN F: :PCPN: SNOW: WIND :SUNSHINE: SKY :PK WND
================================================================================
1 2 3 4 5 6A 6B 7 8 9 10 11 12 13 14 15 16 17 18
12Z AVG MX 2MIN
DY MAX MIN AVG DEP HDD CDD WTR SNW DPTH SPD SPD DIR MIN PSBL S-S WX SPD DR
================================================================================
1 69 27 48 5 17 0 0.03 0.0 0 11.1 26 200 M M 6 39 210
2 62 50 56 13 9 0 0.49 0.0 0 10.9 24 200 M M 9 1 37 210
3 62 47 55 11 10 0 0.27 0.0 0 12.9 28 260 M M 6 13 39 260
4 68 38 53 9 12 0 0.00 0.0 0 10.1 26 280 M M 5 35 250
5 64 39 52 8 13 0 0.00 0.0 0 6.8 21 280 M M 8 26 270
6 51 34 43 -1 22 0 T T 0 15.9 30 290 M M 8 42 280
7 53 28 41 -4 24 0 0.00 0.0 0 4.6 13 350 M M 1 16 350
8 68 32 50 5 15 0 0.00 0.0 0 8.3 22 180 M M 3 29 190
9 67 53 60 14 5 0 T 0.0 0 14.5 28 190 M M 9 39 180
10 63 47 55 9 10 0 0.32 0.0 0 11.7 24 200 M M 10 1 35 180
11 59 46 53 7 12 0 T 0.0 0 4.9 12 230 M M 8 15 270
12 66 43 55 9 10 0 0.99 0.0 0 5.3 18 330 M M 8 13 24 320
13 64 46 55 8 10 0 0.00 0.0 0 9.9 24 300 M M 8 35 320
14 48 39 44 -3 21 0 0.58 0.0 0 9.6 17 80 M M 10 1 23 70
15 45 37 41 -7 24 0 T 0.0 0 8.8 16 360 M M 10 1 21 10
16 49 43 46 -2 19 0 0.01 0.0 0 5.0 14 150 M M 10 16 150
17 59 45 52 4 13 0 0.04 0.0 0 5.9 12 350 M M 7 1 16 10
18 66 44 55 7 10 0 0.64 0.0 0 8.4 20 240 M M 9 1 33 240
19 73 61 67 18 0 2 0.58 0.0 0 9.0 21 190 M M 10 1 31 190
20 76 44 60 11 5 0 0.07 0.0 0 16.1 25 360 M M 10 3 37 180
21 44 34 39 -11 26 0 0.00 0.0 0 9.4 20 10 M M 8 27 30
22 50 33 42 -8 23 0 0.01 0.0 0 7.9 15 110 M M 7 1 20 40
23 63 45 54 4 11 0 0.01 0.0 0 6.1 18 320 M M 7 1 23 310
24 58 43 51 1 14 0 0.40 0.0 0 8.4 22 10 M M 10 1 28 360
25 65 42 54 3 11 0 0.00 0.0 0 6.0 15 360 M M 6 18 20 350
26 79 45 62 11 3 0 0.00 0.0 0 8.2 22 200 M M 7 31 210
27 81 58 70 18 0 5 T 0.0 0 7.5 20 10 M M 9 27 10
28 84 66 75 23 0 10 0.24 0.0 0 12.3 37 270 M M 8 13 49 270
29 71 58 65 13 0 0 0.01 0.0 0 18.2 33 250 M M 4 47 270
30 66 47 57 4 8 0 0.00 0.0 0 9.6 20 290 M M 6 29 280
31 56 44 50 -3 15 0 T 0.0 0 9.5 21 360 M M 10 8 29 40
================================================================================
SM 1949 1358 372 17 4.69 T 292.8 M 237
================================================================================
AV 62.9 43.8 9.4 FASTST M M 8 MAX(MPH)
MISC ----> # 37 270 # 49 270
================================================================================
NOTES:
# LAST OF SEVERAL OCCURRENCES
COLUMN 17 PEAK WIND IN M.P.H.
PRELIMINARY LOCAL CLIMATOLOGICAL DATA (WS FORM: F-6) , PAGE 2
STATION: LOUISVILLE KY
MONTH: MARCH
YEAR: 2020
LATITUDE: 38 10 N
LONGITUDE: 85 44 W
[TEMPERATURE DATA] [PRECIPITATION DATA] SYMBOLS USED IN COLUMN 16
AVERAGE MONTHLY: 53.3 TOTAL FOR MONTH: 4.69 1 = FOG OR MIST
DPTR FM NORMAL: 5.5 DPTR FM NORMAL: 0.52 2 = FOG REDUCING VISIBILITY
HIGHEST: 84 ON 28 GRTST 24HR 0.99 ON 12-12 TO 1/4 MILE OR LESS
LOWEST: 27 ON 1 3 = THUNDER
SNOW, ICE PELLETS, HAIL 4 = ICE PELLETS
TOTAL MONTH: T 5 = HAIL
GRTST 24HR T ON 6- 6 6 = FREEZING RAIN OR DRIZZLE
GRTST DEPTH: 0 7 = DUSTSTORM OR SANDSTORM:
VSBY 1/2 MILE OR LESS
8 = SMOKE OR HAZE
[NO. OF DAYS WITH] [WEATHER - DAYS WITH] 9 = BLOWING SNOW
X = TORNADO
MAX 32 OR BELOW: 0 0.01 INCH OR MORE: 16
MAX 90 OR ABOVE: 0 0.10 INCH OR MORE: 9
MIN 32 OR BELOW: 3 0.50 INCH OR MORE: 4
MIN 0 OR BELOW: 0 1.00 INCH OR MORE: 0
[HDD (BASE 65) ]
TOTAL THIS MO. 372 CLEAR (SCALE 0-3) 2
DPTR FM NORMAL -166 PTCLDY (SCALE 4-7) 15
TOTAL FM JUL 1 3255 CLOUDY (SCALE 8-10) 14
DPTR FM NORMAL -524
[CDD (BASE 65) ]
TOTAL THIS MO. 17
DPTR FM NORMAL 11 [PRESSURE DATA]
TOTAL FM JAN 1 17 HIGHEST SLP 30.62 ON 7
DPTR FM NORMAL 11 LOWEST SLP 29.58 ON 3
[REMARKS]
#FINAL-03-20#