000
CXUS53 KLMK 010810
CF6SDF
PRELIMINARY LOCAL CLIMATOLOGICAL DATA (WS FORM: F-6)
STATION: LOUISVILLE KY
MONTH: NOVEMBER
YEAR: 2023
LATITUDE: 38 10 N
LONGITUDE: 85 44 W
TEMPERATURE IN F: :PCPN: SNOW: WIND :SUNSHINE: SKY :PK WND
================================================================================
1 2 3 4 5 6A 6B 7 8 9 10 11 12 13 14 15 16 17 18
12Z AVG MX 2MIN
DY MAX MIN AVG DEP HDD CDD WTR SNW DPTH SPD SPD DIR MIN PSBL S-S WX SPD DR
================================================================================
1 50 30 40 -14 25 0 0.00 0.0 0 5.1 14 290 M M 3 19 300
2 58 31 45 -9 20 0 0.00 0.0 0 6.7 15 170 M M 2 20 180
3 65 38 52 -1 13 0 0.00 0.0 0 9.3 18 190 M M 4 24 210
4 71 51 61 8 4 0 0.00 0.0 0 7.4 16 220 M M 8 22 220
5 67 46 57 5 8 0 0.00 0.0 0 3.6 12 350 M M 3 15 360
6 77 44 61 9 4 0 0.00 0.0 0 8.5 22 220 M M 7 33 230
7 77 63 70 18 0 5 0.00 0.0 0 4.6 12 220 M M 8 15 230
8 83 59 71 20 0 6 0.00 0.0 0 11.9 26 180 M M 5 37 170
9 76 56 66 15 0 1 T 0.0 0 10.5 21 320 M M 8 26 320
10 65 48 57 7 8 0 T 0.0 0 4.5 13 300 M M 5 16 300
11 57 38 48 -2 17 0 0.00 0.0 0 8.0 14 10 M M 2 20 20
12 62 39 51 1 14 0 0.00 0.0 0 3.6 12 130 M M 2 16 80
13 71 37 54 5 11 0 0.00 0.0 0 4.0 13 300 M M 7 16 290
14 63 38 51 2 14 0 0.00 0.0 0 3.7 12 100 M M 8 15 100
15 73 42 58 10 7 0 0.00 0.0 0 4.1 15 260 M M 4 21 260
16 71 45 58 10 7 0 0.00 0.0 0 4.4 12 140 M M 6 22 130
17 68 52 60 12 5 0 0.08 0.0 0 10.6 20 200 M M 10 1 29 190
18 56 39 48 0 17 0 0.00 0.0 0 6.2 17 340 M M 2 21 340
19 61 34 48 1 17 0 0.00 0.0 0 3.3 9 80 M M 2 13 60
20 56 48 52 5 13 0 0.23 0.0 0 6.0 14 70 M M 10 1 19 60
21 59 45 52 6 13 0 0.94 0.0 0 10.3 21 280 M M 10 1 29 140
22 54 39 47 1 18 0 T 0.0 0 8.1 17 280 M M 6 20 290
23 57 34 46 0 19 0 0.00 0.0 0 5.4 13 230 M M 3 17 240
24 50 36 43 -2 22 0 0.00 0.0 0 10.4 17 360 M M 7 24 20
25 51 33 42 -3 23 0 0.00 0.0 0 4.4 14 40 M M 9 19 20
26 50 36 43 -2 22 0 0.07 0.0 0 9.6 25 290 M M 8 18 34 300
27 40 33 37 -7 28 0 0.00 0.0 0 11.0 21 260 M M 8 28 260
28 37 25 31 -13 34 0 T T 0 8.8 23 300 M M 3 32 310
29 53 22 38 -6 27 0 0.00 0.0 0 8.3 18 230 M M 2 27 250
30 63 36 50 6 15 0 0.00 0.0 0 9.9 23 200 M M 6 31 190
================================================================================
SM 1841 1217 425 12 1.32 T 212.2 M 168
================================================================================
AV 61.4 40.6 7.1 FASTST M M 6 MAX(MPH)
MISC ----> 26 180 37 170
================================================================================
NOTES:
# LAST OF SEVERAL OCCURRENCES
COLUMN 17 PEAK WIND IN M.P.H.
PRELIMINARY LOCAL CLIMATOLOGICAL DATA (WS FORM: F-6) , PAGE 2
STATION: LOUISVILLE KY
MONTH: NOVEMBER
YEAR: 2023
LATITUDE: 38 10 N
LONGITUDE: 85 44 W
[TEMPERATURE DATA] [PRECIPITATION DATA] SYMBOLS USED IN COLUMN 16
AVERAGE MONTHLY: 51.0 TOTAL FOR MONTH: 1.32 1 = FOG OR MIST
DPTR FM NORMAL: 2.5 DPTR FM NORMAL: -2.10 2 = FOG REDUCING VISIBILITY
HIGHEST: 83 ON 8 GRTST 24HR 1.17 ON 20-21 TO 1/4 MILE OR LESS
LOWEST: 22 ON 29 3 = THUNDER
SNOW, ICE PELLETS, HAIL 4 = ICE PELLETS
TOTAL MONTH: T 5 = HAIL
GRTST 24HR T ON 28-28 6 = FREEZING RAIN OR DRIZZLE
GRTST DEPTH: 0 7 = DUSTSTORM OR SANDSTORM:
VSBY 1/2 MILE OR LESS
8 = SMOKE OR HAZE
[NO. OF DAYS WITH] [WEATHER - DAYS WITH] 9 = BLOWING SNOW
X = TORNADO
MAX 32 OR BELOW: 0 0.01 INCH OR MORE: 4
MAX 90 OR ABOVE: 0 0.10 INCH OR MORE: 2
MIN 32 OR BELOW: 4 0.50 INCH OR MORE: 1
MIN 0 OR BELOW: 0 1.00 INCH OR MORE: 0
[HDD (BASE 65) ]
TOTAL THIS MO. 425 CLEAR (SCALE 0-3) 9
DPTR FM NORMAL -74 PTCLDY (SCALE 4-7) 17
TOTAL FM JUL 1 589 CLOUDY (SCALE 8-10) 4
DPTR FM NORMAL -131
[CDD (BASE 65) ]
TOTAL THIS MO. 12
DPTR FM NORMAL 8 [PRESSURE DATA]
TOTAL FM JAN 1 1726 HIGHEST SLP 30.47 ON 14
DPTR FM NORMAL -17 LOWEST SLP 29.71 ON 8
[REMARKS]
#FINAL-11-23#