000
CXUS55 KPSR 011005
CF6SDL
PRELIMINARY LOCAL CLIMATOLOGICAL DATA (WS FORM: F-6)
STATION: SCOTTSDALE AZ
MONTH: JANUARY
YEAR: 2024
LATITUDE: 33 37 N
LONGITUDE: 111 54 W
TEMPERATURE IN F: :PCPN: SNOW: WIND :SUNSHINE: SKY :PK WND
================================================================================
1 2 3 4 5 6A 6B 7 8 9 10 11 12 13 14 15 16 17 18
12Z AVG MX 2MIN
DY MAX MIN AVG DEP HDD CDD WTR SNW DPTH SPD SPD DIR MIN PSBL S-S WX SPD DR
================================================================================
1 61 43 52 -2 13 0 0.00 0.0 0 1.9 6 260 M M 0 8 8 270
2 63 41 52 -2 13 0 0.00 0.0 0 1.6 7 240 M M 0 11 240
3 62 41 52 -2 13 0 0.02 M M 2.3 16 270 M M 1 24 280
4 56 40 48 -6 17 0 0.00 M M 2.9 12 230 M M 5 15 220
5 56 39 48 -6 17 0 0.00 M M 1.3 8 260 M M 1 12 260
6 58 35 47 -7 18 0 0.00 M M 1.7 9 160 M M 0 14 160
7 49 38 44 -10 21 0 0.08 M M 3.9 15 350 M M 6 13 24 350
8 51 31 41 -13 24 0 0.00 0.0 M 2.8 9 50 M M 0 12 290
9 54 31 43 -11 22 0 0.00 M M 1.3 7 250 M M 0 10 280
10 57 31 44 -11 21 0 0.00 M M 1.5 9 160 M M 0 13 150
11 57 37 47 -8 18 0 0.01 0.0 M 4.7 22 270 M M 4 37 220
12 55 31 43 -12 22 0 0.00 0.0 M 1.6 8 190 M M 0 11 170
13 61 31 46 -9 19 0 0.00 0.0 M 1.0 8 300 M M 0 10 210
14 64 38 51 -4 14 0 0.00 0.0 M 2.2 9 230 M M 0 14 230
15 65 36 51 -4 14 0 0.00 M M 0.8 6 240 M M 0 9 130
16 68 38 53 -2 12 0 0.00 M M 1.7 6 210 M M 0 8 250
17 66 41 54 -1 11 0 0.00 M M 1.3 7 40 M M 0 11 220
18 73 42 58 3 7 0 0.00 M M 1.4 6 20 M M 0 9 250
19 74 46 60 5 5 0 0.00 M M 1.3 6 40 M M 0 8 260
20 68 48 58 3 7 0 0.00 M M 1.5 12 40 M M 2 17 340
21 58 52 55 0 10 0 0.09 M M 1.9 8 140 M M 9 1 11 160
22 61 49 55 -1 10 0 0.16 M M 3.4 9 150 M M 6 1 13 170
23 58 51 55 -1 10 0 0.86 M M 3.7 12 90 M M 9 1 17 80
24 61 49 55 -1 10 0 0.00 M M 1.5 7 210 M M 6 12 190
25 63 49 56 0 9 0 T M M 2.7 12 240 M M 7 1 16 230
26 67 43 55 -1 10 0 0.00 M M 3.1 13 230 M M 0 17 240
27 73 43 58 2 7 0 0.00 M M 3.0 12 70 M M 0 17 80
28 76 49 63 7 2 0 0.00 M M 4.7 15 90 M M 0 23 70
29 80 50 65 9 0 0 0.00 M M 2.0 6 30 M M 0 10 190
30 79 49 64 8 1 0 0.00 M M 1.4 9 190 M M 0 12 200
31 77 50 64 8 1 0 0.00 M M 1.7 9 150 M M 1 8 14 170
================================================================================
SM 1971 1292 378 0 1.22 0.0 67.8 M 57
================================================================================
AV 63.6 41.7 2.2 FASTST M M 2 MAX(MPH)
MISC ----> 22 270 37 220
================================================================================
NOTES:
# LAST OF SEVERAL OCCURRENCES
COLUMN 17 PEAK WIND IN M.P.H.
PRELIMINARY LOCAL CLIMATOLOGICAL DATA (WS FORM: F-6) , PAGE 2
STATION: SCOTTSDALE AZ
MONTH: JANUARY
YEAR: 2024
LATITUDE: 33 37 N
LONGITUDE: 111 54 W
[TEMPERATURE DATA] [PRECIPITATION DATA] SYMBOLS USED IN COLUMN 16
AVERAGE MONTHLY: 52.6 TOTAL FOR MONTH: 1.22 1 = FOG OR MIST
DPTR FM NORMAL: -2.3 DPTR FM NORMAL: 0.11 2 = FOG REDUCING VISIBILITY
HIGHEST: 80 ON 29 GRTST 24HR 0.86 ON 23-23 TO 1/4 MILE OR LESS
LOWEST: 31 ON 13,12 3 = THUNDER
SNOW, ICE PELLETS, HAIL 4 = ICE PELLETS
TOTAL MONTH: 0.0 INCH 5 = HAIL
GRTST 24HR 0.0 6 = FREEZING RAIN OR DRIZZLE
GRTST DEPTH: 0 7 = DUSTSTORM OR SANDSTORM:
VSBY 1/2 MILE OR LESS
8 = SMOKE OR HAZE
[NO. OF DAYS WITH] [WEATHER - DAYS WITH] 9 = BLOWING SNOW
X = TORNADO
MAX 32 OR BELOW: 0 0.01 INCH OR MORE: 6
MAX 90 OR ABOVE: 0 0.10 INCH OR MORE: 2
MIN 32 OR BELOW: 5 0.50 INCH OR MORE: 1
MIN 0 OR BELOW: 0 1.00 INCH OR MORE: 0
[HDD (BASE 65) ]
TOTAL THIS MO. 378 CLEAR (SCALE 0-3) 23
DPTR FM NORMAL 66 PTCLDY (SCALE 4-7) 6
TOTAL FM JUL 1 664 CLOUDY (SCALE 8-10) 2
DPTR FM NORMAL -136
[CDD (BASE 65) ]
TOTAL THIS MO. 0
DPTR FM NORMAL -1 [PRESSURE DATA]
TOTAL FM JAN 1 0 HIGHEST SLP 30.29 ON 27
DPTR FM NORMAL -1 LOWEST SLP 29.68 ON 7
[REMARKS]
#FINAL-01-24#