000
CXUS55 KPSR 011005
CF6SDL
PRELIMINARY LOCAL CLIMATOLOGICAL DATA (WS FORM: F-6)
STATION: SCOTTSDALE AZ
MONTH: JUNE
YEAR: 2020
LATITUDE: 33 37 N
LONGITUDE: 111 54 W
TEMPERATURE IN F: :PCPN: SNOW: WIND :SUNSHINE: SKY :PK WND
================================================================================
1 2 3 4 5 6A 6B 7 8 9 10 11 12 13 14 15 16 17 18
12Z AVG MX 2MIN
DY MAX MIN AVG DEP HDD CDD WTR SNW DPTH SPD SPD DIR MIN PSBL S-S WX SPD DR
================================================================================
1 104 79 92 8 0 27 0.00 M M 4.1 13 250 M M 0 16 250
2 107 83 95 11 0 30 0.00 M M 4.9 14 230 M M 0 20 260
3 109 84 97 13 0 32 0.00 M M 3.8 10 250 M M 0 16 220
4 109 83 96 11 0 31 0.00 M M 3.4 14 250 M M 0 22 250
5 103 85 94 9 0 29 T M M 3.9 15 260 M M 0 21 260
6 91 72 82 -3 0 17 0.00 M M 5.1 15 260 M M 0 18 260
7 93 75 84 -2 0 19 0.00 M M 7.1 17 260 M M 0 26 280
8 88 73 81 -5 0 16 0.00 M M 10.2 20 260 M M 0 29 250
9 93 70 82 -4 0 17 0.00 M M 6.6 17 40 M M 0 26 50
10 102 67 85 -1 0 20 0.00 M M 2.8 10 190 M M 0 16 180
11 107 71 89 2 0 24 0.00 M M 3.7 13 240 M M 0 17 230
12 107 75 91 4 0 26 0.00 M M 4.8 15 150 M M 0 20 180
13 103 77 90 3 0 25 0.00 M M 5.7 17 270 M M 0 24 190
14 104 72 88 0 0 23 0.00 M M 3.7 12 170 M M 0 16 100
15 104 76 90 2 0 25 0.00 M M 3.5 13 200 M M 0 17 210
16 103 76 90 2 0 25 0.00 M M 5.1 16 250 M M 0 25 250
17 100 77 89 1 0 24 0.00 M M 5.2 13 260 M M 0 19 250
18 100 76 88 -1 0 23 0.00 M M 4.0 13 210 M M 0 16 200
19 100 76 88 -1 0 23 0.00 M M 3.8 13 140 M M 0 16 140
20 105 72 89 0 0 24 0.00 M M 3.7 10 250 M M 0 13 270
21 106 76 91 2 0 26 0.00 M M 4.0 15 250 M M 0 19 270
22 107 78 93 3 0 28 0.00 M M 3.6 15 230 M M 0 21 220
23 107 79 93 3 0 28 0.00 M M 3.7 15 250 M M 0 20 250
24 109 77 93 3 0 28 0.00 M M 2.7 14 240 M M 0 21 220
25 107 81 94 4 0 29 0.00 M M 3.9 12 270 M M 0 15 270
26 108 79 94 4 0 29 0.00 M M 4.2 14 260 M M 0 19 200
27 105 81 93 2 0 28 0.00 M M 3.9 16 250 M M 0 20 250
28 102 81 92 1 0 27 0.00 M M 8.5 18 250 M M 0 25 250
29 98 78 88 -3 0 23 0.00 M M 9.0 22 240 M M 0 30 240
30 98 75 87 -4 0 22 0.00 M M 4.8 14 160 M M 0 18 160
================================================================================
SM 3079 2304 0 748 T M 143.4 M 0
================================================================================
AV102.6 76.8 4.8 FASTST M M 0 MAX(MPH)
MISC ----> 22 240 30 240
================================================================================
NOTES:
# LAST OF SEVERAL OCCURRENCES
COLUMN 17 PEAK WIND IN M.P.H.
PRELIMINARY LOCAL CLIMATOLOGICAL DATA (WS FORM: F-6) , PAGE 2
STATION: SCOTTSDALE AZ
MONTH: JUNE
YEAR: 2020
LATITUDE: 33 37 N
LONGITUDE: 111 54 W
[TEMPERATURE DATA] [PRECIPITATION DATA] SYMBOLS USED IN COLUMN 16
AVERAGE MONTHLY: 89.7 TOTAL FOR MONTH: T 1 = FOG OR MIST
DPTR FM NORMAL: 1.8 DPTR FM NORMAL: -0.07 2 = FOG REDUCING VISIBILITY
HIGHEST: 109 ON 24, 4 GRTST 24HR T ON 5- 5 TO 1/4 MILE OR LESS
LOWEST: 67 ON 10 3 = THUNDER
SNOW, ICE PELLETS, HAIL 4 = ICE PELLETS
TOTAL MONTH: M 5 = HAIL
GRTST 24HR M ON M 6 = FREEZING RAIN OR DRIZZLE
GRTST DEPTH: M ON M 7 = DUSTSTORM OR SANDSTORM:
VSBY 1/2 MILE OR LESS
8 = SMOKE OR HAZE
[NO. OF DAYS WITH] [WEATHER - DAYS WITH] 9 = BLOWING SNOW
X = TORNADO
MAX 32 OR BELOW: 0 0.01 INCH OR MORE: 0
MAX 90 OR ABOVE: 29 0.10 INCH OR MORE: 0
MIN 32 OR BELOW: 0 0.50 INCH OR MORE: 0
MIN 0 OR BELOW: 0 1.00 INCH OR MORE: 0
[HDD (BASE 65) ]
TOTAL THIS MO. 0 CLEAR (SCALE 0-3) 30
DPTR FM NORMAL 0 PTCLDY (SCALE 4-7) 0
TOTAL FM JUL 1 1088 CLOUDY (SCALE 8-10) 0
DPTR FM NORMAL -107
[CDD (BASE 65) ]
TOTAL THIS MO. 748
DPTR FM NORMAL 63 [PRESSURE DATA]
TOTAL FM JAN 1 1587 HIGHEST SLP 30.04 ON 9
DPTR FM NORMAL 244 LOWEST SLP 29.52 ON 28
[REMARKS]
#FINAL-06-20#