000
CXUS56 KOTX 010910
CF6SFF
PRELIMINARY LOCAL CLIMATOLOGICAL DATA (WS FORM: F-6)
STATION: SPOKANE WA FELTS AIRPORT
MONTH: MAY
YEAR: 2023
LATITUDE: 47 40 N
LONGITUDE: 117 20 W
TEMPERATURE IN F: :PCPN: SNOW: WIND :SUNSHINE: SKY :PK WND
================================================================================
1 2 3 4 5 6A 6B 7 8 9 10 11 12 13 14 15 16 17 18
12Z AVG MX 2MIN
DY MAX MIN AVG DEP HDD CDD WTR SNW DPTH SPD SPD DIR MIN PSBL S-S WX SPD DR
================================================================================
1 74 52 63 11 2 0 0.06 M M 5.1 18 280 M M 1 38 24 290
2 87 47 67 14 0 2 0.03 M M 5.9 23 240 M M 2 3 29 240
3 87 53 70 17 0 5 0.00 M M 2.3 8 60 M M 1 10 290
4 83 51 67 13 0 2 0.21 M M 6.3 18 240 M M 2 13 30 240
5 57 48 53 -1 12 0 0.45 M M 6.3 22 210 M M 10 1 29 220
6 56 47 52 -2 13 0 T M M 5.4 12 220 M M 10 14 210
7 65 48 57 3 8 0 T M M 4.7 17 220 M M 9 22 340
8 65 45 55 0 10 0 T M M 3.2 22 230 M M 6 25 220
9 64 42 53 -2 12 0 0.11 M M 3.3 18 240 M M 6 13 22 220
10 69 44 57 1 8 0 0.00 M M 2.4 13 10 M M 4 1 20 360
11 74 43 59 3 6 0 0.00 M M 2.7 13 280 M M 1 1 16 290
12 80 44 62 6 3 0 0.00 M M 1.1 8 340 M M 0 12 350
13 85 48 67 11 0 2 0.00 M M 7.3 20 60 M M 1 25 60
14 86 62 74 17 0 9 0.00 M M 9.5 24 70 M M 0 31 70
15 84 57 71 14 0 6 0.05 M M 3.3 16 190 M M 2 3 29 190
16 78 57 68 11 0 3 0.15 M M 1.8 16 200 M M 6 1 21 220
17 82 53 68 10 0 3 0.00 M M 1.9 8 240 M M 2 3 11 190
18 87 57 72 14 0 7 0.00 M M 3.1 12 120 M M 1 16 80
19 89 57 73 15 0 8 0.00 M M 2.6 10 290 M M 0 8 16 290
20 91 59 75 17 0 10 0.00 M M 3.1 9 80 M M 0 18 14 230
21 83 60 72 14 0 7 0.00 M M 7.4 21 200 M M 4 8 30 190
22 66 49 58 -1 7 0 0.00 M M 10.6 20 210 M M 6 26 240
23 71 47 59 0 6 0 0.00 M M 3.2 10 230 M M 2 15 240
24 72 47 60 1 5 0 0.02 M M 2.6 20 100 M M 5 3 25 110
25 75 43 59 0 6 0 0.00 M M 2.9 15 70 M M 2 3 20 70
26 80 50 65 6 0 0 0.06 M M 3.1 18 280 M M 2 3 28 280
27 78 56 67 7 0 2 0.40 M M 4.2 15 220 M M 8 13 19 230
28 77 57 67 7 0 2 T M M 4.2 20 210 M M 8 1 23 200
29 82 53 68 8 0 3 0.00 M M 5.3 15 210 M M 0 26 210
30 79 53 66 6 0 1 0.00 M M 5.8 16 220 M M 0 23 210
31 74 53 64 4 1 0 0.00 M M 7.0 14 240 M M 0 17 180
================================================================================
SM 2380 1582 99 72 1.54 M 137.6 M 101
================================================================================
AV 76.8 51.0 4.4 FASTST M M 3 MAX(MPH)
MISC ----> 24 70 31 70
================================================================================
NOTES:
# LAST OF SEVERAL OCCURRENCES
COLUMN 17 PEAK WIND IN M.P.H.
PRELIMINARY LOCAL CLIMATOLOGICAL DATA (WS FORM: F-6) , PAGE 2
STATION: SPOKANE WA FELTS AIRPORT
MONTH: MAY
YEAR: 2023
LATITUDE: 47 40 N
LONGITUDE: 117 20 W
[TEMPERATURE DATA] [PRECIPITATION DATA] SYMBOLS USED IN COLUMN 16
AVERAGE MONTHLY: 63.9 TOTAL FOR MONTH: 1.54 1 = FOG OR MIST
DPTR FM NORMAL: 7.0 DPTR FM NORMAL: -0.16 2 = FOG REDUCING VISIBILITY
HIGHEST: 91 ON 20 GRTST 24HR 0.78 ON 4- 5 TO 1/4 MILE OR LESS
LOWEST: 42 ON 9 3 = THUNDER
SNOW, ICE PELLETS, HAIL 4 = ICE PELLETS
TOTAL MONTH: M 5 = HAIL
GRTST 24HR M ON M 6 = FREEZING RAIN OR DRIZZLE
GRTST DEPTH: M ON M 7 = DUSTSTORM OR SANDSTORM:
VSBY 1/2 MILE OR LESS
8 = SMOKE OR HAZE
[NO. OF DAYS WITH] [WEATHER - DAYS WITH] 9 = BLOWING SNOW
X = TORNADO
MAX 32 OR BELOW: 0 0.01 INCH OR MORE: 10
MAX 90 OR ABOVE: 1 0.10 INCH OR MORE: 5
MIN 32 OR BELOW: 0 0.50 INCH OR MORE: 0
MIN 0 OR BELOW: 0 1.00 INCH OR MORE: 0
[HDD (BASE 65) ]
TOTAL THIS MO. 99 CLEAR (SCALE 0-3) 19
DPTR FM NORMAL -166 PTCLDY (SCALE 4-7) 9
TOTAL FM JUL 1 5817 CLOUDY (SCALE 8-10) 3
DPTR FM NORMAL -93
[CDD (BASE 65) ]
TOTAL THIS MO. 72
DPTR FM NORMAL 58 [PRESSURE DATA]
TOTAL FM JAN 1 74 HIGHEST SLP M ON M
DPTR FM NORMAL 60 LOWEST SLP 29.54 ON 1
[REMARKS]
#FINAL-05-23#