000
CXUS56 KOTX 010910
CF6SFF
PRELIMINARY LOCAL CLIMATOLOGICAL DATA (WS FORM: F-6)
STATION: SPOKANE WA FELTS AIRPORT
MONTH: MARCH
YEAR: 2023
LATITUDE: 47 40 N
LONGITUDE: 117 20 W
TEMPERATURE IN F: :PCPN: SNOW: WIND :SUNSHINE: SKY :PK WND
================================================================================
1 2 3 4 5 6A 6B 7 8 9 10 11 12 13 14 15 16 17 18
12Z AVG MX 2MIN
DY MAX MIN AVG DEP HDD CDD WTR SNW DPTH SPD SPD DIR MIN PSBL S-S WX SPD DR
================================================================================
1 38 19 29 -9 36 0 0.00 M M 2.3 14 220 M M 7 12 16 220
2 44 30 37 -1 28 0 0.03 M M 10.5 24 240 M M 8 18 32 230
3 42 27 35 -3 30 0 0.00 M M 8.0 24 230 M M 4 30 230
4 45 28 37 -1 28 0 0.00 M M 7.2 17 80 M M 4 23 90
5 39 25 32 -7 33 0 T M M 5.4 16 80 M M 7 21 80
6 38 25 32 -7 33 0 0.04 M M 2.5 9 130 M M 9 18 12 110
7 46 27 37 -2 28 0 0.00 M M 3.7 12 100 M M 3 14 80
8 47 27 37 -3 28 0 0.00 M M 4.0 15 80 M M 3 22 70
9 45 27 36 -4 29 0 0.17 M M 6.7 16 90 M M 6 1 21 90
10 35 31 33 -7 32 0 0.33 M M 5.1 16 70 M M 10 12 20 70
11 43 32 38 -2 27 0 0.00 M M 3.3 13 190 M M 9 16 200
12 52 28 40 -1 25 0 0.02 M M 3.4 14 190 M M 6 1 18 180
13 54 37 46 5 19 0 0.39 M M 9.9 25 230 M M 10 1 32 220
14 46 31 39 -2 26 0 0.00 M M 4.2 17 230 M M 2 22 230
15 48 27 38 -3 27 0 0.00 M M 5.6 17 240 M M 3 8 23 240
16 50 25 38 -4 27 0 0.00 M M 1.3 8 130 M M 0 11 60
17 53 26 40 -2 25 0 0.00 M M 1.4 10 130 M M 0 13 130
18 56 30 43 1 22 0 0.00 M M 1.7 10 140 M M 1 13 120
19 60 28 44 2 21 0 0.00 M M 1.8 10 90 M M 0 14 100
20 56 40 48 5 17 0 0.00 M M 3.5 9 70 M M 9 8 15 330
21 58 30 44 1 21 0 0.00 M M 2.1 13 60 M M 1 1 16 130
22 61 26 44 1 21 0 0.00 M M 2.1 12 90 M M 0 18 40
23 M M M M M M M M M M M M M M M M M
24 46 32 39 -5 26 0 0.00 M M 9.6 20 230 M M 4 26 230
25 44 31 38 -6 27 0 0.00 M M 3.1 12 190 M M 7 16 220
26 44 27 36 -8 29 0 0.00 M M 2.3 8 240 M M 7 11 240
27 50 27 39 -5 26 0 T M M 1.5 7 150 M M 6 1 10 170
28 54 29 42 -2 23 0 0.00 M M 6.5 18 90 M M 2 25 80
29 52 31 42 -2 23 0 0.00 M M 4.8 15 220 M M 5 20 60
30 55 35 45 0 20 0 0.00 M M 5.2 17 220 M M 9 21 220
31 47 37 42 -3 23 0 0.03 M M 10.4 21 250 M M 9 1 28 200
================================================================================
SM 1448 875 780 0 1.01 M 139.1 M 151
================================================================================
AV 48.3 29.2 4.6 FASTST M M 5 MAX(MPH)
MISC ----> 25 230 # 32 230
================================================================================
NOTES:
# LAST OF SEVERAL OCCURRENCES
COLUMN 17 PEAK WIND IN M.P.H.
PRELIMINARY LOCAL CLIMATOLOGICAL DATA (WS FORM: F-6) , PAGE 2
STATION: SPOKANE WA FELTS AIRPORT
MONTH: MARCH
YEAR: 2023
LATITUDE: 47 40 N
LONGITUDE: 117 20 W
[TEMPERATURE DATA] [PRECIPITATION DATA] SYMBOLS USED IN COLUMN 16
AVERAGE MONTHLY: 38.7 TOTAL FOR MONTH: 1.01 1 = FOG OR MIST
DPTR FM NORMAL: -2.8 DPTR FM NORMAL: -0.81 2 = FOG REDUCING VISIBILITY
HIGHEST: 61 ON 22 GRTST 24HR 0.39 ON 12-13 TO 1/4 MILE OR LESS
LOWEST: 19 ON 1 3 = THUNDER
SNOW, ICE PELLETS, HAIL 4 = ICE PELLETS
TOTAL MONTH: M 5 = HAIL
GRTST 24HR M ON M 6 = FREEZING RAIN OR DRIZZLE
GRTST DEPTH: M ON M 7 = DUSTSTORM OR SANDSTORM:
VSBY 1/2 MILE OR LESS
8 = SMOKE OR HAZE
[NO. OF DAYS WITH] [WEATHER - DAYS WITH] 9 = BLOWING SNOW
X = TORNADO
MAX 32 OR BELOW: 0 0.01 INCH OR MORE: 7
MAX 90 OR ABOVE: 0 0.10 INCH OR MORE: 3
MIN 32 OR BELOW: 26 0.50 INCH OR MORE: 0
MIN 0 OR BELOW: 0 1.00 INCH OR MORE: 0
[HDD (BASE 65) ]
TOTAL THIS MO. 780 CLEAR (SCALE 0-3) 8
DPTR FM NORMAL 51 PTCLDY (SCALE 4-7) 15
TOTAL FM JUL 1 5174 CLOUDY (SCALE 8-10) 8
DPTR FM NORMAL 38
[CDD (BASE 65) ]
TOTAL THIS MO. 0
DPTR FM NORMAL 0 [PRESSURE DATA]
TOTAL FM JAN 1 0 HIGHEST SLP M ON M
DPTR FM NORMAL 0 LOWEST SLP 29.33 ON 10
[REMARKS]
#FINAL-03-23#