000
CXUS56 KOTX 010910
CF6SFF
PRELIMINARY LOCAL CLIMATOLOGICAL DATA (WS FORM: F-6)
STATION: SPOKANE WA FELTS AIRPORT
MONTH: MAY
YEAR: 2022
LATITUDE: 47 40 N
LONGITUDE: 117 20 W
TEMPERATURE IN F: :PCPN: SNOW: WIND :SUNSHINE: SKY :PK WND
================================================================================
1 2 3 4 5 6A 6B 7 8 9 10 11 12 13 14 15 16 17 18
12Z AVG MX 2MIN
DY MAX MIN AVG DEP HDD CDD WTR SNW DPTH SPD SPD DIR MIN PSBL S-S WX SPD DR
================================================================================
1 61 43 52 0 13 0 0.00 M M 3.1 12 180 M M 6 15 220
2 62 39 51 -2 14 0 0.00 M M 6.6 23 220 M M 5 27 210
3 69 45 57 4 8 0 0.00 M M 7.7 22 220 M M 7 26 210
4 74 45 60 6 5 0 0.00 M M 4.1 15 180 M M 2 21 190
5 57 49 53 -1 12 0 0.45 M M 8.1 20 220 M M 9 18 27 220
6 58 43 51 -3 14 0 0.95 M M 6.9 17 290 M M 7 13 29 280
7 59 41 50 -4 15 0 0.09 M M 11.3 25 230 M M 9 3 36 250
8 53 36 45 -10 20 0 T M M 7.9 18 240 M M 6 24 230
9 53 36 45 -10 20 0 0.01 M M 6.3 17 240 M M 5 24 220
10 60 38 49 -7 16 0 0.00 M M 7.1 16 220 M M 4 19 220
11 62 36 49 -7 16 0 0.00 M M 2.6 13 240 M M 2 18 240
12 60 38 49 -7 16 0 0.18 M M 5.7 18 240 M M 6 1 26 250
13 55 37 46 -10 19 0 0.00 M M 11.4 25 220 M M 5 33 230
14 56 42 49 -8 16 0 T M M 2.9 8 90 M M 9 11 80
15 70 42 56 -1 9 0 T M M 4.0 13 70 M M 6 1 15 50
16 68 46 57 0 8 0 0.00 M M 8.7 21 220 M M 3 25 210
17 64 41 53 -5 12 0 0.00 M M 6.6 20 220 M M 1 24 220
18 64 46 55 -3 10 0 0.07 M M 13.1 33 240 M M 5 8 45 250
19 57 39 48 -10 17 0 0.00 M M 7.8 20 230 M M 6 26 230
20 60 38 49 -9 16 0 0.06 M M 3.8 15 220 M M 5 1 21 350
21 63 39 51 -7 14 0 0.12 M M 4.3 23 230 M M 7 1 28 220
22 68 37 53 -6 12 0 0.00 M M 2.9 13 240 M M 3 12 17 240
23 68 41 55 -4 10 0 0.22 M M 5.2 18 240 M M 4 13 24 260
24 67 46 57 -2 8 0 T M M 3.1 14 230 M M 8 12 22 230
25 69 52 61 2 4 0 0.00 M M 3.9 12 220 M M 8 15 230
26 76 51 64 5 1 0 0.01 M M 3.7 13 240 M M 3 22 240
27 66 51 59 -1 6 0 0.28 M M 10.3 25 230 M M 8 13 31 220
28 62 50 56 -4 9 0 0.00 M M 6.1 14 200 M M 9 17 170
29 64 49 57 -3 8 0 0.68 M M 2.7 15 220 M M 9 1 19 230
30 66 47 57 -3 8 0 0.23 M M 3.4 14 10 M M 8 13 23 10
31 73 44 59 -1 6 0 0.00 M M 2.7 13 90 M M 5 12 16 80
================================================================================
SM 1964 1327 362 0 3.35 M 184.0 M 180
================================================================================
AV 63.4 42.8 5.9 FASTST M M 6 MAX(MPH)
MISC ----> 33 240 45 250
================================================================================
NOTES:
# LAST OF SEVERAL OCCURRENCES
COLUMN 17 PEAK WIND IN M.P.H.
PRELIMINARY LOCAL CLIMATOLOGICAL DATA (WS FORM: F-6) , PAGE 2
STATION: SPOKANE WA FELTS AIRPORT
MONTH: MAY
YEAR: 2022
LATITUDE: 47 40 N
LONGITUDE: 117 20 W
[TEMPERATURE DATA] [PRECIPITATION DATA] SYMBOLS USED IN COLUMN 16
AVERAGE MONTHLY: 53.1 TOTAL FOR MONTH: 3.35 1 = FOG OR MIST
DPTR FM NORMAL: -3.8 DPTR FM NORMAL: 1.65 2 = FOG REDUCING VISIBILITY
HIGHEST: 76 ON 26 GRTST 24HR 0.96 ON 6- 7 TO 1/4 MILE OR LESS
LOWEST: 36 ON 11, 9 3 = THUNDER
SNOW, ICE PELLETS, HAIL 4 = ICE PELLETS
TOTAL MONTH: M 5 = HAIL
GRTST 24HR M ON M 6 = FREEZING RAIN OR DRIZZLE
GRTST DEPTH: M ON M 7 = DUSTSTORM OR SANDSTORM:
VSBY 1/2 MILE OR LESS
8 = SMOKE OR HAZE
[NO. OF DAYS WITH] [WEATHER - DAYS WITH] 9 = BLOWING SNOW
X = TORNADO
MAX 32 OR BELOW: 0 0.01 INCH OR MORE: 13
MAX 90 OR ABOVE: 0 0.10 INCH OR MORE: 8
MIN 32 OR BELOW: 0 0.50 INCH OR MORE: 2
MIN 0 OR BELOW: 0 1.00 INCH OR MORE: 0
[HDD (BASE 65) ]
TOTAL THIS MO. 362 CLEAR (SCALE 0-3) 4
DPTR FM NORMAL 97 PTCLDY (SCALE 4-7) 22
TOTAL FM JUL 1 5897 CLOUDY (SCALE 8-10) 5
DPTR FM NORMAL -13
[CDD (BASE 65) ]
TOTAL THIS MO. 0
DPTR FM NORMAL -14 [PRESSURE DATA]
TOTAL FM JAN 1 0 HIGHEST SLP M ON M
DPTR FM NORMAL -14 LOWEST SLP 29.56 ON 6
[REMARKS]
#FINAL-05-22#