000
CXUS56 KOTX 011011
CF6SFF
PRELIMINARY LOCAL CLIMATOLOGICAL DATA (WS FORM: F-6)
STATION: SPOKANE WA FELTS AIRPORT
MONTH: JANUARY
YEAR: 2024
LATITUDE: 47 40 N
LONGITUDE: 117 20 W
TEMPERATURE IN F: :PCPN: SNOW: WIND :SUNSHINE: SKY :PK WND
================================================================================
1 2 3 4 5 6A 6B 7 8 9 10 11 12 13 14 15 16 17 18
12Z AVG MX 2MIN
DY MAX MIN AVG DEP HDD CDD WTR SNW DPTH SPD SPD DIR MIN PSBL S-S WX SPD DR
================================================================================
1 37 33 35 4 30 0 0.00 M M 2.3 8 120 M M 10 12 10 120
2 41 32 37 6 28 0 0.00 M M 1.0 10 70 M M 5 1 12 80
3 39 32 36 5 29 0 0.07 M M 2.7 10 220 M M 10 1 12 210
4 39 34 37 6 28 0 0.04 M M 3.5 12 210 M M 10 1 13 220
5 40 34 37 6 28 0 0.00 M M 6.4 14 190 M M 9 1 19 200
6 42 33 38 7 27 0 0.18 M M 7.0 21 180 M M 10 1 34 180
7 34 27 31 0 34 0 T M M 4.1 12 220 M M 8 14 230
8 34 22 28 -3 37 0 0.02 M M 2.5 14 120 M M 7 18 20 120
9 41 34 38 7 27 0 0.35 M M 17.8 32 230 M M 9 1 42 210
10 36 28 32 1 33 0 0.02 M M 5.8 20 230 M M 8 18 26 220
11 32 15 24 -8 41 0 T M M 5.9 18 220 M M 10 24 260
12 15 -5 5 -27 60 0 T M M 8.6 16 90 M M 4 21 90
13 6 -8 -1 -33 66 0 0.00 M M 3.1 13 70 M M 0 15 70
14 11 -2 5 -27 60 0 0.00 M M 1.2 8 90 M M 3 10 80
15 14 -2 6 -26 59 0 0.00 M M 1.1 9 90 M M 0 11 90
16 21 7 14 -18 51 0 0.00 M M 0.9 8 90 M M 1 9 80
17 22 12 17 -15 48 0 M M M 3.5 17 230 M M 10 128 22 240
18 25 4 15 -17 50 0 T M M 1.2 7 70 M M 5 1 9 90
19 26 20 23 -9 42 0 M M M 0.4 6 100 M M 10 18 8 290
20 32 23 28 -4 37 0 0.07 M M 0.7 7 80 M M 9 16 9 60
21 37 32 35 3 30 0 0.30 M M 2.0 9 80 M M 10 16 11 80
22 41 35 38 6 27 0 0.07 M M 1.7 6 40 M M 10 1 8 90
23 41 36 39 7 26 0 0.06 M M 1.1 12 230 M M 10 12 14 220
24 40 33 37 5 28 0 0.08 M M 1.9 10 230 M M 10 12 15 220
25 43 31 37 5 28 0 0.00 M M 2.4 12 210 M M 9 12 13 200
26 49 30 40 8 25 0 T M M 0.0 5 70 M M 6 12 5 260
27 44 36 40 8 25 0 0.32 M M 0.4 6 60 M M 10 1 7 50
28 58 39 49 16 16 0 0.04 M M 3.4 15 220 M M 9 1 21 220
29 51 35 43 10 22 0 0.00 M M 1.1 10 60 M M 6 12 13 70
30 44 35 40 7 25 0 0.00 M M 3.4 10 70 M M 7 12 12 60
31 48 35 42 9 23 0 0.00 M M 3.7 12 80 M M 6 1 12 120
================================================================================
SM 1083 750 1090 0 1.62 M 100.8 M 231
================================================================================
AV 34.9 24.2 3.3 FASTST M M 7 MAX(MPH)
MISC ----> 32 230 42 210
================================================================================
NOTES:
# LAST OF SEVERAL OCCURRENCES
COLUMN 17 PEAK WIND IN M.P.H.
PRELIMINARY LOCAL CLIMATOLOGICAL DATA (WS FORM: F-6) , PAGE 2
STATION: SPOKANE WA FELTS AIRPORT
MONTH: JANUARY
YEAR: 2024
LATITUDE: 47 40 N
LONGITUDE: 117 20 W
[TEMPERATURE DATA] [PRECIPITATION DATA] SYMBOLS USED IN COLUMN 16
AVERAGE MONTHLY: 29.6 TOTAL FOR MONTH: 1.62 1 = FOG OR MIST
DPTR FM NORMAL: -2.2 DPTR FM NORMAL: -0.38 2 = FOG REDUCING VISIBILITY
HIGHEST: 58 ON 28 GRTST 24HR 0.36 ON 8- 9 TO 1/4 MILE OR LESS
LOWEST: -8 ON 13 3 = THUNDER
SNOW, ICE PELLETS, HAIL 4 = ICE PELLETS
TOTAL MONTH: M 5 = HAIL
GRTST 24HR M ON M 6 = FREEZING RAIN OR DRIZZLE
GRTST DEPTH: M ON M 7 = DUSTSTORM OR SANDSTORM:
VSBY 1/2 MILE OR LESS
8 = SMOKE OR HAZE
[NO. OF DAYS WITH] [WEATHER - DAYS WITH] 9 = BLOWING SNOW
X = TORNADO
MAX 32 OR BELOW: 10 0.01 INCH OR MORE: 13
MAX 90 OR ABOVE: 0 0.10 INCH OR MORE: 4
MIN 32 OR BELOW: 18 0.50 INCH OR MORE: 0
MIN 0 OR BELOW: 4 1.00 INCH OR MORE: 0
[HDD (BASE 65) ]
TOTAL THIS MO. 1090 CLEAR (SCALE 0-3) 4
DPTR FM NORMAL 61 PTCLDY (SCALE 4-7) 8
TOTAL FM JUL 1 3362 CLOUDY (SCALE 8-10) 19
DPTR FM NORMAL -194
[CDD (BASE 65) ]
TOTAL THIS MO. 0
DPTR FM NORMAL 0 [PRESSURE DATA]
TOTAL FM JAN 1 0 HIGHEST SLP M ON M
DPTR FM NORMAL 0 LOWEST SLP 29.47 ON 9
[REMARKS]
#FINAL-01-24#