000
CXUS56 KOTX 011603
CF6SFF
PRELIMINARY LOCAL CLIMATOLOGICAL DATA (WS FORM: F-6)
STATION: SPOKANE WA FELTS AIRPORT
MONTH: SEPTEMBER
YEAR: 2021
LATITUDE: 47 40 N
LONGITUDE: 117 20 W
TEMPERATURE IN F: :PCPN: SNOW: WIND :SUNSHINE: SKY :PK WND
================================================================================
1 2 3 4 5 6A 6B 7 8 9 10 11 12 13 14 15 16 17 18
12Z AVG MX 2MIN
DY MAX MIN AVG DEP HDD CDD WTR SNW DPTH SPD SPD DIR MIN PSBL S-S WX SPD DR
================================================================================
1 73 45 59 -7 6 0 0.00 M M 3.9 12 200 M M 1 18 220
2 76 44 60 -6 5 0 0.00 M M 1.6 10 220 M M 0 15 220
3 81 45 63 -2 2 0 0.00 M M 2.1 12 240 M M 0 18 180
4 85 51 68 3 0 3 0.00 M M 2.1 9 240 M M 0 14 290
5 88 55 72 7 0 7 0.00 M M 4.9 20 230 M M 0 8 26 210
6 84 56 70 6 0 5 0.00 M M 4.6 12 230 M M 0 17 220
7 90 50 70 6 0 5 0.00 M M 2.1 7 80 M M 1 10 130
8 89 54 72 8 0 7 0.00 M M 4.2 21 240 M M 1 8 28 220
9 89 53 71 7 0 6 0.00 M M 1.8 6 60 M M 0 9 240
10 77 59 68 5 0 3 0.17 M M 3.4 23 240 M M 5 8 29 240
11 73 53 63 0 2 0 0.12 M M 6.8 17 230 M M 6 18 23 220
12 77 53 65 2 0 0 0.00 M M 2.4 10 240 M M 3 M M
13 76 54 65 3 0 0 0.00 M M 3.6 12 210 M M 2 15 240
14 79 48 64 2 1 0 0.00 M M 4.8 16 230 M M 3 26 180
15 76 54 65 3 0 0 0.00 M M 8.9 23 230 M M 2 31 230
16 67 41 54 -7 11 0 0.00 M M 4.3 15 240 M M 0 20 250
17 71 42 57 -4 8 0 0.02 M M 3.2 16 210 M M 5 21 230
18 63 51 57 -4 8 0 0.27 M M 6.2 16 230 M M 8 1 22 240
19 66 47 57 -3 8 0 0.20 M M 6.5 21 240 M M 8 18 27 230
20 65 46 56 -4 9 0 0.00 M M 4.0 9 220 M M 5 12 230
21 75 42 59 -1 6 0 0.00 M M 2.3 9 100 M M 0 12 90
22 73 46 60 1 5 0 0.00 M M 1.3 9 260 M M 0 13 260
23 74 51 63 4 2 0 0.00 M M 3.5 14 220 M M 0 16 210
24 79 45 62 3 3 0 0.00 M M 2.0 7 330 M M 0 9 330
25 82 51 67 9 0 2 0.00 M M 2.9 10 220 M M 0 16 210
26 81 52 67 9 0 2 0.00 M M 5.1 16 220 M M 1 23 220
27 73 51 62 5 3 0 0.52 M M 8.3 18 190 M M 9 1 26 180
28 61 50 56 -1 9 0 0.09 M M 9.8 20 230 M M 8 24 220
29 62 44 53 -4 12 0 0.00 M M 4.8 13 210 M M 4 18 190
30 76 42 59 3 6 0 0.33 M M 5.8 21 200 M M 5 1 26 290
================================================================================
SM 2281 1475 106 40 1.72 M 127.2 M 77
================================================================================
AV 76.0 49.2 4.2 FASTST M M 3 MAX(MPH)
MISC ----> # 23 240 31 230
================================================================================
NOTES:
# LAST OF SEVERAL OCCURRENCES
COLUMN 17 PEAK WIND IN M.P.H.
PRELIMINARY LOCAL CLIMATOLOGICAL DATA (WS FORM: F-6) , PAGE 2
STATION: SPOKANE WA FELTS AIRPORT
MONTH: SEPTEMBER
YEAR: 2021
LATITUDE: 47 40 N
LONGITUDE: 117 20 W
[TEMPERATURE DATA] [PRECIPITATION DATA] SYMBOLS USED IN COLUMN 16
AVERAGE MONTHLY: 62.6 TOTAL FOR MONTH: 1.72 1 = FOG OR MIST
DPTR FM NORMAL: 1.2 DPTR FM NORMAL: 1.04 2 = FOG REDUCING VISIBILITY
HIGHEST: 90 ON 7 GRTST 24HR 0.52 ON 27-27 TO 1/4 MILE OR LESS
LOWEST: 41 ON 16 3 = THUNDER
SNOW, ICE PELLETS, HAIL 4 = ICE PELLETS
TOTAL MONTH: M 5 = HAIL
GRTST 24HR M ON M 6 = FREEZING RAIN OR DRIZZLE
GRTST DEPTH: M ON M 7 = DUSTSTORM OR SANDSTORM:
VSBY 1/2 MILE OR LESS
8 = SMOKE OR HAZE
[NO. OF DAYS WITH] [WEATHER - DAYS WITH] 9 = BLOWING SNOW
X = TORNADO
MAX 32 OR BELOW: 0 0.01 INCH OR MORE: 8
MAX 90 OR ABOVE: 1 0.10 INCH OR MORE: 6
MIN 32 OR BELOW: 0 0.50 INCH OR MORE: 1
MIN 0 OR BELOW: 0 1.00 INCH OR MORE: 0
[HDD (BASE 65) ]
TOTAL THIS MO. 106 CLEAR (SCALE 0-3) 19
DPTR FM NORMAL -40 PTCLDY (SCALE 4-7) 10
TOTAL FM JUL 1 118 CLOUDY (SCALE 8-10) 1
DPTR FM NORMAL -61
[CDD (BASE 65) ]
TOTAL THIS MO. 40
DPTR FM NORMAL 2 [PRESSURE DATA]
TOTAL FM JAN 1 931 HIGHEST SLP 30.41 ON 21
DPTR FM NORMAL 424 LOWEST SLP 29.58 ON 18
[REMARKS]
#FINAL-09-21#
SITE EW4312 USED TO SUPPLEMENT PRECIPITATION DATA SEP 27 AND 28