000
CXUS56 KOTX 011010
CF6SFF
PRELIMINARY LOCAL CLIMATOLOGICAL DATA (WS FORM: F-6)
STATION: SPOKANE WA FELTS AIRPORT
MONTH: NOVEMBER
YEAR: 2023
LATITUDE: 47 40 N
LONGITUDE: 117 20 W
TEMPERATURE IN F: :PCPN: SNOW: WIND :SUNSHINE: SKY :PK WND
================================================================================
1 2 3 4 5 6A 6B 7 8 9 10 11 12 13 14 15 16 17 18
12Z AVG MX 2MIN
DY MAX MIN AVG DEP HDD CDD WTR SNW DPTH SPD SPD DIR MIN PSBL S-S WX SPD DR
================================================================================
1 46 26 36 -7 29 0 0.06 M M 0.5 6 90 M M 3 18 7 60
2 47 38 43 1 22 0 0.61 M M 0.9 8 220 M M 10 1 10 210
3 55 39 47 5 18 0 0.00 M M 0.9 10 210 M M 6 12 12 210
4 57 41 49 7 16 0 0.47 M M 5.1 18 180 M M 10 18 24 190
5 54 38 46 5 19 0 T M M 4.0 16 230 M M 6 12 19 220
6 50 37 44 3 21 0 0.24 M M 4.9 21 230 M M 9 12 27 230
7 50 36 43 3 22 0 0.04 M M 8.6 22 230 M M 8 1 28 230
8 48 32 40 0 25 0 0.00 M M 2.3 12 210 M M 4 1 14 220
9 44 33 39 -1 26 0 0.00 M M 1.3 7 90 M M 6 1 10 90
10 42 37 40 0 25 0 0.06 M M 2.7 13 230 M M 10 1 16 230
11 53 39 46 7 19 0 T M M 11.1 33 230 M M 6 45 260
12 53 38 46 7 19 0 0.00 M M 3.3 15 80 M M 1 19 90
13 46 35 41 2 24 0 0.06 M M 3.4 16 220 M M 7 1 20 220
14 39 30 35 -3 30 0 0.00 M M 3.1 9 100 M M 9 12 10 90
15 39 33 36 -2 29 0 0.27 M M 0.9 9 290 M M 10 12 16 280
16 39 29 34 -4 31 0 0.00 M M 1.2 6 230 M M 8 12 9 30
17 42 29 36 -1 29 0 0.00 M M 1.4 8 110 M M 7 128 11 90
18 45 27 36 -1 29 0 0.00 M M 0.7 10 60 M M 5 12 10 60
19 46 33 40 3 25 0 0.18 M M 5.4 14 220 M M 6 1 18 220
20 46 30 38 2 27 0 0.00 M M 1.0 7 10 M M 3 1 12 350
21 45 27 36 0 29 0 0.00 M M 0.9 9 340 M M 2 12 12 350
22 47 30 39 3 26 0 0.01 M M 1.2 9 90 M M 6 12 9 80
23 47 28 38 2 27 0 0.00 M M 1.4 8 60 M M 6 12 14 340
24 44 23 34 -1 31 0 0.00 M M 1.2 7 240 M M 0 9 350
25 31 20 26 -9 39 0 0.00 M M 1.0 6 190 M M 5 18 7 190
26 32 26 29 -6 36 0 0.00 M M 0.9 5 230 M M 10 1 6 50
27 39 24 32 -2 33 0 0.00 M M 0.5 6 350 M M 2 1 8 360
28 38 19 29 -5 36 0 0.00 M M 1.0 9 290 M M 1 1 12 280
29 27 24 26 -8 39 0 0.00 M M 2.6 9 290 M M 10 1 11 290
30 30 26 28 -6 37 0 T M M 0.7 6 250 M M 10 18 9 290
================================================================================
SM 1321 927 818 0 2.00 M 74.1 M 186
================================================================================
AV 44.0 30.9 2.5 FASTST M M 6 MAX(MPH)
MISC ----> 33 230 45 260
================================================================================
NOTES:
# LAST OF SEVERAL OCCURRENCES
COLUMN 17 PEAK WIND IN M.P.H.
PRELIMINARY LOCAL CLIMATOLOGICAL DATA (WS FORM: F-6) , PAGE 2
STATION: SPOKANE WA FELTS AIRPORT
MONTH: NOVEMBER
YEAR: 2023
LATITUDE: 47 40 N
LONGITUDE: 117 20 W
[TEMPERATURE DATA] [PRECIPITATION DATA] SYMBOLS USED IN COLUMN 16
AVERAGE MONTHLY: 37.5 TOTAL FOR MONTH: 2.00 1 = FOG OR MIST
DPTR FM NORMAL: -0.4 DPTR FM NORMAL: -0.01 2 = FOG REDUCING VISIBILITY
HIGHEST: 57 ON 4 GRTST 24HR 0.67 ON 1- 2 TO 1/4 MILE OR LESS
LOWEST: 19 ON 28 3 = THUNDER
SNOW, ICE PELLETS, HAIL 4 = ICE PELLETS
TOTAL MONTH: M 5 = HAIL
GRTST 24HR M ON M 6 = FREEZING RAIN OR DRIZZLE
GRTST DEPTH: M ON M 7 = DUSTSTORM OR SANDSTORM:
VSBY 1/2 MILE OR LESS
8 = SMOKE OR HAZE
[NO. OF DAYS WITH] [WEATHER - DAYS WITH] 9 = BLOWING SNOW
X = TORNADO
MAX 32 OR BELOW: 4 0.01 INCH OR MORE: 10
MAX 90 OR ABOVE: 0 0.10 INCH OR MORE: 5
MIN 32 OR BELOW: 17 0.50 INCH OR MORE: 1
MIN 0 OR BELOW: 0 1.00 INCH OR MORE: 0
[HDD (BASE 65) ]
TOTAL THIS MO. 818 CLEAR (SCALE 0-3) 6
DPTR FM NORMAL 5 PTCLDY (SCALE 4-7) 14
TOTAL FM JUL 1 1370 CLOUDY (SCALE 8-10) 10
DPTR FM NORMAL -113
[CDD (BASE 65) ]
TOTAL THIS MO. 0
DPTR FM NORMAL 0 [PRESSURE DATA]
TOTAL FM JAN 1 771 HIGHEST SLP M ON M
DPTR FM NORMAL 264 LOWEST SLP 29.59 ON 6
[REMARKS]
#FINAL-11-23#