000
CXUS56 KMTR 011000
CF6SFO
PRELIMINARY LOCAL CLIMATOLOGICAL DATA (WS FORM: F-6)
STATION: SAN FRANCISCO AIRPORT
MONTH: FEBRUARY
YEAR: 2024
LATITUDE: 37 37 N
LONGITUDE: 122 23 W
TEMPERATURE IN F: :PCPN: SNOW: WIND :SUNSHINE: SKY :PK WND
================================================================================
1 2 3 4 5 6A 6B 7 8 9 10 11 12 13 14 15 16 17 18
12Z AVG MX 2MIN
DY MAX MIN AVG DEP HDD CDD WTR SNW DPTH SPD SPD DIR MIN PSBL S-S WX SPD DR
================================================================================
1 59 51 55 3 10 0 0.41 M M 7.2 20 270 M M 8 138 24 250
2 58 48 53 1 12 0 0.13 M M 6.9 21 280 M M 7 1 26 270
3 55 48 52 0 13 0 0.57 M M 9.0 22 80 M M 9 1 29 140
4 62 49 56 4 9 0 1.17 M M 26.8 47 180 M M 9 18 77 180
5 60 51 56 3 9 0 0.07 M M 10.5 30 200 M M 8 3 42 190
6 58 44 51 -2 14 0 0.00 M M 7.9 21 280 M M 4 18 26 270
7 54 49 52 -1 13 0 0.34 M M 15.2 33 280 M M 7 18 44 290
8 56 40 48 -5 17 0 T M M 5.7 20 300 M M 4 24 280
9 57 41 49 -4 16 0 0.00 M M 4.8 17 290 M M 5 8 21 300
10 61 45 53 0 12 0 T M M 8.7 18 280 M M 1 8 22 360
11 59 44 52 -1 13 0 0.00 M M 6.1 15 290 M M 4 8 18 290
12 59 46 53 0 12 0 0.00 M M 5.6 16 280 M M 5 18 22 280
13 57 47 52 -1 13 0 0.00 M M 5.4 15 300 M M 7 1 19 270
14 59 49 54 1 11 0 0.11 M M 8.7 26 170 M M 9 18 37 200
15 61 48 55 1 10 0 T M M 5.7 15 270 M M 7 18 19 280
16 58 49 54 0 11 0 0.00 M M 2.6 10 190 M M 9 16 180
17 58 51 55 1 10 0 0.38 M M 8.1 30 180 M M 9 1 39 180
18 66 47 57 3 8 0 0.32 M M 11.5 35 190 M M 6 1 51 190
19 64 54 59 5 6 0 0.23 M M 22.5 43 200 M M 7 138 60 200
20 58 50 54 0 11 0 0.55 M M 6.3 17 180 M M 8 18 31 170
21 59 44 52 -2 13 0 T M M 5.7 13 230 M M 4 M M
22 59 48 54 0 11 0 0.00 M M 4.6 9 290 M M 4 18 12 350
23 65 46 56 2 9 0 0.00 M M 3.2 16 80 M M 5 20 80
24 69 48 59 5 6 0 0.00 M M 2.3 12 280 M M 3 14 290
25 65 49 57 3 8 0 0.00 M M 4.6 20 270 M M 4 26 280
26 62 52 57 3 8 0 0.01 M M 9.0 22 290 M M 6 8 27 290
27 62 47 55 1 10 0 0.00 M M 9.4 17 280 M M 3 23 290
28 65 44 55 0 10 0 0.00 M M 5.9 18 290 M M 1 8 26 290
29 58 50 54 -1 11 0 0.31 M M 11.6 31 200 M M 9 18 46 200
================================================================================
SM 1743 1379 316 0 4.60 M 241.5 M 172
================================================================================
AV 60.1 47.6 8.3 FASTST M M 6 MAX(MPH)
MISC ----> 47 180 77 180
================================================================================
NOTES:
# LAST OF SEVERAL OCCURRENCES
COLUMN 17 PEAK WIND IN M.P.H.
PRELIMINARY LOCAL CLIMATOLOGICAL DATA (WS FORM: F-6) , PAGE 2
STATION: SAN FRANCISCO AIRPORT
MONTH: FEBRUARY
YEAR: 2024
LATITUDE: 37 37 N
LONGITUDE: 122 23 W
[TEMPERATURE DATA] [PRECIPITATION DATA] SYMBOLS USED IN COLUMN 16
AVERAGE MONTHLY: 53.8 TOTAL FOR MONTH: 4.60 1 = FOG OR MIST
DPTR FM NORMAL: 0.3 DPTR FM NORMAL: 0.64 2 = FOG REDUCING VISIBILITY
HIGHEST: 69 ON 24 GRTST 24HR 1.63 ON 3- 4 TO 1/4 MILE OR LESS
LOWEST: 40 ON 8 3 = THUNDER
SNOW, ICE PELLETS, HAIL 4 = ICE PELLETS
TOTAL MONTH: M 5 = HAIL
GRTST 24HR M ON M 6 = FREEZING RAIN OR DRIZZLE
GRTST DEPTH: M ON M 7 = DUSTSTORM OR SANDSTORM:
VSBY 1/2 MILE OR LESS
8 = SMOKE OR HAZE
[NO. OF DAYS WITH] [WEATHER - DAYS WITH] 9 = BLOWING SNOW
X = TORNADO
MAX 32 OR BELOW: 0 0.01 INCH OR MORE: 13
MAX 90 OR ABOVE: 0 0.10 INCH OR MORE: 11
MIN 32 OR BELOW: 0 0.50 INCH OR MORE: 3
MIN 0 OR BELOW: 0 1.00 INCH OR MORE: 1
[HDD (BASE 65) ]
TOTAL THIS MO. 316 CLEAR (SCALE 0-3) 3
DPTR FM NORMAL -7 PTCLDY (SCALE 4-7) 20
TOTAL FM JUL 1 1141 CLOUDY (SCALE 8-10) 6
DPTR FM NORMAL -558
[CDD (BASE 65) ]
TOTAL THIS MO. 0
DPTR FM NORMAL 0 [PRESSURE DATA]
TOTAL FM JAN 1 0 HIGHEST SLP M ON M
DPTR FM NORMAL 0 LOWEST SLP 29.28 ON 4
[REMARKS]
#FINAL-02-24#