000
CXUS56 KMFR 010930
CF6SIY
PRELIMINARY LOCAL CLIMATOLOGICAL DATA (WS FORM: F-6)
STATION: MONTAGUE CA
MONTH: JULY
YEAR: 2022
LATITUDE: 41 46 N
LONGITUDE: 122 28 W
TEMPERATURE IN F: :PCPN: SNOW: WIND :SUNSHINE: SKY :PK WND
================================================================================
1 2 3 4 5 6A 6B 7 8 9 10 11 12 13 14 15 16 17 18
12Z AVG MX 2MIN
DY MAX MIN AVG DEP HDD CDD WTR SNW DPTH SPD SPD DIR MIN PSBL S-S WX SPD DR
================================================================================
1 92 52 72 2 0 7 0.00 M M 8.0 22 350 M M 0 28 340
2 89 52 71 0 0 6 0.27 M M 6.5 26 290 M M 3 3 38 270
3 76 51 64 -7 1 0 0.01 M M 5.1 18 180 M M 5 22 180
4 73 56 65 -7 0 0 0.03 M M 4.0 18 280 M M 8 1 24 280
5 81 59 70 -2 0 5 0.02 M M 11.7 29 180 M M 8 1 37 200
6 85 54 70 -2 0 5 0.00 M M 10.9 24 170 M M 2 34 150
7 88 54 71 -1 0 6 0.00 M M 7.7 18 360 M M 2 25 10
8 89 52 71 -2 0 6 0.00 M M 6.5 18 10 M M 1 26 20
9 91 54 73 0 0 8 0.00 M M 6.2 20 340 M M 1 26 340
10 94 59 77 4 0 12 0.00 M M 9.8 21 340 M M 0 27 350
11 103 57 80 6 0 15 0.00 M M 6.0 14 350 M M 0 17 360
12 102 61 82 8 0 17 0.00 M M 8.6 21 350 M M 0 33 140
13 98 66 82 8 0 17 0.00 M M 8.3 22 360 M M 0 28 360
14 98 61 80 6 0 15 0.00 M M 7.6 21 360 M M 0 27 340
15 98 59 79 5 0 14 0.00 M M 8.4 22 330 M M 0 29 330
16 99 59 79 4 0 14 0.00 M M 7.5 22 330 M M 0 27 330
17 98 59 79 4 0 14 0.00 M M 10.0 25 10 M M 0 32 10
18 98 57 78 3 0 13 0.00 M M 6.8 22 330 M M 0 28 350
19 100 56 78 3 0 13 0.00 M M 5.7 18 340 M M 0 22 340
20 101 57 79 4 0 14 0.00 M M 5.7 21 290 M M 0 26 280
21 102 55 79 4 0 14 0.00 M M 7.3 23 360 M M 0 36 300
22 96 54 75 0 0 10 0.00 M M 7.6 23 350 M M 0 28 350
23 98 57 78 3 0 13 0.00 M M 9.0 23 10 M M 0 29 360
24 102 54 78 3 0 13 0.00 M M 6.3 18 350 M M 0 23 360
25 106 60 83 8 0 18 0.00 M M 5.5 20 330 M M 0 24 330
26 107 62 85 10 0 20 0.00 M M 6.5 17 310 M M 0 25 190
27 110 68 89 14 0 24 0.00 M M 6.3 30 320 M M 0 38 320
28 111 66 89 14 0 24 0.00 M M 5.4 21 330 M M 0 8 26 330
29 111 68 90 15 0 25 0.00 M M 4.1 16 300 M M 0 8 22 290
30 110 69 90 15 0 25 0.00 M M 6.2 30 180 M M 2 8 40 60
31 104 68 86 11 0 21 0.09 M M 5.6 18 140 M M 6 38 25 150
================================================================================
SM 3010 1816 1 408 0.42 M 220.8 M 38
================================================================================
AV 97.1 58.6 7.1 FASTST M M 1 MAX(MPH)
MISC ----> # 30 320 40 60
================================================================================
NOTES:
# LAST OF SEVERAL OCCURRENCES
COLUMN 17 PEAK WIND IN M.P.H.
PRELIMINARY LOCAL CLIMATOLOGICAL DATA (WS FORM: F-6) , PAGE 2
STATION: MONTAGUE CA
MONTH: JULY
YEAR: 2022
LATITUDE: 41 46 N
LONGITUDE: 122 28 W
[TEMPERATURE DATA] [PRECIPITATION DATA] SYMBOLS USED IN COLUMN 16
AVERAGE MONTHLY: 77.8 TOTAL FOR MONTH: 0.42 1 = FOG OR MIST
DPTR FM NORMAL: 3.8 DPTR FM NORMAL: 0.26 2 = FOG REDUCING VISIBILITY
HIGHEST: 111 ON 29,28 GRTST 24HR 0.27 ON 2- 2 TO 1/4 MILE OR LESS
LOWEST: 51 ON 3 3 = THUNDER
SNOW, ICE PELLETS, HAIL 4 = ICE PELLETS
TOTAL MONTH: M 5 = HAIL
GRTST 24HR M ON M 6 = FREEZING RAIN OR DRIZZLE
GRTST DEPTH: M ON M 7 = DUSTSTORM OR SANDSTORM:
VSBY 1/2 MILE OR LESS
8 = SMOKE OR HAZE
[NO. OF DAYS WITH] [WEATHER - DAYS WITH] 9 = BLOWING SNOW
X = TORNADO
MAX 32 OR BELOW: 0 0.01 INCH OR MORE: 5
MAX 90 OR ABOVE: 24 0.10 INCH OR MORE: 1
MIN 32 OR BELOW: 0 0.50 INCH OR MORE: 0
MIN 0 OR BELOW: 0 1.00 INCH OR MORE: 0
[HDD (BASE 65) ]
TOTAL THIS MO. 1 CLEAR (SCALE 0-3) 26
DPTR FM NORMAL -3 PTCLDY (SCALE 4-7) 4
TOTAL FM JUL 1 1 CLOUDY (SCALE 8-10) 1
DPTR FM NORMAL 1
[CDD (BASE 65) ]
TOTAL THIS MO. 408
DPTR FM NORMAL 127 [PRESSURE DATA]
TOTAL FM JAN 1 555 HIGHEST SLP M ON M
DPTR FM NORMAL 173 LOWEST SLP 29.75 ON 12
[REMARKS]
#FINAL-07-22#