000
CXUS56 KFGZ 010900
CF6SJN
PRELIMINARY LOCAL CLIMATOLOGICAL DATA (WS FORM: F-6)
STATION: SAINT JOHNS AZ AIRPORT
MONTH: MAY
YEAR: 2020
LATITUDE: 34 31 N
LONGITUDE: 109 23 W
TEMPERATURE IN F: :PCPN: SNOW: WIND :SUNSHINE: SKY :PK WND
================================================================================
1 2 3 4 5 6A 6B 7 8 9 10 11 12 13 14 15 16 17 18
12Z AVG MX 2MIN
DY MAX MIN AVG DEP HDD CDD WTR SNW DPTH SPD SPD DIR MIN PSBL S-S WX SPD DR
================================================================================
1 87 52 70 12 0 5 0.00 M M 9.4 28 250 M M 0 34 240
2 85 42 64 5 1 0 0.00 M M 11.6 28 250 M M 0 37 260
3 84 49 67 8 0 2 0.00 M M 11.8 26 240 M M 0 35 230
4 80 42 61 2 4 0 0.00 M M 6.9 22 320 M M 0 31 300
5 85 39 62 3 3 0 0.00 0.0 0 6.2 21 330 M M 0 27 340
6 91 40 66 6 0 1 0.00 0.0 0 9.5 25 250 M M 0 35 260
7 87 51 69 9 0 4 0.00 M M 10.0 23 310 M M 0 30 320
8 83 39 61 1 4 0 0.00 M M 9.1 25 290 M M 0 31 300
9 84 43 64 3 1 0 0.00 M M 7.5 22 320 M M 0 28 330
10 82 51 67 6 0 2 T M M 8.8 32 180 M M 2 42 190
11 80 51 66 5 0 1 0.03 M M 12.2 26 260 M M 3 1 37 250
12 79 51 65 4 0 0 0.00 M M 12.8 26 250 M M 0 34 240
13 79 41 60 -2 5 0 0.00 M M 11.5 29 270 M M 0 39 270
14 79 44 62 0 3 0 0.00 M M 9.5 23 260 M M 0 30 290
15 80 45 63 1 2 0 0.00 M M 8.4 23 290 M M 0 29 280
16 83 48 66 4 0 1 0.00 M M 7.0 18 290 M M 0 23 320
17 87 52 70 7 0 5 0.00 M M 8.1 24 250 M M 0 30 230
18 89 42 66 3 0 1 0.00 M M 9.5 29 240 M M 0 37 240
19 85 50 68 5 0 3 0.00 M M 11.4 29 230 M M 0 36 230
20 75 48 62 -2 3 0 0.00 M M 12.4 29 260 M M 0 39 270
21 75 41 58 -6 7 0 0.00 M M 7.3 18 310 M M 0 24 300
22 81 38 60 -4 5 0 0.00 M M 10.1 29 240 M M 0 37 230
23 80 40 60 -4 5 0 0.00 M M 11.1 28 250 M M 0 35 260
24 76 45 61 -4 4 0 0.00 M M 9.4 22 300 M M 0 27 310
25 76 37 57 -8 8 0 0.00 M M 6.6 18 300 M M 0 24 310
26 83 60 72 7 0 7 0.00 M M 6.9 12 310 M M 0 18 290
27 91 47 69 4 0 4 0.00 M M 6.2 23 290 M M 0 28 290
28 92 55 74 8 0 9 T M M 7.2 29 340 M M 0 42 360
29 93 51 72 6 0 7 0.00 M M 7.9 30 220 M M 1 38 220
30 90 62 76 10 0 11 T M M 8.2 25 230 M M 3 3 35 180
31 89 56 73 6 0 8 T 0.0 0 11.9 32 220 M M 2 3 41 270
================================================================================
SM 2590 1452 55 71 0.03 0.0 286.4 M 11
================================================================================
AV 83.6 46.8 9.2 FASTST M M 0 MAX(MPH)
MISC ----> # 32 180 # 42 190
================================================================================
NOTES:
# LAST OF SEVERAL OCCURRENCES
COLUMN 17 PEAK WIND IN M.P.H.
PRELIMINARY LOCAL CLIMATOLOGICAL DATA (WS FORM: F-6) , PAGE 2
STATION: SAINT JOHNS AZ AIRPORT
MONTH: MAY
YEAR: 2020
LATITUDE: 34 31 N
LONGITUDE: 109 23 W
[TEMPERATURE DATA] [PRECIPITATION DATA] SYMBOLS USED IN COLUMN 16
AVERAGE MONTHLY: 65.2 TOTAL FOR MONTH: 0.03 1 = FOG OR MIST
DPTR FM NORMAL: 2.8 DPTR FM NORMAL: -0.45 2 = FOG REDUCING VISIBILITY
HIGHEST: 93 ON 29 GRTST 24HR 0.03 ON 11-11 TO 1/4 MILE OR LESS
LOWEST: 37 ON 25 3 = THUNDER
SNOW, ICE PELLETS, HAIL 4 = ICE PELLETS
TOTAL MONTH: 0.0 INCH 5 = HAIL
GRTST 24HR 0.0 6 = FREEZING RAIN OR DRIZZLE
GRTST DEPTH: 0 7 = DUSTSTORM OR SANDSTORM:
VSBY 1/2 MILE OR LESS
8 = SMOKE OR HAZE
[NO. OF DAYS WITH] [WEATHER - DAYS WITH] 9 = BLOWING SNOW
X = TORNADO
MAX 32 OR BELOW: 0 0.01 INCH OR MORE: 1
MAX 90 OR ABOVE: 5 0.10 INCH OR MORE: 0
MIN 32 OR BELOW: 0 0.50 INCH OR MORE: 0
MIN 0 OR BELOW: 0 1.00 INCH OR MORE: 0
[HDD (BASE 65) ]
TOTAL THIS MO. 55 CLEAR (SCALE 0-3) 30
DPTR FM NORMAL -72 PTCLDY (SCALE 4-7) 1
TOTAL FM JUL 1 4582 CLOUDY (SCALE 8-10) 0
DPTR FM NORMAL -112
[CDD (BASE 65) ]
TOTAL THIS MO. 71
DPTR FM NORMAL 25 [PRESSURE DATA]
TOTAL FM JAN 1 77 HIGHEST SLP M ON M
DPTR FM NORMAL 31 LOWEST SLP 29.72 ON M
[REMARKS]
#FINAL-05-20#