000
CXUS56 KSLC 011540
CF6SLC
PRELIMINARY LOCAL CLIMATOLOGICAL DATA (WS FORM: F-6)
STATION: SALT LAKE CITY UT
MONTH: FEBRUARY
YEAR: 2021
LATITUDE: 40 46 N
LONGITUDE: 111 58 W
TEMPERATURE IN F: :PCPN: SNOW: WIND :SUNSHINE: SKY :PK WND
================================================================================
1 2 3 4 5 6A 6B 7 8 9 10 11 12 13 14 15 16 17 18
12Z AVG MX 2MIN
DY MAX MIN AVG DEP HDD CDD WTR SNW DPTH SPD SPD DIR MIN PSBL S-S WX SPD DR
================================================================================
1 47 26 37 6 28 0 0.00 0.0 0 3.8 12 330 M M 2 12 330
2 50 28 39 8 26 0 0.00 0.0 0 3.9 12 350 M M 2 18 16 330
3 51 30 41 10 24 0 0.16 0.4 0 10.0 29 320 M M 6 1 36 320
4 38 31 35 4 30 0 T T T 6.6 16 280 M M 9 19 280
5 36 32 34 3 31 0 0.10 1.0 0 8.8 22 180 M M 9 18 27 170
6 49 28 39 7 26 0 0.00 0.0 0 9.5 21 150 M M 4 29 150
7 55 30 43 11 22 0 0.00 0.0 0 6.8 20 280 M M 1 24 290
8 53 31 42 10 23 0 0.00 0.0 0 6.6 14 340 M M 1 17 330
9 48 34 41 9 24 0 0.00 0.0 0 6.1 15 160 M M 9 19 160
10 53 39 46 14 19 0 0.01 0.0 0 3.6 10 330 M M 7 14 330
11 53 35 44 11 21 0 T 0.0 0 5.4 14 180 M M 7 19 170
12 49 41 45 12 20 0 0.16 0.0 0 6.1 21 300 M M 10 1 26 290
13 42 28 35 2 30 0 0.45 1.0 0 9.1 28 330 M M 10 18 34 350
14 36 24 30 -4 35 0 0.03 0.0 1 6.9 23 330 M M 9 1 28 330
15 36 31 34 0 31 0 0.04 T 0 13.3 28 340 M M 9 13 34 350
16 38 29 34 0 31 0 0.26 1.6 T 8.0 23 350 M M 10 138 27 330
17 35 19 27 -8 38 0 0.45 11.7 6 7.8 15 330 M M 7 12 17 320
18 36 20 28 -7 37 0 T T 6 5.7 13 140 M M 5 17 140
19 44 29 37 2 28 0 T T 4 7.5 17 290 M M 9 26 280
20 44 32 38 2 27 0 0.02 T 1 10.0 24 330 M M 7 5 29 300
21 41 30 36 0 29 0 0.00 0.0 T 6.6 17 280 M M 6 20 280
22 49 32 41 5 24 0 0.00 0.0 0 7.4 15 150 M M 3 17 140
23 47 30 39 2 26 0 0.00 0.0 0 8.8 20 330 M M 2 25 330
24 39 24 32 -5 33 0 0.04 0.7 0 8.0 18 330 M M 3 1 24 330
25 39 22 31 -7 34 0 0.00 0.0 0 3.4 10 130 M M 2 14 120
26 44 29 37 -1 28 0 0.01 0.2 0 8.2 32 300 M M 9 18 38 310
27 35 26 31 -7 34 0 0.02 0.2 T 8.3 18 270 M M 7 12 25 250
28 37 24 31 -8 34 0 T T T 5.7 13 270 M M 5 18 17 280
================================================================================
SM 1224 814 793 0 1.75 16.8 201.9 M 170
================================================================================
AV 43.7 29.1 7.2 FASTST M M 6 MAX(MPH)
MISC ----> 32 300 38 310
================================================================================
NOTES:
# LAST OF SEVERAL OCCURRENCES
COLUMN 17 PEAK WIND IN M.P.H.
PRELIMINARY LOCAL CLIMATOLOGICAL DATA (WS FORM: F-6) , PAGE 2
STATION: SALT LAKE CITY UT
MONTH: FEBRUARY
YEAR: 2021
LATITUDE: 40 46 N
LONGITUDE: 111 58 W
[TEMPERATURE DATA] [PRECIPITATION DATA] SYMBOLS USED IN COLUMN 16
AVERAGE MONTHLY: 36.4 TOTAL FOR MONTH: 1.75 1 = FOG OR MIST
DPTR FM NORMAL: 2.2 DPTR FM NORMAL: 0.50 2 = FOG REDUCING VISIBILITY
HIGHEST: 55 ON 7 GRTST 24HR 0.54 ON 16-17 TO 1/4 MILE OR LESS
LOWEST: 19 ON 17 3 = THUNDER
SNOW, ICE PELLETS, HAIL 4 = ICE PELLETS
TOTAL MONTH: 16.8 INCHES 5 = HAIL
GRTST 24HR 11.7 ON 17-17 6 = FREEZING RAIN OR DRIZZLE
GRTST DEPTH: 6 ON 18,17 7 = DUSTSTORM OR SANDSTORM:
VSBY 1/2 MILE OR LESS
8 = SMOKE OR HAZE
[NO. OF DAYS WITH] [WEATHER - DAYS WITH] 9 = BLOWING SNOW
X = TORNADO
MAX 32 OR BELOW: 0 0.01 INCH OR MORE: 13
MAX 90 OR ABOVE: 0 0.10 INCH OR MORE: 6
MIN 32 OR BELOW: 24 0.50 INCH OR MORE: 0
MIN 0 OR BELOW: 0 1.00 INCH OR MORE: 0
[HDD (BASE 65) ]
TOTAL THIS MO. 793 CLEAR (SCALE 0-3) 7
DPTR FM NORMAL -69 PTCLDY (SCALE 4-7) 11
TOTAL FM JUL 1 3872 CLOUDY (SCALE 8-10) 10
DPTR FM NORMAL -384
[CDD (BASE 65) ]
TOTAL THIS MO. 0
DPTR FM NORMAL 0 [PRESSURE DATA]
TOTAL FM JAN 1 0 HIGHEST SLP 30.52 ON 22
DPTR FM NORMAL 0 LOWEST SLP 29.51 ON 13
[REMARKS]
#FINAL-02-21#