000
CXUS56 KSGX 011045
CF6SNA
PRELIMINARY LOCAL CLIMATOLOGICAL DATA (WS FORM: F-6)
STATION: JOHN WAYNE AIRPORT CA
MONTH: JUNE
YEAR: 2022
LATITUDE: 33 40 N
LONGITUDE: 117 53 W
TEMPERATURE IN F: :PCPN: SNOW: WIND :SUNSHINE: SKY :PK WND
================================================================================
1 2 3 4 5 6A 6B 7 8 9 10 11 12 13 14 15 16 17 18
12Z AVG MX 2MIN
DY MAX MIN AVG DEP HDD CDD WTR SNW DPTH SPD SPD DIR MIN PSBL S-S WX SPD DR
================================================================================
1 75 62 69 3 0 4 0.00 M M 7.0 17 200 M M 1 8 20 190
2 72 61 67 1 0 2 0.00 M M 7.4 16 190 M M 7 22 220
3 74 62 68 1 0 3 0.00 M M 5.4 15 200 M M 8 20 200
4 74 65 70 3 0 5 0.00 M M 5.6 13 200 M M 8 17 200
5 76 65 71 4 0 6 0.00 M M 6.4 13 210 M M 5 18 220
6 76 65 71 4 0 6 0.00 M M 7.1 16 210 M M 5 19 190
7 76 65 71 4 0 6 0.00 M M 6.5 15 190 M M 7 20 200
8 76 65 71 4 0 6 0.00 M M 6.6 14 190 M M 7 20 190
9 76 65 71 4 0 6 0.00 M M 5.9 14 210 M M 7 19 200
10 79 63 71 4 0 6 0.00 M M 6.7 16 190 M M 4 18 20 190
11 79 65 72 4 0 7 0.00 M M 5.2 15 190 M M 3 18 20 200
12 75 64 70 2 0 5 0.00 M M 7.5 17 200 M M 5 22 200
13 77 66 72 4 0 7 T M M 6.9 14 200 M M 8 18 18 210
14 78 67 73 5 0 8 0.00 M M 7.2 15 210 M M 5 23 200
15 77 66 72 4 0 7 0.00 M M 7.0 16 190 M M 4 20 190
16 77 66 72 4 0 7 0.00 M M 6.7 15 180 M M 8 22 210
17 76 66 71 3 0 6 0.00 M M 7.0 16 210 M M 6 22 200
18 75 65 70 1 0 5 0.00 M M 6.8 16 190 M M 4 20 210
19 79 63 71 2 0 6 0.00 M M 4.1 14 220 M M 0 18 220
20 88 63 76 7 0 11 0.00 M M 5.8 15 200 M M 0 18 210
21 81 66 74 5 0 9 0.00 M M 6.8 18 210 M M 2 21 210
22 85 68 77 8 0 12 T M M 4.8 12 190 M M 4 3 15 200
23 85 67 76 6 0 11 0.00 M M 4.9 12 220 M M 1 15 220
24 85 64 75 5 0 10 0.00 M M 4.5 12 210 M M 0 8 16 210
25 81 62 72 2 0 7 0.00 M M 5.0 15 200 M M 3 18 17 190
26 81 61 71 1 0 6 0.00 M M 6.1 12 200 M M 4 18 16 210
27 83 65 74 4 0 9 0.00 M M 4.7 13 190 M M 3 8 16 230
28 84 67 76 6 0 11 0.00 M M 6.5 16 220 M M 1 21 210
29 81 68 75 4 0 10 0.00 M M 7.2 16 210 M M 2 20 210
30 81 66 74 3 0 9 0.00 M M 6.5 14 210 M M 4 8 18 210
================================================================================
SM 2362 1943 0 213 T M 185.8 M 126
================================================================================
AV 78.7 64.8 6.2 FASTST M M 4 MAX(MPH)
MISC ----> 18 210 23 200
================================================================================
NOTES:
# LAST OF SEVERAL OCCURRENCES
COLUMN 17 PEAK WIND IN M.P.H.
PRELIMINARY LOCAL CLIMATOLOGICAL DATA (WS FORM: F-6) , PAGE 2
STATION: JOHN WAYNE AIRPORT CA
MONTH: JUNE
YEAR: 2022
LATITUDE: 33 40 N
LONGITUDE: 117 53 W
[TEMPERATURE DATA] [PRECIPITATION DATA] SYMBOLS USED IN COLUMN 16
AVERAGE MONTHLY: 71.8 TOTAL FOR MONTH: T 1 = FOG OR MIST
DPTR FM NORMAL: 3.4 DPTR FM NORMAL: -0.01 2 = FOG REDUCING VISIBILITY
HIGHEST: 88 ON 20 GRTST 24HR T ON 13-13 TO 1/4 MILE OR LESS
LOWEST: 61 ON 26, 2 3 = THUNDER
SNOW, ICE PELLETS, HAIL 4 = ICE PELLETS
TOTAL MONTH: M 5 = HAIL
GRTST 24HR M ON M 6 = FREEZING RAIN OR DRIZZLE
GRTST DEPTH: M ON M 7 = DUSTSTORM OR SANDSTORM:
VSBY 1/2 MILE OR LESS
8 = SMOKE OR HAZE
[NO. OF DAYS WITH] [WEATHER - DAYS WITH] 9 = BLOWING SNOW
X = TORNADO
MAX 32 OR BELOW: 0 0.01 INCH OR MORE: 0
MAX 90 OR ABOVE: 0 0.10 INCH OR MORE: 0
MIN 32 OR BELOW: 0 0.50 INCH OR MORE: 0
MIN 0 OR BELOW: 0 1.00 INCH OR MORE: 0
[HDD (BASE 65) ]
TOTAL THIS MO. 0 CLEAR (SCALE 0-3) 9
DPTR FM NORMAL -4 PTCLDY (SCALE 4-7) 20
TOTAL FM JUL 1 649 CLOUDY (SCALE 8-10) 1
DPTR FM NORMAL -440
[CDD (BASE 65) ]
TOTAL THIS MO. 213
DPTR FM NORMAL 108 [PRESSURE DATA]
TOTAL FM JAN 1 421 HIGHEST SLP 30.02 ON 30
DPTR FM NORMAL 220 LOWEST SLP 29.75 ON 8
[REMARKS]
#FINAL-06-22#