000
CXUS54 KMAF 011110
CF6SNK
PRELIMINARY LOCAL CLIMATOLOGICAL DATA (WS FORM: F-6)
STATION: SNYDER WINSTON FIELD
MONTH: JULY
YEAR: 2023
LATITUDE: 32 41 N
LONGITUDE: 100 57 W
TEMPERATURE IN F: :PCPN: SNOW: WIND :SUNSHINE: SKY :PK WND
================================================================================
1 2 3 4 5 6A 6B 7 8 9 10 11 12 13 14 15 16 17 18
12Z AVG MX 2MIN
DY MAX MIN AVG DEP HDD CDD WTR SNW DPTH SPD SPD DIR MIN PSBL S-S WX SPD DR
================================================================================
1 81 68 75 M 0 10 M M M 10.3 18 90 M M 6 24 90
2 89 67 78 M 0 13 M M M 4.1 9 220 M M 2 M M
3 93 70 82 M 0 17 M M M 5.6 10 210 M M 0 24 230
4 94 72 83 M 0 18 M M M 8.2 14 210 M M 2 18 210
5 96 72 84 M 0 19 M M M 9.1 13 140 M M 1 18 210
6 91 72 82 M 0 17 M M M 8.3 15 40 M M 3 28 340
7 93 73 83 M 0 18 M M M 11.4 22 170 M M 0 29 170
8 96 75 86 M 0 21 M M M 8.7 18 200 M M 2 24 200
9 95 75 85 M 0 20 M M M 12.7 22 60 M M 0 28 60
10 101 71 86 M 0 21 M M M 8.9 17 50 M M 1 3 28 0
11 101 70 86 M 0 21 0.57 M M 9.4 14 160 M M 1 3 32 180
12 107 80 94 M 0 29 M M M 11.9 22 350 M M 0 28 350
13 106 80 93 M 0 28 M M M 9.1 17 160 M M 0 22 230
14 102 76 89 M 0 24 M M M 8.3 15 150 M M 0 21 150
15 96 79 88 M 0 23 M M M 11.7 18 40 M M 0 26 60
16 99 69 84 M 0 19 M M M 8.8 46 350 M M 1 8 54 350
17 103 74 89 M 0 24 M M M 9.3 15 160 M M 0 26 210
18 107 75 91 M 0 26 M M M 11.7 20 200 M M 0 26 210
19 104 75 90 M 0 25 M M M 11.4 20 200 M M 0 25 200
20 101 78 90 M 0 25 M M M 6.9 13 190 M M 0 21 140
21 94 76 85 M 0 20 M M M 9.4 17 60 M M 0 25 60
22 92 73 83 M 0 18 M M M 6.9 14 70 M M 3 20 70
23 98 70 84 M 0 19 M M M 5.2 9 100 M M 0 M M
24 101 73 87 M 0 22 M M M 7.4 12 230 M M 0 17 230
25 101 76 89 M 0 24 M M M 10.8 15 140 M M 0 25 180
26 100 73 87 M 0 22 M M M 8.8 13 150 M M 0 22 160
27 100 74 87 M 0 22 M M M 8.3 13 140 M M 0 18 140
28 99 74 87 M 0 22 M M M 7.8 13 140 M M 0 20 220
29 99 75 87 M 0 22 M M M 7.0 14 230 M M 0 22 130
30 99 73 86 M 0 21 M M M 7.4 14 120 M M 1 20 170
31 99 77 88 M 0 23 M M M 8.2 15 150 M M 1 20 160
================================================================================
SM 3037 2285 0 653 0.57 M 273.0 M 24
================================================================================
AV 98.0 73.7 8.8 FASTST M M 1 MAX(MPH)
MISC ----> 46 350 54 350
================================================================================
NOTES:
# LAST OF SEVERAL OCCURRENCES
COLUMN 17 PEAK WIND IN M.P.H.
PRELIMINARY LOCAL CLIMATOLOGICAL DATA (WS FORM: F-6) , PAGE 2
STATION: SNYDER WINSTON FIELD
MONTH: JULY
YEAR: 2023
LATITUDE: 32 41 N
LONGITUDE: 100 57 W
[TEMPERATURE DATA] [PRECIPITATION DATA] SYMBOLS USED IN COLUMN 16
AVERAGE MONTHLY: 85.8 TOTAL FOR MONTH: 0.57 1 = FOG OR MIST
DPTR FM NORMAL: 0.0 DPTR FM NORMAL: M 2 = FOG REDUCING VISIBILITY
HIGHEST: 107 ON 18,12 GRTST 24HR 0.57 ON 11-11 TO 1/4 MILE OR LESS
LOWEST: 67 ON 2 3 = THUNDER
SNOW, ICE PELLETS, HAIL 4 = ICE PELLETS
TOTAL MONTH: M 5 = HAIL
GRTST 24HR M ON M 6 = FREEZING RAIN OR DRIZZLE
GRTST DEPTH: M ON M 7 = DUSTSTORM OR SANDSTORM:
VSBY 1/2 MILE OR LESS
8 = SMOKE OR HAZE
[NO. OF DAYS WITH] [WEATHER - DAYS WITH] 9 = BLOWING SNOW
X = TORNADO
MAX 32 OR BELOW: 0 0.01 INCH OR MORE: 1
MAX 90 OR ABOVE: 29 0.10 INCH OR MORE: 1
MIN 32 OR BELOW: 0 0.50 INCH OR MORE: 1
MIN 0 OR BELOW: 0 1.00 INCH OR MORE: 0
[HDD (BASE 65) ]
TOTAL THIS MO. 0 CLEAR (SCALE 0-3) 30
DPTR FM NORMAL M PTCLDY (SCALE 4-7) 1
TOTAL FM JUL 1 0 CLOUDY (SCALE 8-10) 0
DPTR FM NORMAL M
[CDD (BASE 65) ]
TOTAL THIS MO. 653
DPTR FM NORMAL M [PRESSURE DATA]
TOTAL FM JAN 1 1453 HIGHEST SLP M ON M
DPTR FM NORMAL M LOWEST SLP M ON M
[REMARKS]
#FINAL-07-23#