000
CXUS55 KPIH 012128
CF6SNT
PRELIMINARY LOCAL CLIMATOLOGICAL DATA (WS FORM: F-6)
STATION: STANLEY
MONTH: SEPTEMBER
YEAR: 2021
LATITUDE: 44 10 N
LONGITUDE: 114 56 W
TEMPERATURE IN F: :PCPN: SNOW: WIND :SUNSHINE: SKY :PK WND
================================================================================
1 2 3 4 5 6A 6B 7 8 9 10 11 12 13 14 15 16 17 18
12Z AVG MX 2MIN
DY MAX MIN AVG DEP HDD CDD WTR SNW DPTH SPD SPD DIR MIN PSBL S-S WX SPD DR
================================================================================
1 73 M M M M M 0.00 M M 2.7 12 270 M M 0 19 270
2 72 24 48 -6 17 0 0.00 M M 3.1 15 180 M M 0 23 330
3 74 24 49 -5 16 0 0.00 M M 3.8 13 330 M M 0 20 340
4 79 21 50 -4 15 0 0.00 M M 3.6 14 330 M M 0 22 340
5 83 29 56 3 9 0 0.00 M M 2.9 14 240 M M 0 26 260
6 82 29 56 3 9 0 0.00 M M 4.6 15 310 M M 0 28 330
7 85 30 58 5 7 0 0.00 M M 3.2 8 170 M M 0 15 260
8 89 31 60 7 5 0 0.00 M M 2.6 15 300 M M 0 27 290
9 87 36 62 10 3 0 0.00 M M 3.8 16 200 M M 0 29 180
10 78 40 59 7 6 0 0.01 M M 3.7 18 280 M M 0 35 220
11 70 35 53 1 12 0 0.00 M M 3.3 14 270 M M 0 21 280
12 73 25 49 -2 16 0 0.00 M M 3.2 13 290 M M 0 22 310
13 74 28 51 0 14 0 0.00 M M 3.2 14 270 M M 0 23 270
14 75 22 49 -2 16 0 0.00 M M 3.4 14 320 M M 0 23 320
15 75 27 51 1 14 0 0.00 M M 3.9 18 190 M M 0 33 200
16 69 28 49 -1 16 0 0.00 M M 5.3 14 330 M M 0 23 360
17 74 16 45 -5 20 0 0.00 M M 4.3 16 210 M M 0 27 210
18 72 35 54 4 11 0 M M M 6.4 21 200 M M 0 35 190
19 47 30 39 -10 26 0 0.03 M M 4.4 17 150 M M 0 26 230
20 56 28 42 -7 23 0 0.00 M M 3.2 10 330 M M 0 17 10
21 72 M M M M M 0.00 M M 1.9 10 140 M M 0 18 130
22 71 26 49 1 16 0 0.00 M M 3.5 20 300 M M 0 39 290
23 69 M M M M M M M M 1.6 8 340 M M 0 13 350
24 77 25 51 3 14 0 0.00 M M 2.3 9 330 M M 0 13 30
25 78 28 53 6 12 0 0.00 M M 3.1 13 270 M M 0 20 290
26 78 27 53 6 12 0 0.00 M M 3.4 12 270 M M 0 21 250
27 75 26 51 4 14 0 0.00 M M 5.5 18 170 M M 0 30 150
28 48 22 35 -11 30 0 0.00 M M 4.3 15 340 M M 0 26 360
29 57 14 36 -10 29 0 0.00 M M 2.9 12 20 M M 0 17 10
30 67 15 41 -5 24 0 0.00 M M 2.7 8 320 M M 0 14 10
================================================================================
SM 2179 721 406 0 0.04 M 105.8 M 0
================================================================================
AV 72.6 26.7 3.5 FASTST M M 0 MAX(MPH)
MISC ----> 21 200 39 290
================================================================================
NOTES:
# LAST OF SEVERAL OCCURRENCES
1ST: POWER OUTAGE FROM AUG 31ST CONTINUES. RESTORED AT 0851 MST (1551Z).
MISSING LOW AND MAXIMUM RH.
18TH: WARM RESTART DURING PRECIPITATION EVENT WITH MISSING OBSERVATIONS
FROM 2215 MST (0515Z) TO 2345 MST (0645Z). 0.21 INCHES RECORDED UP
THROUGH 2151 MST (0451Z).
21ST: POWER OUTAGE AND LOSS OF DATA FROM 0000-1030 LST. MISSING LOW
TEMPERATURE AND MAXIMUM RH.
23RD: POWER OUTAGE AND LOSS OF DATA FROM 0400-1330 LST. MISSING LOW
TEMPERATURE, MAXIMUM RH, AND PRECIPITATION.
COLUMN 17 PEAK WIND IN M.P.H.
PRELIMINARY LOCAL CLIMATOLOGICAL DATA (WS FORM: F-6) , PAGE 2
STATION: STANLEY
MONTH: SEPTEMBER
YEAR: 2021
LATITUDE: 44 10 N
LONGITUDE: 114 56 W
[TEMPERATURE DATA] [PRECIPITATION DATA] SYMBOLS USED IN COLUMN 16
AVERAGE MONTHLY: 49.7 TOTAL FOR MONTH: 0.04 1 = FOG OR MIST
DPTR FM NORMAL: -0.6 DPTR FM NORMAL: -0.97 2 = FOG REDUCING VISIBILITY
HIGHEST: 89 ON 8 GRTST 24HR 0.03 ON 19-19 TO 1/4 MILE OR LESS
LOWEST: 14 ON 29 3 = THUNDER
SNOW, ICE PELLETS, HAIL 4 = ICE PELLETS
TOTAL MONTH: M 5 = HAIL
GRTST 24HR M ON M 6 = FREEZING RAIN OR DRIZZLE
GRTST DEPTH: M ON M 7 = DUSTSTORM OR SANDSTORM:
VSBY 1/2 MILE OR LESS
8 = SMOKE OR HAZE
[NO. OF DAYS WITH] [WEATHER - DAYS WITH] 9 = BLOWING SNOW
X = TORNADO
MAX 32 OR BELOW: 0 0.01 INCH OR MORE: 2
MAX 90 OR ABOVE: 0 0.10 INCH OR MORE: 0
MIN 32 OR BELOW: 23 0.50 INCH OR MORE: 0
MIN 0 OR BELOW: 0 1.00 INCH OR MORE: 0
[HDD (BASE 65) ]
TOTAL THIS MO. 406 CLEAR (SCALE 0-3) 30
DPTR FM NORMAL -35 PTCLDY (SCALE 4-7) 0
TOTAL FM JUL 1 657 CLOUDY (SCALE 8-10) 0
DPTR FM NORMAL -179
[CDD (BASE 65) ]
TOTAL THIS MO. 0
DPTR FM NORMAL 0 [PRESSURE DATA]
TOTAL FM JAN 1 44 HIGHEST SLP 30.45 ON 20
DPTR FM NORMAL 31 LOWEST SLP 29.49 ON 17
[REMARKS]
8TH: HIGH OF 89 BREAKS OLD RECORD OF 83 SET IN 1977.
9TH: HIGH OF 87 BREAKS OLD RECORD OF 84 SET IN 1981.
#FINAL-09-21#