000
CXUS55 KCYS 011610
CF6SNY
PRELIMINARY LOCAL CLIMATOLOGICAL DATA (WS FORM: F-6)
STATION: SIDNEY NEBRASKA AIRPORT
MONTH: JUNE
YEAR: 2023
LATITUDE: 41 5 N
LONGITUDE: 102 59 W
TEMPERATURE IN F: :PCPN: SNOW: WIND :SUNSHINE: SKY :PK WND
================================================================================
1 2 3 4 5 6A 6B 7 8 9 10 11 12 13 14 15 16 17 18
12Z AVG MX 2MIN
DY MAX MIN AVG DEP HDD CDD WTR SNW DPTH SPD SPD DIR MIN PSBL S-S WX SPD DR
================================================================================
1 74 50 62 0 3 0 0.57 M M 9.4 26 200 M M 3 138 36 200
2 74 47 61 -1 4 0 0.75 M M 6.9 21 120 M M 5 123 27 130
3 68 49 59 -3 6 0 0.04 M M 4.7 13 100 M M 7 1 17 90
4 72 47 60 -3 5 0 0.12 M M 8.7 26 90 M M 6 123 35 100
5 74 45 60 -3 5 0 0.00 M M 7.9 16 170 M M 1 12 23 200
6 76 51 64 0 1 0 0.00 M M 11.6 22 160 M M 1 35 160
7 79 51 65 1 0 0 0.00 M M 8.0 21 140 M M 1 1 27 160
8 81 51 66 2 0 1 0.00 M M 6.0 14 130 M M 1 1 19 210
9 83 50 67 2 0 2 0.54 M M 6.3 28 270 M M 1 38 37 280
10 77 52 65 0 0 0 0.84 M M 10.9 25 290 M M 3 13 35 300
11 64 53 59 -6 6 0 0.20 M M 8.1 17 40 M M 8 18 22 40
12 64 54 59 -7 6 0 0.09 M M 10.4 20 140 M M 9 18 28 130
13 71 52 62 -4 3 0 T M M 3.7 12 90 M M 5 1 16 50
14 75 49 62 -4 3 0 T M M 7.3 16 300 M M 1 22 280
15 78 55 67 1 0 2 0.14 M M 7.3 28 300 M M 5 13 42 300
16 63 54 59 -8 6 0 T M M 7.5 15 350 M M 8 1 20 360
17 73 48 61 -6 4 0 0.12 M M 7.1 23 310 M M 3 123 32 320
18 81 48 65 -2 0 0 0.00 M M 8.9 18 200 M M 0 26 200
19 87 57 72 4 0 7 0.00 M M 11.7 22 150 M M 0 30 160
20 82 59 71 3 0 6 0.00 M M 8.0 17 150 M M 1 18 23 170
21 81 57 69 1 0 4 1.45 M M 10.8 46 50 M M 7 1238 58 50
22 78 58 68 0 0 3 T M M 7.4 28 300 M M 2 1 40 150
23 80 57 69 0 0 4 0.12 M M 10.8 40 210 M M 7 123 65 210
24 78 49 64 -5 1 0 0.00 M M 14.3 32 310 M M 0 47 320
25 78 49 64 -5 1 0 0.00 M M 6.1 12 160 M M 0 15 360
26 81 54 68 -2 0 3 0.35 M M 15.3 26 80 M M 2 3 37 70
27 87 61 74 4 0 9 0.00 M M 13.4 24 50 M M 0 35 170
28 83 57 70 0 0 5 0.19 M M 10.7 25 30 M M 1 3 34 40
29 80 57 69 -1 0 4 0.17 M M 8.5 38 210 M M 4 13 57 210
30 72 52 62 -9 3 0 0.28 M M 7.1 21 350 M M 2 13 28 260
================================================================================
SM 2294 1573 57 50 5.97 M 264.8 M 94
================================================================================
AV 76.5 52.4 8.8 FASTST M M 3 MAX(MPH)
MISC ----> 46 50 65 210
================================================================================
NOTES:
# LAST OF SEVERAL OCCURRENCES
COLUMN 17 PEAK WIND IN M.P.H.
PRELIMINARY LOCAL CLIMATOLOGICAL DATA (WS FORM: F-6) , PAGE 2
STATION: SIDNEY NEBRASKA AIRPORT
MONTH: JUNE
YEAR: 2023
LATITUDE: 41 5 N
LONGITUDE: 102 59 W
[TEMPERATURE DATA] [PRECIPITATION DATA] SYMBOLS USED IN COLUMN 16
AVERAGE MONTHLY: 64.5 TOTAL FOR MONTH: 5.97 1 = FOG OR MIST
DPTR FM NORMAL: -2.1 DPTR FM NORMAL: 2.82 2 = FOG REDUCING VISIBILITY
HIGHEST: 87 ON 27,19 GRTST 24HR 1.45 ON 21-21 TO 1/4 MILE OR LESS
LOWEST: 45 ON 5 3 = THUNDER
SNOW, ICE PELLETS, HAIL 4 = ICE PELLETS
TOTAL MONTH: M 5 = HAIL
GRTST 24HR M ON M 6 = FREEZING RAIN OR DRIZZLE
GRTST DEPTH: M ON M 7 = DUSTSTORM OR SANDSTORM:
VSBY 1/2 MILE OR LESS
8 = SMOKE OR HAZE
[NO. OF DAYS WITH] [WEATHER - DAYS WITH] 9 = BLOWING SNOW
X = TORNADO
MAX 32 OR BELOW: 0 0.01 INCH OR MORE: 16
MAX 90 OR ABOVE: 0 0.10 INCH OR MORE: 14
MIN 32 OR BELOW: 0 0.50 INCH OR MORE: 5
MIN 0 OR BELOW: 0 1.00 INCH OR MORE: 1
[HDD (BASE 65) ]
TOTAL THIS MO. 57 CLEAR (SCALE 0-3) 18
DPTR FM NORMAL -12 PTCLDY (SCALE 4-7) 10
TOTAL FM JUL 1 7141 CLOUDY (SCALE 8-10) 2
DPTR FM NORMAL 460
[CDD (BASE 65) ]
TOTAL THIS MO. 50
DPTR FM NORMAL -64 [PRESSURE DATA]
TOTAL FM JAN 1 51 HIGHEST SLP 30.14 ON 5
DPTR FM NORMAL -78 LOWEST SLP 29.55 ON 27
[REMARKS]
#FINAL-06-23#