000
CXUS55 KPUB 011510
CF6SPD
PRELIMINARY LOCAL CLIMATOLOGICAL DATA (WS FORM: F-6)
STATION: SPRINGFIELD CO
MONTH: MARCH
YEAR: 2020
LATITUDE: 37 16 N
LONGITUDE: 102 37 W
TEMPERATURE IN F: :PCPN: SNOW: WIND :SUNSHINE: SKY :PK WND
================================================================================
1 2 3 4 5 6A 6B 7 8 9 10 11 12 13 14 15 16 17 18
12Z AVG MX 2MIN
DY MAX MIN AVG DEP HDD CDD WTR SNW DPTH SPD SPD DIR MIN PSBL S-S WX SPD DR
================================================================================
1 66 32 49 11 16 0 0.00 M M 12.4 25 80 M M 0 36 70
2 64 21 43 4 22 0 0.00 M M 10.8 24 190 M M 0 36 200
3 61 19 40 1 25 0 0.00 M M 10.3 21 190 M M 0 29 190
4 63 22 43 4 22 0 0.00 M M 13.3 25 200 M M 0 36 190
5 54 26 40 0 25 0 0.00 M M 11.1 22 10 M M 0 30 350
6 67 25 46 6 19 0 0.00 0.0 M 17.5 33 220 M M 0 45 200
7 75 38 57 17 8 0 0.00 0.0 M 14.9 26 220 M M 0 37 200
8 70 43 57 17 8 0 0.00 0.0 M 16.8 32 190 M M 0 42 190
9 65 33 49 8 16 0 0.00 0.0 M 13.6 35 330 M M M 47 310
10 76 29 53 12 12 0 0.00 0.0 M 8.0 21 250 M M M 29 240
11 70 29 50 9 15 0 0.00 0.0 M 14.2 29 180 M M M 38 190
12 62 34 48 6 17 0 0.00 M M 10.6 23 80 M M M 28 80
13 37 30 34 -8 31 0 0.06 M M 15.5 25 130 M M M 36 140
14 41 31 36 -6 29 0 0.03 M M 10.8 18 200 M M M 26 200
15 49 32 41 -2 24 0 0.00 M M 15.1 30 190 M M M 38 190
16 64 25 45 2 20 0 0.01 M M 10.0 18 70 M M M 24 80
17 50 37 44 1 21 0 0.06 M M 14.9 26 170 M M 0 34 170
18 74 34 54 10 11 0 0.00 M M 11.9 32 200 M M 0 43 190
19 67 29 48 4 17 0 0.00 M M 25.3 44 310 M M 0 61 320
20 44 23 34 -10 31 0 0.00 M M 13.1 26 350 M M 0 37 350
21 62 27 45 1 20 0 0.00 M M 15.0 26 170 M M 0 36 190
22 70 29 50 5 15 0 0.00 M M 10.7 25 310 M M 0 36 290
23 67 37 52 7 13 0 0.00 M M 10.9 26 90 M M 0 40 60
24 71 33 52 7 13 0 0.00 M M 8.8 17 170 M M 0 28 170
25 84 41 63 18 2 0 0.00 M M 12.7 25 280 M M 0 37 290
26 81 41 61 15 4 0 0.00 M M 15.5 36 220 M M 0 52 240
27 73 37 55 9 10 0 0.00 M M 16.0 40 190 M M 0 52 190
28 56 24 40 -6 25 0 0.01 M M 18.9 36 340 M M 0 49 310
29 65 25 45 -2 20 0 0.00 M M 12.5 23 170 M M 0 35 160
30 67 30 49 2 16 0 0.00 M M 11.0 32 330 M M 0 44 320
31 75 31 53 6 12 0 0.00 0.0 M 11.3 29 190 M M 0 37 200
================================================================================
SM 1990 947 539 0 0.17 0.0 413.4 M 0
================================================================================
AV 64.2 30.5 13.3 FASTST M M 0 MAX(MPH)
MISC ----> 44 310 61 320
================================================================================
NOTES:
# LAST OF SEVERAL OCCURRENCES
COLUMN 17 PEAK WIND IN M.P.H.
PRELIMINARY LOCAL CLIMATOLOGICAL DATA (WS FORM: F-6) , PAGE 2
STATION: SPRINGFIELD CO
MONTH: MARCH
YEAR: 2020
LATITUDE: 37 16 N
LONGITUDE: 102 37 W
[TEMPERATURE DATA] [PRECIPITATION DATA] SYMBOLS USED IN COLUMN 16
AVERAGE MONTHLY: 47.4 TOTAL FOR MONTH: 0.17 1 = FOG OR MIST
DPTR FM NORMAL: 4.6 DPTR FM NORMAL: -0.96 2 = FOG REDUCING VISIBILITY
HIGHEST: 84 ON 25 GRTST 24HR 0.06 ON 13-13 TO 1/4 MILE OR LESS
LOWEST: 19 ON 3 3 = THUNDER
SNOW, ICE PELLETS, HAIL 4 = ICE PELLETS
TOTAL MONTH: 0.0 INCH 5 = HAIL
GRTST 24HR 0.0 6 = FREEZING RAIN OR DRIZZLE
GRTST DEPTH: M ON M 7 = DUSTSTORM OR SANDSTORM:
VSBY 1/2 MILE OR LESS
8 = SMOKE OR HAZE
[NO. OF DAYS WITH] [WEATHER - DAYS WITH] 9 = BLOWING SNOW
X = TORNADO
MAX 32 OR BELOW: 0 0.01 INCH OR MORE: 5
MAX 90 OR ABOVE: 0 0.10 INCH OR MORE: 0
MIN 32 OR BELOW: 20 0.50 INCH OR MORE: 0
MIN 0 OR BELOW: 0 1.00 INCH OR MORE: 0
[HDD (BASE 65) ]
TOTAL THIS MO. 539 CLEAR (SCALE 0-3) 23
DPTR FM NORMAL -148 PTCLDY (SCALE 4-7) 0
TOTAL FM JUL 1 4569 CLOUDY (SCALE 8-10) 8
DPTR FM NORMAL -123
[CDD (BASE 65) ]
TOTAL THIS MO. 0
DPTR FM NORMAL 0 [PRESSURE DATA]
TOTAL FM JAN 1 0 HIGHEST SLP 30.54 ON 20
DPTR FM NORMAL 0 LOWEST SLP 29.31 ON 27
[REMARKS]
#FINAL-03-20#