000
CXUS52 KTBW 191000
CF6SPG
PRELIMINARY LOCAL CLIMATOLOGICAL DATA (WS FORM: F-6)
STATION: SAINT PETERSBURG
MONTH: MARCH
YEAR: 2024
LATITUDE: 27 46 N
LONGITUDE: 82 38 W
TEMPERATURE IN F: :PCPN: SNOW: WIND :SUNSHINE: SKY :PK WND
================================================================================
1 2 3 4 5 6A 6B 7 8 9 10 11 12 13 14 15 16 17 18
12Z AVG MX 2MIN
DY MAX MIN AVG DEP HDD CDD WTR SNW DPTH SPD SPD DIR MIN PSBL S-S WX SPD DR
================================================================================
1 79 64 72 5 0 7 0.00 0.0 0 9.2 16 60 M M 6 1 20 220
2 75 66 71 4 0 6 0.00 0.0 0 5.3 14 200 M M 1 20 220
3 79 68 74 7 0 9 0.05 0.0 0 5.8 15 230 M M 5 1 20 230
4 78 66 72 5 0 7 0.00 0.0 0 9.1 16 100 M M 4 21 100
5 80 67 74 7 0 9 0.23 0.0 0 8.7 23 270 M M 4 3 37 300
6 78 68 73 5 0 8 0.08 0.0 0 5.7 15 240 M M 5 1 20 260
7 79 67 73 5 0 8 0.00 0.0 0 4.0 12 320 M M 4 15 310
8 83 68 76 8 0 11 0.00 0.0 0 7.7 14 240 M M 4 1 19 230
9 81 72 77 9 0 12 0.00 0.0 0 11.5 21 190 M M 3 32 240
10 75 64 70 2 0 5 0.11 0.0 0 12.1 21 330 M M 4 1 28 330
11 74 60 67 -1 0 2 0.00 0.0 0 13.0 23 30 M M 0 29 30
12 78 62 70 2 0 5 0.00 0.0 0 8.2 14 100 M M 0 19 80
13 78 66 72 4 0 7 0.00 0.0 0 5.5 12 250 M M 1 16 130
14 82 68 75 6 0 10 0.00 0.0 0 6.6 14 80 M M 1 17 130
15 80 69 75 6 0 10 0.00 0.0 0 6.4 13 230 M M 0 17 230
16 78 69 74 5 0 9 0.00 0.0 0 4.8 15 260 M M 3 21 250
17 78 70 74 5 0 9 0.00 0.0 0 5.3 13 260 M M 3 18 230
18 80 68 74 5 0 9 0.05 0.0 0 9.4 20 280 M M 5 13 29 280
================================================================================
SM 1415 1202 0 143 0.52 0.0 138.3 M 53
================================================================================
AV 78.6 66.8 7.7 FASTST M M 3 MAX(MPH)
MISC ----> # 23 270 37 300
================================================================================
NOTES:
# LAST OF SEVERAL OCCURRENCES
COLUMN 17 PEAK WIND IN M.P.H.
PRELIMINARY LOCAL CLIMATOLOGICAL DATA (WS FORM: F-6) , PAGE 2
STATION: SAINT PETERSBURG
MONTH: MARCH
YEAR: 2024
LATITUDE: 27 46 N
LONGITUDE: 82 38 W
[TEMPERATURE DATA] [PRECIPITATION DATA] SYMBOLS USED IN COLUMN 16
AVERAGE MONTHLY: 72.7 TOTAL FOR MONTH: 0.52 1 = FOG OR MIST
DPTR FM NORMAL: 4.7 DPTR FM NORMAL: -0.85 2 = FOG REDUCING VISIBILITY
HIGHEST: 83 ON 8 GRTST 24HR 0.23 ON 5- 5 TO 1/4 MILE OR LESS
LOWEST: 60 ON 11 3 = THUNDER
SNOW, ICE PELLETS, HAIL 4 = ICE PELLETS
TOTAL MONTH: 0.0 INCH 5 = HAIL
GRTST 24HR 0.0 6 = FREEZING RAIN OR DRIZZLE
GRTST DEPTH: 0 7 = DUSTSTORM OR SANDSTORM:
VSBY 1/2 MILE OR LESS
8 = SMOKE OR HAZE
[NO. OF DAYS WITH] [WEATHER - DAYS WITH] 9 = BLOWING SNOW
X = TORNADO
MAX 32 OR BELOW: 0 0.01 INCH OR MORE: 5
MAX 90 OR ABOVE: 0 0.10 INCH OR MORE: 2
MIN 32 OR BELOW: 0 0.50 INCH OR MORE: 0
MIN 0 OR BELOW: 0 1.00 INCH OR MORE: 0
[HDD (BASE 65) ]
TOTAL THIS MO. 0 CLEAR (SCALE 0-3) 7
DPTR FM NORMAL -24 PTCLDY (SCALE 4-7) 11
TOTAL FM JUL 1 287 CLOUDY (SCALE 8-10) 0
DPTR FM NORMAL -59
[CDD (BASE 65) ]
TOTAL THIS MO. 143
DPTR FM NORMAL 66 [PRESSURE DATA]
TOTAL FM JAN 1 208 HIGHEST SLP M ON M
DPTR FM NORMAL 7 LOWEST SLP 29.80 ON 5
[REMARKS]