000
CXUS52 KTBW 011243
CF6SPG
PRELIMINARY LOCAL CLIMATOLOGICAL DATA (WS FORM: F-6)
STATION: SAINT PETERSBURG
MONTH: JUNE
YEAR: 2023
LATITUDE: 27 46 N
LONGITUDE: 82 38 W
TEMPERATURE IN F: :PCPN: SNOW: WIND :SUNSHINE: SKY :PK WND
================================================================================
1 2 3 4 5 6A 6B 7 8 9 10 11 12 13 14 15 16 17 18
12Z AVG MX 2MIN
DY MAX MIN AVG DEP HDD CDD WTR SNW DPTH SPD SPD DIR MIN PSBL S-S WX SPD DR
================================================================================
1 86 73 80 -2 0 15 1.33 0.0 0 11.8 33 60 M M 5 1238 37 60
2 84 73 79 -3 0 14 0.28 0.0 0 11.8 22 50 M M 5 13 25 80
3 85 73 79 -3 0 14 0.12 0.0 0 9.2 25 60 M M 3 1 29 60
4 87 73 80 -2 0 15 0.51 0.0 0 9.4 25 360 M M 3 18 35 20
5 86 73 80 -2 0 15 0.00 0.0 0 11.6 18 110 M M 2 24 40
6 89 74 82 0 0 17 0.00 0.0 0 8.6 16 80 M M 1 20 90
7 84 76 80 -2 0 15 T 0.0 0 8.7 17 240 M M 2 25 230
8 84 77 81 -1 0 16 T 0.0 0 7.6 15 260 M M 3 23 250
9 85 78 82 0 0 17 0.00 0.0 0 7.3 15 260 M M 1 20 280
10 87 78 83 0 0 18 0.00 0.0 0 4.6 15 250 M M 1 20 260
11 87 79 83 0 0 18 0.00 0.0 0 6.5 15 240 M M 1 21 250
12 87 80 84 1 0 19 0.00 0.0 0 6.9 16 250 M M 2 23 260
13 88 79 84 1 0 19 0.00 0.0 0 7.3 15 260 M M 1 21 260
14 88 81 85 2 0 20 0.00 0.0 0 9.5 17 230 M M 3 24 240
15 91 77 84 1 0 19 0.01 0.0 0 10.1 23 60 M M 1 1 29 230
16 87 78 83 0 0 18 0.03 0.0 0 12.2 25 320 M M 3 3 38 330
17 90 73 82 -1 0 17 0.36 0.0 0 12.1 29 30 M M 4 13 35 20
18 88 73 81 -2 0 16 0.16 0.0 0 9.3 22 360 M M 4 13 29 260
19 88 81 85 2 0 20 0.00 0.0 0 8.9 16 260 M M 1 24 260
20 87 83 85 2 0 20 T 0.0 0 14.3 26 250 M M 3 3 39 260
21 86 71 79 -4 0 14 3.28 0.0 0 10.4 28 310 M M 5 123 38 320
22 89 76 83 0 0 18 0.00 0.0 0 10.3 18 190 M M 2 3 24 200
23 89 79 84 1 0 19 0.00 0.0 0 7.3 17 330 M M 2 3 24 350
24 89 79 84 1 0 19 0.00 0.0 0 5.4 16 250 M M 0 3 23 250
25 90 81 86 3 0 21 0.00 0.0 0 6.1 13 170 M M 1 17 320
26 89 79 84 1 0 19 0.00 0.0 0 6.5 14 270 M M 0 19 270
27 89 80 85 2 0 20 0.00 0.0 0 8.3 16 260 M M 1 21 250
28 89 83 86 3 0 21 T 0.0 0 7.8 16 330 M M 4 23 320
29 91 83 87 4 0 22 T 0.0 0 9.2 22 80 M M 2 3 26 90
30 93 80 87 4 0 22 0.00 0.0 0 11.6 23 80 M M 0 26 80
================================================================================
SM 2632 2323 0 537 6.08 0.0 270.6 M 66
================================================================================
AV 87.7 77.4 9.0 FASTST M M 2 MAX(MPH)
MISC ----> 33 60 39 260
================================================================================
NOTES:
# LAST OF SEVERAL OCCURRENCES
COLUMN 17 PEAK WIND IN M.P.H.
PRELIMINARY LOCAL CLIMATOLOGICAL DATA (WS FORM: F-6) , PAGE 2
STATION: SAINT PETERSBURG
MONTH: JUNE
YEAR: 2023
LATITUDE: 27 46 N
LONGITUDE: 82 38 W
[TEMPERATURE DATA] [PRECIPITATION DATA] SYMBOLS USED IN COLUMN 16
AVERAGE MONTHLY: 82.6 TOTAL FOR MONTH: 6.08 1 = FOG OR MIST
DPTR FM NORMAL: -0.2 DPTR FM NORMAL: -0.71 2 = FOG REDUCING VISIBILITY
HIGHEST: 93 ON 30 GRTST 24HR 3.28 ON 21-21 TO 1/4 MILE OR LESS
LOWEST: 71 ON 21 3 = THUNDER
SNOW, ICE PELLETS, HAIL 4 = ICE PELLETS
TOTAL MONTH: 0.0 INCH 5 = HAIL
GRTST 24HR 0.0 6 = FREEZING RAIN OR DRIZZLE
GRTST DEPTH: 0 7 = DUSTSTORM OR SANDSTORM:
VSBY 1/2 MILE OR LESS
8 = SMOKE OR HAZE
[NO. OF DAYS WITH] [WEATHER - DAYS WITH] 9 = BLOWING SNOW
X = TORNADO
MAX 32 OR BELOW: 0 0.01 INCH OR MORE: 9
MAX 90 OR ABOVE: 5 0.10 INCH OR MORE: 7
MIN 32 OR BELOW: 0 0.50 INCH OR MORE: 3
MIN 0 OR BELOW: 0 1.00 INCH OR MORE: 2
[HDD (BASE 65) ]
TOTAL THIS MO. 0 CLEAR (SCALE 0-3) 23
DPTR FM NORMAL 0 PTCLDY (SCALE 4-7) 7
TOTAL FM JUL 1 218 CLOUDY (SCALE 8-10) 0
DPTR FM NORMAL -138
[CDD (BASE 65) ]
TOTAL THIS MO. 537
DPTR FM NORMAL 3 [PRESSURE DATA]
TOTAL FM JAN 1 1860 HIGHEST SLP 30.05 ON 24
DPTR FM NORMAL 322 LOWEST SLP 29.63 ON 3
[REMARKS]
#FINAL-06-23#