000
CXUS52 KTBW 051532
CF6SPG
PRELIMINARY LOCAL CLIMATOLOGICAL DATA (WS FORM: F-6)
STATION: SAINT PETERSBURG
MONTH: MARCH
YEAR: 2023
LATITUDE: 27 46 N
LONGITUDE: 82 38 W
TEMPERATURE IN F: :PCPN: SNOW: WIND :SUNSHINE: SKY :PK WND
================================================================================
1 2 3 4 5 6A 6B 7 8 9 10 11 12 13 14 15 16 17 18
12Z AVG MX 2MIN
DY MAX MIN AVG DEP HDD CDD WTR SNW DPTH SPD SPD DIR MIN PSBL S-S WX SPD DR
================================================================================
1 81 70 76 9 0 11 0.00 0.0 0 5.3 13 160 M M 1 1 19 160
2 81 69 75 8 0 10 0.00 0.0 0 7.7 15 250 M M 0 1 20 230
3 83 71 77 10 0 12 0.00 0.0 0 15.5 32 190 M M 1 48 180
4 82 75 79 12 0 14 0.00 0.0 0 11.1 20 190 M M 4 29 250
5 82 74 78 11 0 13 T 0.0 0 6.8 15 260 M M 6 8 21 230
6 84 73 79 11 0 14 0.00 0.0 0 6.1 16 340 M M 3 22 340
7 81 71 76 8 0 11 0.00 0.0 0 6.3 16 340 M M 4 23 360
8 87 71 79 11 0 14 0.00 0.0 0 9.6 26 60 M M 3 30 60
9 82 68 75 7 0 10 0.00 0.0 0 11.5 22 120 M M 1 26 120
10 78 68 73 5 0 8 0.06 0.0 0 12.1 21 140 M M 3 1 29 210
11 77 70 74 6 0 9 0.00 0.0 0 7.5 16 340 M M 1 21 310
12 78 66 72 4 0 7 0.00 0.0 0 9.1 18 200 M M 2 27 210
13 79 69 74 6 0 9 0.01 0.0 0 11.1 22 260 M M 7 13 35 240
14 73 61 67 -2 0 2 0.00 0.0 0 11.6 20 20 M M 0 25 340
15 68 53 61 -8 4 0 0.03 0.0 0 14.6 23 80 M M 3 29 50
16 77 57 67 -2 0 2 0.00 0.0 0 11.5 22 80 M M 0 26 120
17 80 62 71 2 0 6 0.00 0.0 0 13.0 23 160 M M 2 28 160
18 78 60 69 0 0 4 T 0.0 0 12.7 22 190 M M 5 31 200
19 67 53 60 -9 5 0 T 0.0 0 13.9 23 20 M M 8 29 20
20 64 52 58 -12 7 0 0.01 0.0 0 12.7 21 60 M M 1 26 50
21 76 53 65 -5 0 0 0.00 0.0 0 9.0 21 60 M M 0 25 50
22 81 63 72 2 0 7 0.00 0.0 0 6.9 14 260 M M 1 18 260
23 85 66 76 6 0 11 0.00 0.0 0 5.0 13 270 M M 0 16 290
24 81 65 73 3 0 8 0.00 0.0 0 9.8 20 230 M M 0 27 230
25 83 67 75 5 0 10 0.00 0.0 0 10.0 22 200 M M 3 1 35 240
26 83 71 77 7 0 12 0.00 0.0 0 7.3 16 250 M M 3 1 25 210
27 M M M M M M 0.00 0.0 0 7.6 14 200 M M 4 22 200
28 82 66 74 3 0 9 0.00 0.0 0 7.2 16 260 M M 2 1 21 170
29 81 71 76 5 0 11 0.00 0.0 0 9.6 23 50 M M 4 26 60
30 82 66 74 3 0 9 0.00 0.0 0 14.1 25 90 M M 1 31 110
31 85 69 77 6 0 12 0.00 0.0 0 11.6 20 150 M M 0 25 130
================================================================================
SM 2381 1970 16 245 0.11 0.0 307.8 M 73
================================================================================
AV 79.4 65.7 9.9 FASTST M M 2 MAX(MPH)
MISC ----> 32 190 48 180
================================================================================
NOTES:
# LAST OF SEVERAL OCCURRENCES
COLUMN 17 PEAK WIND IN M.P.H.
PRELIMINARY LOCAL CLIMATOLOGICAL DATA (WS FORM: F-6) , PAGE 2
STATION: SAINT PETERSBURG
MONTH: MARCH
YEAR: 2023
LATITUDE: 27 46 N
LONGITUDE: 82 38 W
[TEMPERATURE DATA] [PRECIPITATION DATA] SYMBOLS USED IN COLUMN 16
AVERAGE MONTHLY: 72.5 TOTAL FOR MONTH: 0.11 1 = FOG OR MIST
DPTR FM NORMAL: 3.5 DPTR FM NORMAL: -2.47 2 = FOG REDUCING VISIBILITY
HIGHEST: 87 ON 8 GRTST 24HR 0.06 ON 10-10 TO 1/4 MILE OR LESS
LOWEST: 52 ON 20 3 = THUNDER
SNOW, ICE PELLETS, HAIL 4 = ICE PELLETS
TOTAL MONTH: 0.0 INCH 5 = HAIL
GRTST 24HR 0.0 6 = FREEZING RAIN OR DRIZZLE
GRTST DEPTH: 0 7 = DUSTSTORM OR SANDSTORM:
VSBY 1/2 MILE OR LESS
8 = SMOKE OR HAZE
[NO. OF DAYS WITH] [WEATHER - DAYS WITH] 9 = BLOWING SNOW
X = TORNADO
MAX 32 OR BELOW: 0 0.01 INCH OR MORE: 4
MAX 90 OR ABOVE: 0 0.10 INCH OR MORE: 0
MIN 32 OR BELOW: 0 0.50 INCH OR MORE: 0
MIN 0 OR BELOW: 0 1.00 INCH OR MORE: 0
[HDD (BASE 65) ]
TOTAL THIS MO. 16 CLEAR (SCALE 0-3) 21
DPTR FM NORMAL -14 PTCLDY (SCALE 4-7) 10
TOTAL FM JUL 1 218 CLOUDY (SCALE 8-10) 0
DPTR FM NORMAL -134
[CDD (BASE 65) ]
TOTAL THIS MO. 245
DPTR FM NORMAL 91 [PRESSURE DATA]
TOTAL FM JAN 1 487 HIGHEST SLP 30.28 ON 22
DPTR FM NORMAL 209 LOWEST SLP 29.79 ON 3
[REMARKS]
#FINAL-03-23#