000
CXUS52 KTBW 071344
CF6SPG
PRELIMINARY LOCAL CLIMATOLOGICAL DATA (WS FORM: F-6)
STATION: SAINT PETERSBURG
MONTH: APRIL
YEAR: 2022
LATITUDE: 27 46 N
LONGITUDE: 82 38 W
TEMPERATURE IN F: :PCPN: SNOW: WIND :SUNSHINE: SKY :PK WND
================================================================================
1 2 3 4 5 6A 6B 7 8 9 10 11 12 13 14 15 16 17 18
12Z AVG MX 2MIN
DY MAX MIN AVG DEP HDD CDD WTR SNW DPTH SPD SPD DIR MIN PSBL S-S WX SPD DR
================================================================================
1 80 69 75 3 0 10 0.53 0.0 0 6.4 23 190 M M 8 13 33 190
2 80 66 73 1 0 8 0.66 0.0 0 9.0 29 360 M M 7 13 39 360
3 76 67 72 0 0 7 0.00 0.0 0 4.8 13 10 M M 4 17 10
4 82 67 75 3 0 10 0.00 0.0 0 6.1 22 140 M M 5 26 140
5 83 70 77 5 0 12 0.00 0.0 0 13.9 24 200 M M 3 1 33 190
6 83 75 79 7 0 14 0.00 0.0 0 11.7 21 200 M M 4 29 190
7 78 69 74 1 0 9 1.14 0.0 0 10.9 23 220 M M 6 123 35 210
8 71 66 69 -4 0 4 0.00 0.0 0 12.2 22 260 M M 2 37 240
9 70 61 66 -7 0 1 0.00 0.0 0 9.7 22 330 M M 3 35 330
10 75 59 67 -6 0 2 0.00 0.0 0 7.8 21 130 M M 0 25 120
11 81 63 72 -1 0 7 0.00 0.0 0 10.0 21 140 M M 0 8 24 140
12 82 66 74 0 0 9 0.00 0.0 0 10.2 18 130 M M 0 22 140
13 82 69 76 2 0 11 0.00 0.0 0 9.8 17 130 M M 1 8 21 120
14 81 71 76 2 0 11 0.00 0.0 0 6.8 13 310 M M 4 8 22 240
15 85 71 78 4 0 13 0.41 0.0 0 7.9 29 50 M M 1 13 38 50
16 85 70 78 4 0 13 0.00 0.0 0 7.9 18 120 M M 0 22 120
17 83 71 77 3 0 12 0.00 0.0 0 8.4 14 250 M M 1 18 240
18 84 72 78 3 0 13 0.00 0.0 0 7.0 18 330 M M 1 26 340
19 80 67 74 -1 0 9 0.00 0.0 0 12.5 24 90 M M 0 28 80
20 80 65 73 -2 0 8 0.00 0.0 0 19.7 28 80 M M 0 36 80
21 82 69 76 1 0 11 0.00 0.0 0 18.7 28 80 M M 0 34 70
22 81 68 75 0 0 10 0.00 0.0 0 18.3 28 70 M M 0 34 60
23 82 68 75 -1 0 10 0.00 0.0 0 15.2 24 90 M M 2 30 100
24 84 70 77 1 0 12 0.00 0.0 0 12.3 24 90 M M 1 30 80
25 85 71 78 2 0 13 0.00 0.0 0 9.2 17 110 M M 2 23 110
26 84 71 78 2 0 13 0.00 0.0 0 8.7 16 320 M M 1 23 320
27 84 72 78 2 0 13 0.00 0.0 0 5.9 12 310 M M 1 17 330
28 85 66 76 0 0 11 T 0.0 0 11.6 24 80 M M 4 30 100
29 83 70 77 0 0 12 1.41 0.0 0 13.8 24 80 M M 4 13 32 80
30 83 70 77 0 0 12 T 0.0 0 11.5 26 160 M M 3 3 31 160
================================================================================
SM 2434 2049 0 300 4.15 0.0 317.9 M 68
================================================================================
AV 81.1 68.3 10.6 FASTST M M 2 MAX(MPH)
MISC ----> # 29 360 39 360
================================================================================
NOTES:
# LAST OF SEVERAL OCCURRENCES
COLUMN 17 PEAK WIND IN M.P.H.
PRELIMINARY LOCAL CLIMATOLOGICAL DATA (WS FORM: F-6) , PAGE 2
STATION: SAINT PETERSBURG
MONTH: APRIL
YEAR: 2022
LATITUDE: 27 46 N
LONGITUDE: 82 38 W
[TEMPERATURE DATA] [PRECIPITATION DATA] SYMBOLS USED IN COLUMN 16
AVERAGE MONTHLY: 74.7 TOTAL FOR MONTH: 4.15 1 = FOG OR MIST
DPTR FM NORMAL: 0.6 DPTR FM NORMAL: 2.22 2 = FOG REDUCING VISIBILITY
HIGHEST: 85 ON 28,25 GRTST 24HR 1.41 ON 29-29 TO 1/4 MILE OR LESS
LOWEST: 59 ON 10 3 = THUNDER
SNOW, ICE PELLETS, HAIL 4 = ICE PELLETS
TOTAL MONTH: 0.0 INCH 5 = HAIL
GRTST 24HR 0.0 6 = FREEZING RAIN OR DRIZZLE
GRTST DEPTH: 0 7 = DUSTSTORM OR SANDSTORM:
VSBY 1/2 MILE OR LESS
8 = SMOKE OR HAZE
[NO. OF DAYS WITH] [WEATHER - DAYS WITH] 9 = BLOWING SNOW
X = TORNADO
MAX 32 OR BELOW: 0 0.01 INCH OR MORE: 5
MAX 90 OR ABOVE: 0 0.10 INCH OR MORE: 5
MIN 32 OR BELOW: 0 0.50 INCH OR MORE: 4
MIN 0 OR BELOW: 0 1.00 INCH OR MORE: 2
[HDD (BASE 65) ]
TOTAL THIS MO. 0 CLEAR (SCALE 0-3) 19
DPTR FM NORMAL -4 PTCLDY (SCALE 4-7) 11
TOTAL FM JUL 1 182 CLOUDY (SCALE 8-10) 0
DPTR FM NORMAL -170
[CDD (BASE 65) ]
TOTAL THIS MO. 300
DPTR FM NORMAL 22 [PRESSURE DATA]
TOTAL FM JAN 1 722 HIGHEST SLP 30.27 ON 22
DPTR FM NORMAL 166 LOWEST SLP 29.79 ON 7
[REMARKS]
#FINAL-04-22#