000
CXUS52 KTBW 011223
CF6SPG
PRELIMINARY LOCAL CLIMATOLOGICAL DATA (WS FORM: F-6)
STATION: SAINT PETERSBURG
MONTH: APRIL
YEAR: 2021
LATITUDE: 27 46 N
LONGITUDE: 82 38 W
TEMPERATURE IN F: :PCPN: SNOW: WIND :SUNSHINE: SKY :PK WND
================================================================================
1 2 3 4 5 6A 6B 7 8 9 10 11 12 13 14 15 16 17 18
12Z AVG MX 2MIN
DY MAX MIN AVG DEP HDD CDD WTR SNW DPTH SPD SPD DIR MIN PSBL S-S WX SPD DR
================================================================================
1 74 61 68 -2 0 3 0.20 0.0 0 12.3 26 20 M M 4 1 33 20
2 69 53 61 -9 4 0 0.00 0.0 0 18.5 32 60 M M 0 37 60
3 72 53 63 -8 2 0 0.00 0.0 0 16.1 25 50 M M 1 29 40
4 76 62 69 -2 0 4 0.00 0.0 0 10.7 22 80 M M 1 25 80
5 79 64 72 1 0 7 0.00 0.0 0 6.3 15 50 M M 1 24 80
6 78 65 72 1 0 7 0.00 0.0 0 7.0 14 70 M M 0 16 250
7 79 65 72 1 0 7 0.00 0.0 0 6.1 15 250 M M 0 18 290
8 79 66 73 1 0 8 0.00 0.0 0 6.6 15 210 M M 0 19 210
9 82 68 75 3 0 10 0.00 0.0 0 6.8 15 240 M M 0 17 230
10 82 65 74 2 0 9 0.35 0.0 0 14.6 25 330 M M 3 13 37 340
11 76 65 71 -1 0 6 1.23 0.0 0 9.3 28 340 M M 4 138 39 340
12 82 69 76 4 0 11 T 0.0 0 7.1 13 330 M M 4 17 250
13 89 67 78 6 0 13 0.00 0.0 0 4.9 14 80 M M 0 16 80
14 86 70 78 6 0 13 0.00 0.0 0 7.9 14 260 M M 0 18 260
15 79 71 75 2 0 10 0.00 0.0 0 8.1 18 200 M M 2 24 200
16 79 72 76 3 0 11 0.00 0.0 0 7.8 15 180 M M 4 20 230
17 80 74 77 4 0 12 0.00 0.0 0 9.8 16 230 M M 6 1 21 230
18 83 71 77 4 0 12 0.07 0.0 0 10.0 21 190 M M 4 13 25 270
19 75 71 73 -1 0 8 0.09 0.0 0 6.0 17 330 M M 7 1 23 320
20 78 71 75 1 0 10 0.01 0.0 0 6.2 14 250 M M 9 13 20 270
21 84 71 78 4 0 13 0.00 0.0 0 6.3 15 310 M M 3 8 19 50
22 80 66 73 -1 0 8 0.00 0.0 0 9.9 18 80 M M 0 24 130
23 83 65 74 0 0 9 0.00 0.0 0 12.6 24 120 M M 2 28 110
24 84 72 78 4 0 13 0.00 0.0 0 15.7 25 140 M M 1 31 190
25 83 69 76 1 0 11 0.00 0.0 0 10.2 22 250 M M 6 27 250
26 85 69 77 2 0 12 0.00 0.0 0 10.4 21 100 M M 0 25 90
27 86 71 79 4 0 14 0.00 0.0 0 11.3 22 100 M M 1 27 90
28 87 71 79 4 0 14 0.00 0.0 0 8.8 18 120 M M 0 20 120
29 86 72 79 3 0 14 0.00 0.0 0 9.7 17 230 M M 0 22 210
30 83 74 79 3 0 14 0.00 0.0 0 6.6 15 340 M M 1 19 330
================================================================================
SM 2418 2023 6 283 1.95 0.0 283.6 M 64
================================================================================
AV 80.6 67.4 9.5 FASTST M M 2 MAX(MPH)
MISC ----> 32 60 39 340
================================================================================
NOTES:
# LAST OF SEVERAL OCCURRENCES
COLUMN 17 PEAK WIND IN M.P.H.
PRELIMINARY LOCAL CLIMATOLOGICAL DATA (WS FORM: F-6) , PAGE 2
STATION: SAINT PETERSBURG
MONTH: APRIL
YEAR: 2021
LATITUDE: 27 46 N
LONGITUDE: 82 38 W
[TEMPERATURE DATA] [PRECIPITATION DATA] SYMBOLS USED IN COLUMN 16
AVERAGE MONTHLY: 74.0 TOTAL FOR MONTH: 1.95 1 = FOG OR MIST
DPTR FM NORMAL: 1.1 DPTR FM NORMAL: -0.32 2 = FOG REDUCING VISIBILITY
HIGHEST: 89 ON 13 GRTST 24HR 1.44 ON 10-11 TO 1/4 MILE OR LESS
LOWEST: 53 ON 3, 2 3 = THUNDER
SNOW, ICE PELLETS, HAIL 4 = ICE PELLETS
TOTAL MONTH: 0.0 INCH 5 = HAIL
GRTST 24HR 0.0 6 = FREEZING RAIN OR DRIZZLE
GRTST DEPTH: 0 7 = DUSTSTORM OR SANDSTORM:
VSBY 1/2 MILE OR LESS
8 = SMOKE OR HAZE
[NO. OF DAYS WITH] [WEATHER - DAYS WITH] 9 = BLOWING SNOW
X = TORNADO
MAX 32 OR BELOW: 0 0.01 INCH OR MORE: 6
MAX 90 OR ABOVE: 0 0.10 INCH OR MORE: 3
MIN 32 OR BELOW: 0 0.50 INCH OR MORE: 1
MIN 0 OR BELOW: 0 1.00 INCH OR MORE: 1
[HDD (BASE 65) ]
TOTAL THIS MO. 6 CLEAR (SCALE 0-3) 20
DPTR FM NORMAL 1 PTCLDY (SCALE 4-7) 9
TOTAL FM JUL 1 290 CLOUDY (SCALE 8-10) 1
DPTR FM NORMAL -122
[CDD (BASE 65) ]
TOTAL THIS MO. 283
DPTR FM NORMAL 41 [PRESSURE DATA]
TOTAL FM JAN 1 629 HIGHEST SLP 30.36 ON 3
DPTR FM NORMAL 149 LOWEST SLP 29.66 ON 11
[REMARKS]
#FINAL-04-21#