000
CXUS52 KTBW 020900
CF6SPG
PRELIMINARY LOCAL CLIMATOLOGICAL DATA (WS FORM: F-6)
STATION: Saint Petersburg
MONTH: NOVEMBER
YEAR: 2020
LATITUDE: 27 46 N
LONGITUDE: 82 38 W
TEMPERATURE IN F: :PCPN: SNOW: WIND :SUNSHINE: SKY :PK WND
================================================================================
1 2 3 4 5 6A 6B 7 8 9 10 11 12 13 14 15 16 17 18
12Z AVG MX 2MIN
DY MAX MIN AVG DEP HDD CDD WTR SNW DPTH SPD SPD DIR MIN PSBL S-S WX SPD DR
================================================================================
1 85 74 80 7 0 15 T 0.0 0 9.0 21 20 M M 6 27 20
2 74 63 69 -4 0 4 0.00 0.0 0 19.8 28 50 M M 0 32 20
3 76 60 68 -5 0 3 0.00 0.0 0 16.4 22 50 M M 0 28 30
4 79 65 72 -1 0 7 0.00 0.0 0 15.3 25 80 M M 1 28 80
5 81 70 76 4 0 11 0.00 0.0 0 13.7 21 70 M M 2 23 70
6 80 71 76 4 0 11 0.00 0.0 0 13.5 20 50 M M 1 21 50
7 82 73 78 6 0 13 T 0.0 0 16.9 28 70 M M 3 35 70
8 80 74 77 5 0 12 T 0.0 0 21.4 31 70 M M 3 37 70
9 79 75 77 6 0 12 0.45 0.0 0 19.2 33 70 M M 7 13 42 60
10 85 77 81 10 0 16 0.07 0.0 0 13.8 24 100 M M 4 1 31 90
11 78 76 77 6 0 12 4.92 0.0 0 25.4 47 170 M M 7 1 58 180
12 82 74 78 7 0 13 0.32 0.0 0 11.4 28 200 M M 9 1 37 200
13 84 73 79 9 0 14 0.00 0.0 0 6.4 15 40 M M 3 17 30
14 82 71 77 7 0 12 0.00 0.0 0 10.7 18 80 M M 6 1 22 90
15 84 75 80 10 0 15 0.00 0.0 0 6.7 16 110 M M 5 19 110
16 83 72 78 8 0 13 0.00 0.0 0 9.1 15 20 M M 2 25 40
17 76 64 70 0 0 5 0.00 0.0 0 14.1 21 30 M M 0 26 20
18 76 62 69 -1 0 4 0.00 0.0 0 20.4 30 60 M M 0 34 60
19 74 61 68 -1 0 3 0.00 0.0 0 16.6 28 80 M M 4 34 80
20 77 65 71 2 0 6 0.00 0.0 0 12.7 26 70 M M 4 31 60
21 75 67 71 2 0 6 0.02 0.0 0 13.0 26 70 M M 8 1 31 70
22 80 67 74 5 0 9 0.00 0.0 0 8.4 17 40 M M 4 19 50
23 77 68 73 5 0 8 0.00 0.0 0 10.6 21 10 M M 4 26 10
24 77 64 71 3 0 6 0.00 0.0 0 11.4 17 90 M M 1 20 50
25 80 69 75 7 0 10 0.00 0.0 0 8.2 22 130 M M 3 25 130
26 82 69 76 8 0 11 0.00 0.0 0 4.1 10 140 M M 1 12 130
27 82 69 76 8 0 11 0.00 0.0 0 3.6 9 310 M M 1 11 310
28 80 69 75 8 0 10 0.00 0.0 0 4.6 12 200 M M 0 17 240
29 80 70 75 8 0 10 0.00 0.0 0 5.2 13 190 M M 0 16 220
30 76 63 70 3 0 5 0.40 0.0 0 12.9 22 260 M M 5 13 33 300
================================================================================
SM 2386 2070 0 287 6.18 0.0 374.5 M 94
================================================================================
AV 79.5 69.0 12.5 FASTST M M 3 MAX(MPH)
MISC ----> # 47 170 # 58 180
================================================================================
NOTES:
# LAST OF SEVERAL OCCURRENCES
COLUMN 17 PEAK WIND IN M.P.H.
PRELIMINARY LOCAL CLIMATOLOGICAL DATA (WS FORM: F-6) , PAGE 2
STATION: Saint Petersburg
MONTH: NOVEMBER
YEAR: 2020
LATITUDE: 27 46 N
LONGITUDE: 82 38 W
[TEMPERATURE DATA] [PRECIPITATION DATA] SYMBOLS USED IN COLUMN 16
AVERAGE MONTHLY: 74.3 TOTAL FOR MONTH: 6.18 1 = FOG OR MIST
DPTR FM NORMAL: 4.2 DPTR FM NORMAL: 4.28 2 = FOG REDUCING VISIBILITY
HIGHEST: 85 ON 10, 1 GRTST 24HR 4.92 ON 11-11 TO 1/4 MILE OR LESS
LOWEST: 60 ON 3 3 = THUNDER
SNOW, ICE PELLETS, HAIL 4 = ICE PELLETS
TOTAL MONTH: 0.0 INCH 5 = HAIL
GRTST 24HR 0.0 6 = FREEZING RAIN OR DRIZZLE
GRTST DEPTH: 0 7 = DUSTSTORM OR SANDSTORM:
VSBY 1/2 MILE OR LESS
8 = SMOKE OR HAZE
[NO. OF DAYS WITH] [WEATHER - DAYS WITH] 9 = BLOWING SNOW
X = TORNADO
MAX 32 OR BELOW: 0 0.01 INCH OR MORE: 6
MAX 90 OR ABOVE: 0 0.10 INCH OR MORE: 4
MIN 32 OR BELOW: 0 0.50 INCH OR MORE: 1
MIN 0 OR BELOW: 0 1.00 INCH OR MORE: 1
[HDD (BASE 65) ]
TOTAL THIS MO. 0 CLEAR (SCALE 0-3) 16
DPTR FM NORMAL -26 PTCLDY (SCALE 4-7) 12
TOTAL FM JUL 1 0 CLOUDY (SCALE 8-10) 2
DPTR FM NORMAL -29
[CDD (BASE 65) ]
TOTAL THIS MO. 287
DPTR FM NORMAL 109 [PRESSURE DATA]
TOTAL FM JAN 1 4483 HIGHEST SLP 30.37 ON 19
DPTR FM NORMAL 793 LOWEST SLP 29.56 ON 11
[REMARKS]
#FINAL-11-20#