000
CXUS52 KTBW 021131
CF6SPG
PRELIMINARY LOCAL CLIMATOLOGICAL DATA (WS FORM: F-6)
STATION: Saint Petersburg
MONTH: FEBRUARY
YEAR: 2020
LATITUDE: 27 46 N
LONGITUDE: 82 38 W
TEMPERATURE IN F: :PCPN: SNOW: WIND :SUNSHINE: SKY :PK WND
================================================================================
1 2 3 4 5 6A 6B 7 8 9 10 11 12 13 14 15 16 17 18
12Z AVG MX 2MIN
DY MAX MIN AVG DEP HDD CDD WTR SNW DPTH SPD SPD DIR MIN PSBL S-S WX SPD DR
================================================================================
1 66 57 62 0 3 0 0.33 0.0 0 7.5 17 320 M M 5 1 22 320
2 61 54 58 -5 7 0 0.00 0.0 0 8.2 18 340 M M 3 24 350
3 70 52 61 -2 4 0 0.00 0.0 0 3.6 9 330 M M 0 1 11 330
4 75 57 66 3 0 1 0.00 0.0 0 4.3 13 200 M M 1 16 190
5 78 62 70 7 0 5 0.00 0.0 0 6.8 17 190 M M 3 23 190
6 79 64 72 9 0 7 0.60 0.0 0 16.7 30 190 M M 5 13 39 190
7 66 57 62 -1 3 0 0.04 0.0 0 8.9 23 330 M M 5 13 29 270
8 66 52 59 -4 6 0 0.00 0.0 0 12.8 18 80 M M 0 M M
9 73 59 66 3 0 1 0.00 0.0 0 20.3 26 90 M M 0 M M
10 81 64 73 9 0 8 0.00 0.0 0 5.7 10 100 M M 1 14 100
11 82 66 74 10 0 9 0.00 0.0 0 4.9 16 200 M M 2 12 21 200
12 83 67 75 11 0 10 0.01 0.0 0 5.8 17 210 M M 4 12 22 200
13 80 68 74 10 0 9 0.00 0.0 0 8.5 21 200 M M 4 27 200
14 76 63 70 6 0 5 0.06 0.0 0 8.2 23 40 M M 8 12 26 40
15 76 59 68 4 0 3 0.00 0.0 0 13.2 24 50 M M 6 28 50
16 81 65 73 9 0 8 0.00 0.0 0 8.7 16 250 M M 4 21 250
17 82 68 75 11 0 10 T 0.0 0 4.2 12 180 M M 3 13 340
18 83 70 77 13 0 12 0.00 0.0 0 5.0 13 230 M M 1 16 240
19 82 72 77 12 0 12 0.00 0.0 0 5.4 14 350 M M 6 17 350
20 80 72 76 11 0 11 0.00 0.0 0 9.8 18 200 M M 5 25 190
21 73 50 62 -3 3 0 0.01 0.0 0 19.9 30 40 M M 9 1 36 40
22 69 46 58 -7 7 0 0.00 0.0 0 14.6 25 30 M M 0 30 40
23 77 56 67 2 0 2 0.00 0.0 0 8.3 17 50 M M 1 20 40
24 77 64 71 6 0 6 0.00 0.0 0 11.3 20 210 M M 2 27 200
25 79 66 73 8 0 8 0.13 0.0 0 11.7 24 200 M M 5 18 31 200
26 78 62 70 4 0 5 0.29 0.0 0 9.4 22 330 M M 9 1 29 340
27 62 51 57 -9 8 0 0.01 0.0 0 11.2 22 350 M M 5 29 330
28 61 52 57 -9 8 0 0.00 0.0 0 8.6 17 340 M M 2 22 320
29 64 58 61 -5 4 0 T 0.0 0 10.2 22 340 M M 1 30 360
================================================================================
SM 2160 1753 53 132 1.48 0.0 273.7 M 100
================================================================================
AV 74.5 60.5 9.4 FASTST M M 3 MAX(MPH)
MISC ----> # 30 190 # 39 190
================================================================================
NOTES:
# LAST OF SEVERAL OCCURRENCES
COLUMN 17 PEAK WIND IN M.P.H.
PRELIMINARY LOCAL CLIMATOLOGICAL DATA (WS FORM: F-6) , PAGE 2
STATION: Saint Petersburg
MONTH: FEBRUARY
YEAR: 2020
LATITUDE: 27 46 N
LONGITUDE: 82 38 W
[TEMPERATURE DATA] [PRECIPITATION DATA] SYMBOLS USED IN COLUMN 16
AVERAGE MONTHLY: 67.5 TOTAL FOR MONTH: 1.48 1 = FOG OR MIST
DPTR FM NORMAL: 3.4 DPTR FM NORMAL: -1.24 2 = FOG REDUCING VISIBILITY
HIGHEST: 83 ON 18,12 GRTST 24HR 0.60 ON 6- 6 TO 1/4 MILE OR LESS
LOWEST: 46 ON 22 3 = THUNDER
SNOW, ICE PELLETS, HAIL 4 = ICE PELLETS
TOTAL MONTH: 0.0 INCH 5 = HAIL
GRTST 24HR 0.0 6 = FREEZING RAIN OR DRIZZLE
GRTST DEPTH: 0 7 = DUSTSTORM OR SANDSTORM:
VSBY 1/2 MILE OR LESS
8 = SMOKE OR HAZE
[NO. OF DAYS WITH] [WEATHER - DAYS WITH] 9 = BLOWING SNOW
X = TORNADO
MAX 32 OR BELOW: 0 0.01 INCH OR MORE: 9
MAX 90 OR ABOVE: 0 0.10 INCH OR MORE: 4
MIN 32 OR BELOW: 0 0.50 INCH OR MORE: 1
MIN 0 OR BELOW: 0 1.00 INCH OR MORE: 0
[HDD (BASE 65) ]
TOTAL THIS MO. 53 CLEAR (SCALE 0-3) 15
DPTR FM NORMAL -32 PTCLDY (SCALE 4-7) 12
TOTAL FM JUL 1 185 CLOUDY (SCALE 8-10) 2
DPTR FM NORMAL -189
[CDD (BASE 65) ]
TOTAL THIS MO. 132
DPTR FM NORMAL 72 [PRESSURE DATA]
TOTAL FM JAN 1 239 HIGHEST SLP 30.37 ON 9
DPTR FM NORMAL 131 LOWEST SLP 29.59 ON 6
[REMARKS]
#FINAL-02-20#