000
CXUS54 KOUN 011454
CF6SPS
PRELIMINARY LOCAL CLIMATOLOGICAL DATA (WS FORM: F-6)
STATION: WICHITA FALLS
MONTH: JANUARY
YEAR: 2024
LATITUDE: 33 58 N
LONGITUDE: 98 29 W
TEMPERATURE IN F: :PCPN: SNOW: WIND :SUNSHINE: SKY :PK WND
================================================================================
1 2 3 4 5 6A 6B 7 8 9 10 11 12 13 14 15 16 17 18
12Z AVG MX 2MIN
DY MAX MIN AVG DEP HDD CDD WTR SNW DPTH SPD SPD DIR MIN PSBL S-S WX SPD DR
================================================================================
1 42 29 36 -6 29 0 0.00 0.0 0 6.6 20 20 M M 5 23 20
2 50 26 38 -4 27 0 0.00 0.0 0 3.4 15 160 M M 2 18 150
3 55 35 45 3 20 0 0.00 0.0 0 3.4 12 210 M M 5 12 14 230
4 55 31 43 1 22 0 0.45 0.0 0 8.6 22 150 M M 9 12 28 150
5 53 40 47 5 18 0 0.03 0.0 0 10.9 23 90 M M 8 1 27 90
6 53 34 44 2 21 0 0.00 0.0 0 9.0 17 320 M M 3 23 310
7 60 26 43 1 22 0 0.00 0.0 0 13.9 28 150 M M 1 36 160
8 57 33 45 3 20 0 0.25 0.0 0 23.1 40 310 M M 7 1 58 310
9 48 28 38 -4 27 0 0.00 0.0 0 19.4 39 320 M M 2 51 320
10 66 28 47 5 18 0 0.00 0.0 0 11.5 22 250 M M 0 29 250
11 73 31 52 10 13 0 0.00 0.0 0 13.9 33 310 M M 2 41 320
12 46 22 34 -8 31 0 0.00 0.0 0 15.0 33 320 M M 1 45 310
13 41 11 26 -16 39 0 0.00 0.0 0 17.7 32 20 M M 0 39 30
14 15 7 11 -31 54 0 0.00 0.0 0 16.1 26 20 M M 4 32 10
15 23 7 15 -27 50 0 0.00 0.0 0 16.0 28 20 M M 0 34 20
16 27 5 16 -26 49 0 0.00 0.0 0 8.1 23 360 M M 0 29 350
17 50 14 32 -10 33 0 0.00 0.0 0 15.7 29 180 M M 0 38 180
18 56 31 44 2 21 0 0.00 0.0 0 12.0 36 10 M M 0 47 10
19 31 16 24 -18 41 0 0.00 0.0 0 16.0 32 10 M M 0 42 10
20 33 12 23 -19 42 0 0.00 0.0 0 6.7 12 50 M M 1 18 80
21 40 28 34 -8 31 0 0.08 0.0 0 11.7 21 160 M M 10 16 26 160
22 38 31 35 -8 30 0 0.32 0.0 0 7.6 15 140 M M 10 16 20 130
23 44 37 41 -2 24 0 0.06 0.0 0 7.1 13 20 M M 10 1 16 20
24 49 39 44 1 21 0 0.00 0.0 0 6.1 13 360 M M 10 12 15 340
25 52 42 47 4 18 0 0.00 0.0 0 3.6 12 220 M M 9 1 15 240
26 50 43 47 4 18 0 1.52 0.0 0 10.3 23 110 M M 10 13 28 120
27 53 32 43 0 22 0 0.03 0.0 0 9.3 17 340 M M 6 25 340
28 65 31 48 5 17 0 0.00 0.0 0 5.8 12 220 M M 0 15 230
29 71 36 54 11 11 0 0.00 0.0 0 5.5 12 210 M M 0 13 220
30 73 38 56 12 9 0 0.00 0.0 0 4.7 14 250 M M 0 17 300
31 73 37 55 11 10 0 0.00 0.0 0 5.0 15 180 M M 2 21 160
================================================================================
SM 1542 860 808 0 2.74 0.0 323.7 M 117
================================================================================
AV 49.7 27.7 10.4 FASTST M M 4 MAX(MPH)
MISC ----> 40 310 58 310
================================================================================
NOTES:
# LAST OF SEVERAL OCCURRENCES
COLUMN 17 PEAK WIND IN M.P.H.
PRELIMINARY LOCAL CLIMATOLOGICAL DATA (WS FORM: F-6) , PAGE 2
STATION: WICHITA FALLS
MONTH: JANUARY
YEAR: 2024
LATITUDE: 33 58 N
LONGITUDE: 98 29 W
[TEMPERATURE DATA] [PRECIPITATION DATA] SYMBOLS USED IN COLUMN 16
AVERAGE MONTHLY: 38.7 TOTAL FOR MONTH: 2.74 1 = FOG OR MIST
DPTR FM NORMAL: -3.7 DPTR FM NORMAL: 1.54 2 = FOG REDUCING VISIBILITY
HIGHEST: 73 ON 31,30 GRTST 24HR 1.52 ON 26-26 TO 1/4 MILE OR LESS
LOWEST: 5 ON 16 3 = THUNDER
SNOW, ICE PELLETS, HAIL 4 = ICE PELLETS
TOTAL MONTH: 0.0 INCH 5 = HAIL
GRTST 24HR 0.0 6 = FREEZING RAIN OR DRIZZLE
GRTST DEPTH: 0 7 = DUSTSTORM OR SANDSTORM:
VSBY 1/2 MILE OR LESS
8 = SMOKE OR HAZE
[NO. OF DAYS WITH] [WEATHER - DAYS WITH] 9 = BLOWING SNOW
X = TORNADO
MAX 32 OR BELOW: 4 0.01 INCH OR MORE: 8
MAX 90 OR ABOVE: 0 0.10 INCH OR MORE: 4
MIN 32 OR BELOW: 20 0.50 INCH OR MORE: 1
MIN 0 OR BELOW: 0 1.00 INCH OR MORE: 1
[HDD (BASE 65) ]
TOTAL THIS MO. 808 CLEAR (SCALE 0-3) 18
DPTR FM NORMAL 105 PTCLDY (SCALE 4-7) 5
TOTAL FM JUL 1 1765 CLOUDY (SCALE 8-10) 8
DPTR FM NORMAL -101
[CDD (BASE 65) ]
TOTAL THIS MO. 0
DPTR FM NORMAL -1 [PRESSURE DATA]
TOTAL FM JAN 1 0 HIGHEST SLP 30.69 ON 19
DPTR FM NORMAL -1 LOWEST SLP 29.38 ON 11
[REMARKS]
#FINAL-01-24#