111
CXUS54 KLZK 011130
CF6SRC
PRELIMINARY LOCAL CLIMATOLOGICAL DATA (WS FORM: F-6)
STATION: Searcy Airport
MONTH: APRIL
YEAR: 2020
LATITUDE: 35 12 N
LONGITUDE: 91 44 W
TEMPERATURE IN F: :PCPN: SNOW: WIND :SUNSHINE: SKY :PK WND
================================================================================
1 2 3 4 5 6A 6B 7 8 9 10 11 12 13 14 15 16 17 18
12Z AVG MX 2MIN
DY MAX MIN AVG DEP HDD CDD WTR SNW DPTH SPD SPD DIR MIN PSBL S-S WX SPD DR
================================================================================
1 72 41 57 1 8 0 0.00 M M 4.1 7 80 M M 0 M M
2 75 50 63 7 2 0 0.00 M M 6.4 13 190 M M 0 21 150
3 70 57 64 7 1 0 0.11 M M 2.7 7 200 M M 8 1 M M
4 60 51 56 -1 9 0 0.00 M M 6.1 10 20 M M 8 M M
5 75 51 63 6 2 0 0.00 M M 3.0 7 150 M M 6 M M
6 78 52 65 7 0 0 0.00 M M 4.0 10 220 M M 3 1 18 220
7 79 60 70 12 0 5 0.07 M M 6.9 12 180 M M 7 12 20 190
8 86 65 76 18 0 11 0.00 M M 6.2 15 190 M M 5 12 20 180
9 75 56 66 8 0 1 0.00 M M 8.8 17 20 M M 1 8 28 360
10 60 40 50 -9 15 0 0.00 M M 6.8 14 10 M M 0 18 360
11 70 38 54 -5 11 0 0.53 M M 5.8 15 170 M M 2 13 22 180
12 72 51 62 3 3 0 1.89 M M 5.8 9 150 M M 8 138 M M
13 55 41 48 -12 17 0 0.00 M M 9.3 14 320 M M 7 30 300
14 54 35 45 -15 20 0 T M M 7.5 17 10 M M 6 24 10
15 64 30 47 -13 18 0 0.00 M M 3.0 8 260 M M 0 1 M M
16 70 35 53 -7 12 0 0.00 M M 6.6 16 170 M M 0 21 170
17 69 45 57 -4 8 0 T M M 7.4 13 340 M M 6 1 21 340
18 64 36 50 -11 15 0 0.00 M M 5.2 15 30 M M 0 M M
19 59 49 54 -7 11 0 0.76 M M 4.5 10 80 M M 9 1 M M
20 76 42 59 -3 6 0 0.00 M M 5.0 12 210 M M 1 12 18 210
21 82 48 65 3 0 0 0.00 M M 3.1 9 340 M M 0 18 16 340
22 61 54 58 -4 7 0 0.87 M M 4.8 13 80 M M 6 13 16 99
23 70 52 61 -2 4 0 T M M 5.8 13 150 M M 6 18 22 320
24 74 48 61 -2 4 0 0.26 M M 3.4 10 110 M M 2 138 M M
25 72 48 60 -3 5 0 0.02 M M 8.2 18 300 M M 5 31 320
26 76 44 60 -4 5 0 0.00 M M 3.5 10 340 M M 0 22 340
27 73 48 61 -3 4 0 0.01 M M 5.4 13 180 M M 3 13 M M
28 76 53 65 1 0 0 1.14 M M 7.3 15 190 M M 8 13 40 300
29 70 58 64 0 1 0 0.19 M M 7.6 15 330 M M 7 3 23 290
30 77 47 62 -3 3 0 0.00 M M 5.1 15 350 M M 0 21 320
================================================================================
SM 2114 1425 191 17 5.85 M 169.3 M 114
================================================================================
AV 70.5 47.5 5.6 FASTST M M 4 MAX(MPH)
MISC ----> # 18 300 # 40 300
================================================================================
NOTES:
# LAST OF SEVERAL OCCURRENCES
COLUMN 17 PEAK WIND IN M.P.H.
PRELIMINARY LOCAL CLIMATOLOGICAL DATA (WS FORM: F-6) , PAGE 2
STATION: Searcy Airport
MONTH: APRIL
YEAR: 2020
LATITUDE: 35 12 N
LONGITUDE: 91 44 W
[TEMPERATURE DATA] [PRECIPITATION DATA] SYMBOLS USED IN COLUMN 16
AVERAGE MONTHLY: 59.0 TOTAL FOR MONTH: 5.85 1 = FOG OR MIST
DPTR FM NORMAL: -1.4 DPTR FM NORMAL: 0.89 2 = FOG REDUCING VISIBILITY
HIGHEST: 86 ON 8 GRTST 24HR 1.89 ON 12-12 TO 1/4 MILE OR LESS
LOWEST: 30 ON 15 3 = THUNDER
SNOW, ICE PELLETS, HAIL 4 = ICE PELLETS
TOTAL MONTH: M 5 = HAIL
GRTST 24HR M ON M 6 = FREEZING RAIN OR DRIZZLE
GRTST DEPTH: M ON M 7 = DUSTSTORM OR SANDSTORM:
VSBY 1/2 MILE OR LESS
8 = SMOKE OR HAZE
[NO. OF DAYS WITH] [WEATHER - DAYS WITH] 9 = BLOWING SNOW
X = TORNADO
MAX 32 OR BELOW: 0 0.01 INCH OR MORE: 11
MAX 90 OR ABOVE: 0 0.10 INCH OR MORE: 8
MIN 32 OR BELOW: 1 0.50 INCH OR MORE: 5
MIN 0 OR BELOW: 0 1.00 INCH OR MORE: 2
[HDD (BASE 65) ]
TOTAL THIS MO. 191 CLEAR (SCALE 0-3) 15
DPTR FM NORMAL 9 PTCLDY (SCALE 4-7) 13
TOTAL FM JUL 1 2736 CLOUDY (SCALE 8-10) 2
DPTR FM NORMAL -762
[CDD (BASE 65) ]
TOTAL THIS MO. 17
DPTR FM NORMAL -26 [PRESSURE DATA]
TOTAL FM JAN 1 30 HIGHEST SLP 30.38 ON 14
DPTR FM NORMAL -22 LOWEST SLP 29.40 ON 12
[REMARKS]
#FINAL-04-20#