000
CXUS52 KTBW 021139
CF6SRQ
PRELIMINARY LOCAL CLIMATOLOGICAL DATA (WS FORM: F-6)
STATION: SARASOTA BRADENTON
MONTH: SEPTEMBER
YEAR: 2021
LATITUDE: 27 23 N
LONGITUDE: 82 33 W
TEMPERATURE IN F: :PCPN: SNOW: WIND :SUNSHINE: SKY :PK WND
================================================================================
1 2 3 4 5 6A 6B 7 8 9 10 11 12 13 14 15 16 17 18
12Z AVG MX 2MIN
DY MAX MIN AVG DEP HDD CDD WTR SNW DPTH SPD SPD DIR MIN PSBL S-S WX SPD DR
================================================================================
1 87 75 81 -2 0 16 0.59 0.0 0 13.3 29 300 M M 5 13 37 300
2 86 74 80 -3 0 15 0.27 0.0 0 9.5 25 280 M M 5 13 29 270
3 88 78 83 0 0 18 0.00 0.0 0 6.3 15 270 M M 1 18 280
4 88 75 82 -1 0 17 0.00 0.0 0 5.9 13 270 M M 1 3 17 250
5 88 75 82 -1 0 17 0.00 0.0 0 5.0 13 270 M M 0 15 260
6 88 82 85 2 0 20 0.00 0.0 0 7.2 13 270 M M 1 20 280
7 88 77 83 0 0 18 0.10 0.0 0 4.8 14 200 M M 1 138 16 210
8 90 76 83 0 0 18 0.66 0.0 0 7.1 16 220 M M 2 13 22 230
9 88 78 83 0 0 18 0.01 0.0 0 10.3 24 260 M M 3 13 31 260
10 88 78 83 0 0 18 0.00 0.0 0 5.7 15 290 M M 1 19 270
11 86 76 81 -2 0 16 T 0.0 0 5.8 17 130 M M 1 13 23 130
12 93 75 84 1 0 19 1.17 0.0 0 8.0 29 210 M M 2 13 35 210
13 94 76 85 3 0 20 0.85 0.0 0 7.6 22 140 M M 1 138 30 120
14 91 73 82 0 0 17 0.12 0.0 0 7.7 30 120 M M 2 36 120
15 88 73 81 -1 0 16 0.14 0.0 0 7.2 14 130 M M 1 3 18 220
16 83 76 80 -2 0 15 0.09 0.0 0 5.4 14 180 M M 3 1 16 210
17 83 75 79 -3 0 14 1.15 0.0 0 4.9 18 240 M M 4 13 23 230
18 83 76 80 -2 0 15 0.08 0.0 0 3.2 14 260 M M 2 1 19 250
19 87 75 81 -1 0 16 0.07 0.0 0 4.3 13 270 M M 1 1 17 300
20 88 76 82 0 0 17 T 0.0 0 5.6 14 300 M M 2 38 18 290
21 89 74 82 0 0 17 T 0.0 0 6.3 21 110 M M 1 25 100
22 87 75 81 -1 0 16 T 0.0 0 5.7 13 270 M M 3 13 18 250
23 89 76 83 1 0 18 T 0.0 0 5.1 13 280 M M 2 1 16 260
24 92 76 84 2 0 19 0.00 0.0 0 6.9 15 110 M M 3 19 120
25 94 75 85 4 0 20 0.00 0.0 0 7.1 16 280 M M 1 20 280
26 90 76 83 2 0 18 0.00 0.0 0 7.0 14 100 M M 2 3 18 110
27 90 73 82 1 0 17 0.00 0.0 0 7.4 13 110 M M 1 21 70
28 89 70 80 -1 0 15 0.00 0.0 0 6.4 13 60 M M 1 17 50
29 89 68 79 -2 0 14 0.00 0.0 0 5.4 13 260 M M 1 14 140
30 92 72 82 1 0 17 0.00 0.0 0 8.8 14 70 M M 1 20 60
================================================================================
SM 2656 2254 0 511 5.30 0.0 200.9 M 55
================================================================================
AV 88.5 75.1 6.7 FASTST M M 2 MAX(MPH)
MISC ----> 30 120 37 300
================================================================================
NOTES:
# LAST OF SEVERAL OCCURRENCES
COLUMN 17 PEAK WIND IN M.P.H.
PRELIMINARY LOCAL CLIMATOLOGICAL DATA (WS FORM: F-6) , PAGE 2
STATION: SARASOTA BRADENTON
MONTH: SEPTEMBER
YEAR: 2021
LATITUDE: 27 23 N
LONGITUDE: 82 33 W
[TEMPERATURE DATA] [PRECIPITATION DATA] SYMBOLS USED IN COLUMN 16
AVERAGE MONTHLY: 81.8 TOTAL FOR MONTH: 5.30 1 = FOG OR MIST
DPTR FM NORMAL: -0.4 DPTR FM NORMAL: -0.70 2 = FOG REDUCING VISIBILITY
HIGHEST: 94 ON 25,13 GRTST 24HR 1.17 ON 11-12 TO 1/4 MILE OR LESS
LOWEST: 68 ON 29 3 = THUNDER
SNOW, ICE PELLETS, HAIL 4 = ICE PELLETS
TOTAL MONTH: 0.0 INCH 5 = HAIL
GRTST 24HR 0.0 6 = FREEZING RAIN OR DRIZZLE
GRTST DEPTH: 0 7 = DUSTSTORM OR SANDSTORM:
VSBY 1/2 MILE OR LESS
8 = SMOKE OR HAZE
[NO. OF DAYS WITH] [WEATHER - DAYS WITH] 9 = BLOWING SNOW
X = TORNADO
MAX 32 OR BELOW: 0 0.01 INCH OR MORE: 13
MAX 90 OR ABOVE: 9 0.10 INCH OR MORE: 9
MIN 32 OR BELOW: 0 0.50 INCH OR MORE: 5
MIN 0 OR BELOW: 0 1.00 INCH OR MORE: 2
[HDD (BASE 65) ]
TOTAL THIS MO. 0 CLEAR (SCALE 0-3) 27
DPTR FM NORMAL 0 PTCLDY (SCALE 4-7) 3
TOTAL FM JUL 1 0 CLOUDY (SCALE 8-10) 0
DPTR FM NORMAL 0
[CDD (BASE 65) ]
TOTAL THIS MO. 511
DPTR FM NORMAL -3 [PRESSURE DATA]
TOTAL FM JAN 1 3185 HIGHEST SLP 30.17 ON 12
DPTR FM NORMAL 128 LOWEST SLP 29.83 ON 23
[REMARKS]
#FINAL-09-21#