000
CXUS54 KEPZ 011130
CF6SRR
PRELIMINARY LOCAL CLIMATOLOGICAL DATA (WS FORM: F-6)
STATION: RUIDOSO AWOS
MONTH: NOVEMBER
YEAR: 2021
LATITUDE: 33 28 N
LONGITUDE: 105 32 W
TEMPERATURE IN F: :PCPN: SNOW: WIND :SUNSHINE: SKY :PK WND
================================================================================
1 2 3 4 5 6A 6B 7 8 9 10 11 12 13 14 15 16 17 18
12Z AVG MX 2MIN
DY MAX MIN AVG DEP HDD CDD WTR SNW DPTH SPD SPD DIR MIN PSBL S-S WX SPD DR
================================================================================
1 66 39 53 M 12 0 0.00 M M 5.6 18 230 M M 0 22 230
2 59 39 49 M 16 0 0.00 M M 5.2 9 120 M M 0 M M
3 54 32 43 M 22 0 0.00 M M 5.9 14 140 M M 0 1 16 140
4 61 34 48 M 17 0 0.00 M M 5.5 13 360 M M 0 18 310
5 68 37 53 M 12 0 0.00 M M 9.7 14 330 M M 2 22 330
6 72 45 59 M 6 0 0.00 M M 6.1 12 250 M M 0 M M
7 72 46 59 M 6 0 0.00 M M 7.4 17 230 M M 0 23 260
8 68 48 58 M 7 0 0.00 M M 7.7 22 230 M M 0 27 230
9 68 46 57 M 8 0 0.00 M M 10.2 16 240 M M 0 23 230
10 57 45 51 M 14 0 0.00 M M 14.7 28 310 M M 0 37 310
11 59 39 49 M 16 0 0.00 M M 8.7 14 300 M M 0 8 22 320
12 54 36 45 M 20 0 0.00 M M 7.8 13 140 M M 0 8 20 330
13 64 37 51 M 14 0 0.00 M M 8.2 21 300 M M 0 28 290
14 68 46 57 M 8 0 0.12 M M 8.9 16 320 M M 0 25 320
15 68 48 58 M 7 0 0.01 M M 9.1 16 320 M M 0 24 310
16 68 46 57 M 8 0 0.00 M M 8.5 15 230 M M 0 24 230
17 54 27 41 M 24 0 0.00 M M 10.4 17 290 M M 0 22 300
18 46 19 33 M 32 0 0.00 M M 5.7 9 140 M M 0 M M
19 61 28 45 M 20 0 0.00 M M 7.3 17 290 M M 0 25 290
20 63 36 50 M 15 0 0.00 M M 6.0 15 290 M M 0 25 40
21 48 32 40 M 25 0 0.00 M M 8.3 14 130 M M 2 20 130
22 57 27 42 M 23 0 0.00 M M 5.6 9 320 M M 0 17 320
23 64 36 50 M 15 0 0.00 M M 6.8 13 240 M M 1 23 230
24 54 37 46 M 19 0 0.00 M M 8.1 20 110 M M 4 30 300
25 41 28 35 M 30 0 0.00 M M 8.1 15 140 M M 5 22 140
26 55 28 42 M 23 0 0.00 M M 5.2 9 270 M M 1 16 10
27 54 36 45 M 20 0 0.00 M M 9.2 20 320 M M 3 25 320
28 59 30 45 M 20 0 0.00 M M 7.1 14 320 M M 0 23 340
29 64 36 50 M 15 0 0.00 M M 8.3 13 320 M M 0 16 320
30 64 37 51 M 14 0 0.00 M M 8.4 13 90 M M 0 18 330
================================================================================
SM 1810 1100 488 0 0.13 M 233.6 M 18
================================================================================
AV 60.3 36.7 7.8 FASTST M M 1 MAX(MPH)
MISC ----> 28 310 37 310
================================================================================
NOTES:
# LAST OF SEVERAL OCCURRENCES
COLUMN 17 PEAK WIND IN M.P.H.
PRELIMINARY LOCAL CLIMATOLOGICAL DATA (WS FORM: F-6) , PAGE 2
STATION: RUIDOSO AWOS
MONTH: NOVEMBER
YEAR: 2021
LATITUDE: 33 28 N
LONGITUDE: 105 32 W
[TEMPERATURE DATA] [PRECIPITATION DATA] SYMBOLS USED IN COLUMN 16
AVERAGE MONTHLY: 48.5 TOTAL FOR MONTH: 0.13 1 = FOG OR MIST
DPTR FM NORMAL: 0.0 DPTR FM NORMAL: M 2 = FOG REDUCING VISIBILITY
HIGHEST: 72 ON 7, 6 GRTST 24HR 0.12 ON 14-14 TO 1/4 MILE OR LESS
LOWEST: 19 ON 18 3 = THUNDER
SNOW, ICE PELLETS, HAIL 4 = ICE PELLETS
TOTAL MONTH: M 5 = HAIL
GRTST 24HR M ON M 6 = FREEZING RAIN OR DRIZZLE
GRTST DEPTH: M ON M 7 = DUSTSTORM OR SANDSTORM:
VSBY 1/2 MILE OR LESS
8 = SMOKE OR HAZE
[NO. OF DAYS WITH] [WEATHER - DAYS WITH] 9 = BLOWING SNOW
X = TORNADO
MAX 32 OR BELOW: 0 0.01 INCH OR MORE: 2
MAX 90 OR ABOVE: 0 0.10 INCH OR MORE: 1
MIN 32 OR BELOW: 9 0.50 INCH OR MORE: 0
MIN 0 OR BELOW: 0 1.00 INCH OR MORE: 0
[HDD (BASE 65) ]
TOTAL THIS MO. 488 CLEAR (SCALE 0-3) 28
DPTR FM NORMAL M PTCLDY (SCALE 4-7) 2
TOTAL FM JUL 1 855 CLOUDY (SCALE 8-10) 0
DPTR FM NORMAL M
[CDD (BASE 65) ]
TOTAL THIS MO. 0
DPTR FM NORMAL M [PRESSURE DATA]
TOTAL FM JAN 1 398 HIGHEST SLP M ON M
DPTR FM NORMAL M LOWEST SLP M ON M
[REMARKS]
#FINAL-11-21#