000
CXUS54 KEWX 011110
CF6SSF
PRELIMINARY LOCAL CLIMATOLOGICAL DATA (WS FORM: F-6)
STATION: SAN ANTONIO STINSON FIELD
MONTH: DECEMBER
YEAR: 2022
LATITUDE: 29 19 N
LONGITUDE: 98 29 W
TEMPERATURE IN F: :PCPN: SNOW: WIND :SUNSHINE: SKY :PK WND
================================================================================
1 2 3 4 5 6A 6B 7 8 9 10 11 12 13 14 15 16 17 18
12Z AVG MX 2MIN
DY MAX MIN AVG DEP HDD CDD WTR SNW DPTH SPD SPD DIR MIN PSBL S-S WX SPD DR
================================================================================
1 52 46 49 -9 16 0 T M M 6.0 13 40 M M 8 18 19 30
2 65 52 59 1 6 0 0.03 M M 1.0 7 260 M M 10 1 10 250
3 68 57 63 6 2 0 0.00 M M 6.7 14 30 M M 10 1 18 10
4 58 53 56 -1 9 0 0.02 M M 4.8 12 50 M M 10 1 17 40
5 76 57 67 10 0 2 T M M 3.6 16 190 M M 7 12 23 200
6 83 62 73 16 0 8 0.00 M M 4.6 14 140 M M 9 18 19 130
7 82 70 76 19 0 11 0.00 M M 9.0 17 170 M M 8 1 24 170
8 82 70 76 20 0 11 0.00 M M 8.1 15 180 M M 8 1 21 210
9 82 67 75 19 0 10 0.00 M M 6.5 15 150 M M 6 1 24 130
10 80 69 75 19 0 10 1.15 M M 6.9 14 160 M M 8 13 20 150
11 74 62 68 12 0 3 1.06 M M 9.7 16 50 M M 5 13 24 50
12 78 61 70 14 0 5 0.01 M M 8.9 18 140 M M 9 18 27 140
13 81 64 73 18 0 8 T M M 8.6 16 170 M M 7 26 160
14 71 45 58 3 7 0 T M M 8.5 21 320 M M 4 31 340
15 67 38 53 -2 12 0 0.00 M M 2.1 9 160 M M 0 14 220
16 73 45 59 4 6 0 0.00 M M 6.4 22 10 M M 1 30 350
17 59 38 49 -6 16 0 0.00 M M 4.2 14 20 M M 2 21 10
18 55 36 46 -9 19 0 0.00 M M 5.8 13 70 M M 7 19 40
19 51 46 49 -5 16 0 0.20 M M 8.2 13 30 M M 10 13 20 40
20 55 46 51 -3 14 0 0.00 M M 6.9 15 10 M M 10 1 21 20
21 49 38 44 -10 21 0 0.00 M M 2.2 9 30 M M 5 1 13 30
22 66 21 44 -10 21 0 0.00 M M 11.7 26 20 M M 8 1 42 350
23 35 18 27 -27 38 0 0.00 M M 11.6 20 10 M M 1 31 360
24 41 23 32 -22 33 0 0.00 M M 3.7 10 30 M M 0 8 15 50
25 52 22 37 -17 28 0 0.00 M M 2.5 10 230 M M 0 18 15 190
26 67 25 46 -8 19 0 0.00 M M 3.0 12 250 M M 0 17 250
27 62 30 46 -7 19 0 0.00 M M 4.4 13 150 M M 0 8 17 160
28 78 35 57 4 8 0 0.00 M M 4.5 20 170 M M 0 27 170
29 76 56 66 13 0 1 0.00 M M 3.7 12 350 M M 6 17 350
30 73 49 61 8 4 0 0.00 M M 3.7 14 40 M M 3 18 50
31 79 42 61 8 4 0 0.00 M M 4.8 17 210 M M 0 8 22 230
================================================================================
SM 2070 1443 318 69 2.47 M 182.3 M 162
================================================================================
AV 66.8 46.5 5.9 FASTST M M 5 MAX(MPH)
MISC ----> 26 20 42 350
================================================================================
NOTES:
# LAST OF SEVERAL OCCURRENCES
COLUMN 17 PEAK WIND IN M.P.H.
PRELIMINARY LOCAL CLIMATOLOGICAL DATA (WS FORM: F-6) , PAGE 2
STATION: SAN ANTONIO STINSON FIELD
MONTH: DECEMBER
YEAR: 2022
LATITUDE: 29 19 N
LONGITUDE: 98 29 W
[TEMPERATURE DATA] [PRECIPITATION DATA] SYMBOLS USED IN COLUMN 16
AVERAGE MONTHLY: 56.7 TOTAL FOR MONTH: 2.47 1 = FOG OR MIST
DPTR FM NORMAL: 1.6 DPTR FM NORMAL: 0.37 2 = FOG REDUCING VISIBILITY
HIGHEST: 83 ON 6 GRTST 24HR 2.21 ON 10-11 TO 1/4 MILE OR LESS
LOWEST: 18 ON 23 3 = THUNDER
SNOW, ICE PELLETS, HAIL 4 = ICE PELLETS
TOTAL MONTH: 0.0 INCH 5 = HAIL
GRTST 24HR M ON M 6 = FREEZING RAIN OR DRIZZLE
GRTST DEPTH: M ON M 7 = DUSTSTORM OR SANDSTORM:
VSBY 1/2 MILE OR LESS
8 = SMOKE OR HAZE
[NO. OF DAYS WITH] [WEATHER - DAYS WITH] 9 = BLOWING SNOW
X = TORNADO
MAX 32 OR BELOW: 0 0.01 INCH OR MORE: 6
MAX 90 OR ABOVE: 0 0.10 INCH OR MORE: 3
MIN 32 OR BELOW: 6 0.50 INCH OR MORE: 2
MIN 0 OR BELOW: 0 1.00 INCH OR MORE: 2
[HDD (BASE 65) ]
TOTAL THIS MO. 318 CLEAR (SCALE 0-3) 11
DPTR FM NORMAL -8 PTCLDY (SCALE 4-7) 10
TOTAL FM JUL 1 526 CLOUDY (SCALE 8-10) 10
DPTR FM NORMAL 22
[CDD (BASE 65) ]
TOTAL THIS MO. 69
DPTR FM NORMAL 49 [PRESSURE DATA]
TOTAL FM JAN 1 4389 HIGHEST SLP 30.78 ON 23
DPTR FM NORMAL 914 LOWEST SLP 29.59 ON 13
[REMARKS]
#FINAL-12-22#