000
CXUS55 KSTO 102242
CF6STO
PRELIMINARY LOCAL CLIMATOLOGICAL DATA (WS FORM: F-6)
STATION: SACRAMENTO CITY
MONTH: JULY
YEAR: 2021
LATITUDE: 38 36 N
LONGITUDE: 121 23 W
TEMPERATURE IN F: :PCPN: SNOW: WIND :SUNSHINE: SKY :PK WND
================================================================================
1 2 3 4 5 6A 6B 7 8 9 10 11 12 13 14 15 16 17 18
12Z AVG MX 2MIN
DY MAX MIN AVG DEP HDD CDD WTR SNW DPTH SPD SPD DIR MIN PSBL S-S WX SPD DR
================================================================================
1 91 60 76 -1 0 11 0.00 M M M M M M M M M M
2 98 60 79 2 0 14 0.00 0.0 M M M M M M M M M
3 94 59 77 0 0 12 0.00 0.0 M M M M M M M M M
4 94 60 77 0 0 12 0.00 M M M M M M M M M M
5 96 58 77 0 0 12 0.00 0.0 M M M M M M M M M
6 94 57 76 -1 0 11 0.00 0.0 M M M M M M M M M
7 96 58 77 -1 0 12 0.00 0.0 M M M M M M M M M
8 106 59 83 5 0 18 0.00 0.0 M M M M M M M M M
9 109 72 91 13 0 26 0.00 0.0 M M M M M M M M M
10 113 70 92 14 0 27 0.00 0.0 M M M M M M M M M
11 104 66 85 7 0 20 0.00 0.0 M M M M M M M M M
12 96 59 78 0 0 13 0.00 0.0 M M M M M M M M M
13 89 57 73 -5 0 8 0.00 M M M M M M M M M M
14 91 56 74 -4 0 9 0.00 M M M M M M M M M M
15 88 57 73 -5 0 8 0.00 0.0 M M M M M M M M M
16 95 55 75 -3 0 10 0.00 M M M M M M M M M M
17 100 62 81 3 0 16 0.00 0.0 M M M M M M M M M
18 101 68 85 7 0 20 0.00 0.0 M M M M M M M M M
19 101 69 85 7 0 20 0.00 0.0 M M M M M M M M M
20 94 63 79 1 0 14 0.00 0.0 M M M M M M M M M
21 98 62 80 2 0 15 0.00 M M M M M M M M M M
22 99 62 81 3 0 16 0.00 M M M M M M M M M M
23 103 60 82 4 0 17 0.00 0.0 M M M M M M M M M
24 103 64 84 6 0 19 0.00 0.0 M M M M M M M M M
25 101 62 82 4 0 17 0.00 0.0 M M M M M M M M M
26 88 63 76 -2 0 11 0.00 0.0 M M M M M M M M M
27 93 68 81 3 0 16 0.00 0.0 M M M M M M M M M
28 106 67 87 9 0 22 0.00 M M M M M M M M M M
29 106 66 86 8 0 21 0.00 M M M M M M M M M M
30 105 68 87 9 0 22 0.00 M M M M M M M M M M
31 95 63 79 1 0 14 0.00 M M M M M M M M M M
================================================================================
SM 3047 1930 0 483 0.00 0.0 M M M
================================================================================
AV 98.3 62.3 M FASTST M M M MAX(MPH)
MISC ----> M M M M
================================================================================
NOTES:
# LAST OF SEVERAL OCCURRENCES
COLUMN 17 PEAK WIND IN M.P.H.
PRELIMINARY LOCAL CLIMATOLOGICAL DATA (WS FORM: F-6) , PAGE 2
STATION: SACRAMENTO CITY
MONTH: JULY
YEAR: 2021
LATITUDE: 38 36 N
LONGITUDE: 121 23 W
[TEMPERATURE DATA] [PRECIPITATION DATA] SYMBOLS USED IN COLUMN 16
AVERAGE MONTHLY: 80.3 TOTAL FOR MONTH: 0.00 1 = FOG OR MIST
DPTR FM NORMAL: 2.4 DPTR FM NORMAL: 0.00 2 = FOG REDUCING VISIBILITY
HIGHEST: 113 ON 10 GRTST 24HR 0.00 ON 1- 1 TO 1/4 MILE OR LESS
LOWEST: 55 ON 16 3 = THUNDER
SNOW, ICE PELLETS, HAIL 4 = ICE PELLETS
TOTAL MONTH: 0.0 INCH 5 = HAIL
GRTST 24HR 0.0 6 = FREEZING RAIN OR DRIZZLE
GRTST DEPTH: M ON M 7 = DUSTSTORM OR SANDSTORM:
VSBY 1/2 MILE OR LESS
8 = SMOKE OR HAZE
[NO. OF DAYS WITH] [WEATHER - DAYS WITH] 9 = BLOWING SNOW
X = TORNADO
MAX 32 OR BELOW: 0 0.01 INCH OR MORE: 0
MAX 90 OR ABOVE: 28 0.10 INCH OR MORE: 0
MIN 32 OR BELOW: 0 0.50 INCH OR MORE: 0
MIN 0 OR BELOW: 0 1.00 INCH OR MORE: 0
[HDD (BASE 65) ]
TOTAL THIS MO. 0 CLEAR (SCALE 0-3) 0
DPTR FM NORMAL 0 PTCLDY (SCALE 4-7) 0
TOTAL FM JUL 1 0 CLOUDY (SCALE 8-10) 31
DPTR FM NORMAL 0
[CDD (BASE 65) ]
TOTAL THIS MO. 483
DPTR FM NORMAL 83 [PRESSURE DATA]
TOTAL FM JAN 1 1107 HIGHEST SLP M ON M
DPTR FM NORMAL 273 LOWEST SLP M ON M
[REMARKS]
#FINAL-07-21#