000
CXUS46 KSTO 020506
CLMSTO
CLIMATE REPORT
NATIONAL WEATHER SERVICE SACRAMENTO
1006 PM PDT MON APR 01 2024
...................................
...THE SACRAMENTO CITY CLIMATE SUMMARY FOR THE MONTH OF MARCH 2024...
CLIMATE NORMAL PERIOD: 1991 TO 2020
CLIMATE RECORD PERIOD: 1849 TO 2024
WEATHER OBSERVED NORMAL DEPART LAST YEAR`S
VALUE DATE(S) VALUE FROM VALUE
NORMAL
..............................................................
TEMPERATURE (F)
RECORD
HIGH 90 03/26/1988
03/31/1966
LOW 4 03/09/2023
HIGHEST 78 03/20 MM MM
LOWEST 42 03/04 MM MM
03/03
AVG. MAXIMUM 66.2 67.8 -1.6 60.6
AVG. MINIMUM 47.2 46.7 0.5 43.5
MEAN 56.7 57.2 -0.5 52.0
DAYS MAX >= 90 0 0.0 0.0
DAYS MAX <= 32 0 0.0 0.0
DAYS MIN <= 32 0 0.0 0.0
DAYS MIN <= 0 0 0.0 0.0
PRECIPITATION (INCHES)
RECORD
MAXIMUM 4.90 2023
MINIMUM 0.94 2022
TOTALS 2.04 2.82 -0.78 4.90
DAILY AVG. 0.07
DAYS >= .01 13 17
DAYS >= .10 7 13
DAYS >= .50 1 3
DAYS >= 1.00 0 0
DAYS >= %-5.2F 0 0
GREATEST
24 HR. TOTAL 0.63 03/01 TO 03/01
SNOWFALL (INCHES)
RECORDS
TOTAL MM MM
24 HR TOTAL MM
TOTALS 0.0 0.0 0.0
LIQUID EQUIV 0.00 0.00 0.00
SINCE 7/1 0.0 0.0 0.0
LIQUID 7/1 0.00
DAYS >= TRACE 0 0.0 0.0
DAYS >= 1.0 0 0.0 0.0
GREATEST
SNOW DEPTH MM
24 HR TOTAL MM
STORM TOTAL 0.0
(MM/DD(HH))
DEGREE DAYS
HEATING TOTAL 250 244 6
SINCE 7/1 1629 1948 -319
COOLING TOTAL 0 4 -4
SINCE 1/1 0 4 -4
..............................................................
WIND (MPH)
AVERAGE WIND SPEED MM
HIGHEST WIND SPEED/DIRECTION MM DATE MM
HIGHEST GUST SPEED/DIRECTION MM DATE MM
SKY COVER
POSSIBLE SUNSHINE (PERCENT) MM
AVERAGE SKY COVER MM
NUMBER OF DAYS FAIR 0
NUMBER OF DAYS PC 0
NUMBER OF DAYS CLOUDY 0
AVERAGE RH (PERCENT) MM
WEATHER CONDITIONS. NUMBER OF DAYS WITH
THUNDERSTORM 0 MIXED PRECIP 0
HEAVY RAIN 0 RAIN 0
LIGHT RAIN 0 FREEZING RAIN 0
LT FREEZING RAIN 0 HAIL 0
HEAVY SNOW 0 SNOW 0
LIGHT SNOW 0 SLEET 0
FOG 0 FOG W/VIS <= 1/4 MILE 0
HAZE 0
- INDICATES NEGATIVE NUMBERS.
R INDICATES RECORD WAS SET OR TIED.
MM INDICATES DATA IS MISSING.
T INDICATES TRACE AMOUNT.
$$