000
CXUS53 KGRB 180740
CF6SUE
PRELIMINARY LOCAL CLIMATOLOGICAL DATA (WS FORM: F-6)
STATION: STURGEON BAY WI
MONTH: AUGUST
YEAR: 2021
LATITUDE: 44 55 N
LONGITUDE: 87 25 W
TEMPERATURE IN F: :PCPN: SNOW: WIND :SUNSHINE: SKY :PK WND
================================================================================
1 2 3 4 5 6A 6B 7 8 9 10 11 12 13 14 15 16 17 18
12Z AVG MX 2MIN
DY MAX MIN AVG DEP HDD CDD WTR SNW DPTH SPD SPD DIR MIN PSBL S-S WX SPD DR
================================================================================
1 72 61 67 M 0 2 M M M 12.9 21 360 M M 3 8 28 360
2 75 56 66 M 0 1 M M M 5.6 13 180 M M 2 M M
3 80 62 71 M 0 6 M M M 7.1 9 240 M M 1 M M
4 82 63 73 M 0 8 M M M 5.5 10 170 M M 0 1 M M
5 81 65 73 M 0 8 M M M 9.0 16 230 M M 2 23 230
6 77 66 72 M 0 7 M M M 6.9 13 180 M M 6 M M
7 71 64 68 M 0 3 M M M 6.4 10 30 M M 10 1 M M
8 77 67 72 M 0 7 M M M 11.2 25 220 M M 6 13 43 210
9 78 69 74 M 0 9 M M M 8.4 17 190 M M 7 1 23 190
10 79 68 74 M 0 9 M M M 9.5 22 180 M M 6 13 28 170
11 85 68 77 M 0 12 M M M 10.1 16 260 M M 4 13 37 310
12 81 64 73 M 0 8 M M M 9.5 14 230 M M 1 M M
13 77 57 67 M 0 2 M M M 6.4 16 240 M M 1 20 240
14 77 53 65 M 0 0 M M M 5.2 12 170 M M 1 M M
15 80 60 70 M 0 5 M M M 8.6 12 160 M M 0 M M
16 77 58 68 M 0 3 M M M 7.5 14 150 M M 0 M M
17 78 61 70 M 0 5 0.00 0.0 0 8.0 14 180 M M 0 M M
================================================================================
SM 1327 1062 0 95 0.00 0.0 137.8 M 50
================================================================================
AV 78.1 62.5 8.1 FASTST M M 3 MAX(MPH)
MISC ----> 25 220 43 210
================================================================================
NOTES:
# LAST OF SEVERAL OCCURRENCES
COLUMN 17 PEAK WIND IN M.P.H.
PRELIMINARY LOCAL CLIMATOLOGICAL DATA (WS FORM: F-6) , PAGE 2
STATION: STURGEON BAY WI
MONTH: AUGUST
YEAR: 2021
LATITUDE: 44 55 N
LONGITUDE: 87 25 W
[TEMPERATURE DATA] [PRECIPITATION DATA] SYMBOLS USED IN COLUMN 16
AVERAGE MONTHLY: 70.3 TOTAL FOR MONTH: 0.00 1 = FOG OR MIST
DPTR FM NORMAL: 0.0 DPTR FM NORMAL: 0.00 2 = FOG REDUCING VISIBILITY
HIGHEST: 85 ON 11 GRTST 24HR 0.00 ON 17-17 TO 1/4 MILE OR LESS
LOWEST: 53 ON 14 3 = THUNDER
SNOW, ICE PELLETS, HAIL 4 = ICE PELLETS
TOTAL MONTH: 0.0 INCH 5 = HAIL
GRTST 24HR 0.0 6 = FREEZING RAIN OR DRIZZLE
GRTST DEPTH: 0 7 = DUSTSTORM OR SANDSTORM:
VSBY 1/2 MILE OR LESS
8 = SMOKE OR HAZE
[NO. OF DAYS WITH] [WEATHER - DAYS WITH] 9 = BLOWING SNOW
X = TORNADO
MAX 32 OR BELOW: 0 0.01 INCH OR MORE: 0
MAX 90 OR ABOVE: 0 0.10 INCH OR MORE: 0
MIN 32 OR BELOW: 0 0.50 INCH OR MORE: 0
MIN 0 OR BELOW: 0 1.00 INCH OR MORE: 0
[HDD (BASE 65) ]
TOTAL THIS MO. 0 CLEAR (SCALE 0-3) 10
DPTR FM NORMAL M PTCLDY (SCALE 4-7) 6
TOTAL FM JUL 1 26 CLOUDY (SCALE 8-10) 1
DPTR FM NORMAL M
[CDD (BASE 65) ]
TOTAL THIS MO. 95
DPTR FM NORMAL M [PRESSURE DATA]
TOTAL FM JAN 1 404 HIGHEST SLP M ON M
DPTR FM NORMAL 404 LOWEST SLP M ON M
[REMARKS]