000
CXUS53 KLSX 011500
CF6SUS
PRELIMINARY LOCAL CLIMATOLOGICAL DATA (WS FORM: F-6)
STATION: SPIRIT OF ST LOUIS MO
MONTH: NOVEMBER
YEAR: 2021
LATITUDE: 38 39 N
LONGITUDE: 90 38 W
TEMPERATURE IN F: :PCPN: SNOW: WIND :SUNSHINE: SKY :PK WND
================================================================================
1 2 3 4 5 6A 6B 7 8 9 10 11 12 13 14 15 16 17 18
12Z AVG MX 2MIN
DY MAX MIN AVG DEP HDD CDD WTR SNW DPTH SPD SPD DIR MIN PSBL S-S WX SPD DR
================================================================================
1 49 33 41 -10 24 0 0.01 0.0 0 3.7 10 350 M M 8 14 360
2 51 32 42 -9 23 0 0.00 0.0 0 3.6 13 330 M M 3 1 18 20
3 53 29 41 -9 24 0 0.00 0.0 0 1.0 9 320 M M 2 13 300
4 53 25 39 -11 26 0 0.00 0.0 0 1.2 9 80 M M 1 12 12 90
5 55 25 40 -9 25 0 0.00 0.0 0 1.9 12 200 M M 0 128 17 200
6 62 26 44 -5 21 0 0.00 0.0 0 2.3 10 250 M M 0 1 14 250
7 70 32 51 3 14 0 0.00 0.0 0 2.6 10 140 M M 0 1 17 160
8 79 35 57 9 8 0 0.00 0.0 0 4.4 16 220 M M 0 23 230
9 66 46 56 8 9 0 0.00 0.0 0 4.7 15 240 M M 3 8 19 220
10 70 50 60 13 5 0 0.00 0.0 0 5.8 13 160 M M 6 18 25 160
11 60 44 52 5 13 0 0.06 0.0 0 12.3 25 290 M M 6 1 35 260
12 49 37 43 -3 22 0 0.00 0.0 0 14.4 26 250 M M 5 40 270
13 42 33 38 -8 27 0 T M 0 8.6 20 290 M M 8 26 280
14 50 28 39 -7 26 0 0.08 0.0 0 10.4 26 290 M M 4 1 37 300
15 66 29 48 3 17 0 T 0.0 0 4.0 17 220 M M 4 25 200
16 76 33 55 10 10 0 0.00 0.0 0 4.7 20 170 M M 0 8 32 150
17 71 46 59 14 6 0 T 0.0 0 7.8 28 330 M M 7 8 35 330
18 50 27 39 -5 26 0 0.00 0.0 0 9.0 23 300 M M 1 33 270
19 48 20 34 -10 31 0 0.00 0.0 0 4.7 12 160 M M 1 18 150
20 64 37 51 7 14 0 T 0.0 0 4.5 12 210 M M 4 16 210
21 62 37 50 7 15 0 0.00 0.0 0 5.0 21 350 M M 5 33 350
22 41 22 32 -11 33 0 0.00 0.0 0 3.7 12 290 M M 1 16 280
23 55 20 38 -4 27 0 0.00 0.0 0 5.1 15 200 M M 0 25 160
24 67 43 55 13 10 0 0.03 0.0 0 9.2 23 200 M M 3 34 200
25 55 23 39 -3 26 0 0.21 0.0 0 11.3 21 300 M M 5 18 27 310
26 46 18 32 -9 33 0 0.00 0.0 0 3.3 12 170 M M 1 17 160
27 59 29 44 3 21 0 0.00 0.0 0 3.4 13 230 M M 0 17 250
28 51 25 38 -3 27 0 0.00 0.0 0 6.1 15 330 M M 0 23 340
29 60 24 42 2 23 0 0.00 0.0 0 5.1 16 200 M M 1 27 210
30 57 36 47 7 18 0 T M M 2.5 13 230 M M 2 17 230
================================================================================
SM 1737 944 604 0 0.39 0.0 166.3 M 81
================================================================================
AV 57.9 31.5 5.5 FASTST M M 3 MAX(MPH)
MISC ----> 28 330 40 270
================================================================================
NOTES:
# LAST OF SEVERAL OCCURRENCES
COLUMN 17 PEAK WIND IN M.P.H.
PRELIMINARY LOCAL CLIMATOLOGICAL DATA (WS FORM: F-6) , PAGE 2
STATION: SPIRIT OF ST LOUIS MO
MONTH: NOVEMBER
YEAR: 2021
LATITUDE: 38 39 N
LONGITUDE: 90 38 W
[TEMPERATURE DATA] [PRECIPITATION DATA] SYMBOLS USED IN COLUMN 16
AVERAGE MONTHLY: 44.7 TOTAL FOR MONTH: 0.39 1 = FOG OR MIST
DPTR FM NORMAL: -0.6 DPTR FM NORMAL: -2.89 2 = FOG REDUCING VISIBILITY
HIGHEST: 79 ON 8 GRTST 24HR 0.24 ON 24-25 TO 1/4 MILE OR LESS
LOWEST: 18 ON 26 3 = THUNDER
SNOW, ICE PELLETS, HAIL 4 = ICE PELLETS
TOTAL MONTH: 0.0 INCH 5 = HAIL
GRTST 24HR 0.0 6 = FREEZING RAIN OR DRIZZLE
GRTST DEPTH: 0 7 = DUSTSTORM OR SANDSTORM:
VSBY 1/2 MILE OR LESS
8 = SMOKE OR HAZE
[NO. OF DAYS WITH] [WEATHER - DAYS WITH] 9 = BLOWING SNOW
X = TORNADO
MAX 32 OR BELOW: 0 0.01 INCH OR MORE: 5
MAX 90 OR ABOVE: 0 0.10 INCH OR MORE: 1
MIN 32 OR BELOW: 17 0.50 INCH OR MORE: 0
MIN 0 OR BELOW: 0 1.00 INCH OR MORE: 0
[HDD (BASE 65) ]
TOTAL THIS MO. 604 CLEAR (SCALE 0-3) 18
DPTR FM NORMAL 11 PTCLDY (SCALE 4-7) 11
TOTAL FM JUL 1 792 CLOUDY (SCALE 8-10) 1
DPTR FM NORMAL -125
[CDD (BASE 65) ]
TOTAL THIS MO. 0
DPTR FM NORMAL -2 [PRESSURE DATA]
TOTAL FM JAN 1 1527 HIGHEST SLP 30.58 ON 19
DPTR FM NORMAL 81 LOWEST SLP 29.63 ON 11
[REMARKS]
#FINAL-11-21#