000
CXUS51 KBGM 010724
CLMSYR
CLIMATE REPORT
NATIONAL WEATHER SERVICE BINGHAMTON, NY
324 AM EDT THU JUN 01 2023
...................................
...THE SYRACUSE NY CLIMATE SUMMARY FOR THE MONTH OF MAY 2023...
CLIMATE NORMAL PERIOD 1991 TO 2020
CLIMATE RECORD PERIOD 1902 TO 2023
WEATHER OBSERVED NORMAL DEPART LAST YEAR`S
VALUE DATE(S) VALUE FROM VALUE DATE(S)
NORMAL
................................................................
TEMPERATURE (F)
RECORD
HIGH 96 05/21/1977
LOW 25 05/07/1966
HIGHEST 89 05/31 68 21 91 05/21
LOWEST 31 05/18 46 -15 31 05/01
AVG. MAXIMUM 70.5 69.2 1.3 73.7
AVG. MINIMUM 45.0 47.3 -2.3 49.2
MEAN 57.8 58.2 -0.4 61.5
DAYS MAX >= 90 0 0.5 -0.5 1
DAYS MAX <= 32 0 0.0 0.0 0
DAYS MIN <= 32 1 0.5 0.5 1
DAYS MIN <= 0 0 0.0 0.0 0
PRECIPITATION (INCHES)
RECORD
MAXIMUM 7.86 2004
MINIMUM 0.59 2005
TOTALS 1.28 3.42 -2.14 1.84
DAILY AVG. 0.04 0.11 -0.07 0.06
DAYS >= .01 7 13.2 -6.2 12
DAYS >= .10 4 7.7 -3.7 6
DAYS >= .50 0 1.9 -1.9 1
DAYS >= 1.00 0 0.5 -0.5 0
GREATEST
24 HR. TOTAL 0.45 05/01 TO 05/01
SNOWFALL (INCHES)
RECORDS
TOTAL 2.1 1996
24 HR TOTAL 2.1 05/12/1996 TO 05/12/1996
SNOW DEPTH 1 05/12/1996
TOTALS 0.0 0.1 -0.1 0.0
SINCE 7/1 65.6 127.8 -62.2 76.0
SNOWDEPTH AVG. 0 0
DAYS >= TRACE 0 0.1 -0.1 0
DAYS >= 1.0 0 0.0 0.0 0
GREATEST
SNOW DEPTH 0 0
24 HR TOTAL 0.0
DEGREE DAYS
HEATING TOTAL 244 243 1 165
SINCE 7/1 5606 6532 -926 5816
COOLING TOTAL 28 34 -6 65
SINCE 1/1 56 38 18 66
................................................................
WIND (MPH)
AVERAGE WIND SPEED 6.6
RESULTANT WIND SPEED/DIRECTION 3/290
HIGHEST WIND SPEED/DIRECTION 37/240 DATE 05/01
HIGHEST GUST SPEED/DIRECTION 46/230 DATE 05/01
SKY COVER
POSSIBLE SUNSHINE (PERCENT) MM
AVERAGE SKY COVER 0.55
NUMBER OF DAYS FAIR 9
NUMBER OF DAYS PC 15
NUMBER OF DAYS CLOUDY 7
AVERAGE RH (PERCENT) 56
WEATHER CONDITIONS. NUMBER OF DAYS WITH
THUNDERSTORM 0 MIXED PRECIP 0
HEAVY RAIN 1 RAIN 4
LIGHT RAIN 10 FREEZING RAIN 0
LT FREEZING RAIN 0 HAIL 0
HEAVY SNOW 0 SNOW 0
LIGHT SNOW 0 SLEET 0
FOG 6 FOG W/VIS <= 1/4 MILE 0
HAZE 4
- INDICATES NEGATIVE NUMBERS.
R INDICATES RECORD WAS SET OR TIED.
MM INDICATES DATA IS MISSING.
T INDICATES TRACE AMOUNT.
&&
10TH DRIEST MAY ON RECORD DRIEST 0.19 INCH 1920
$$
BJT