000
CXUS54 KEWX 011010
CF6T82
PRELIMINARY LOCAL CLIMATOLOGICAL DATA (WS FORM: F-6)
STATION: FREDERICKSBURG
MONTH: JULY
YEAR: 2023
LATITUDE: 30 15 N
LONGITUDE: 98 55 W
TEMPERATURE IN F: :PCPN: SNOW: WIND :SUNSHINE: SKY :PK WND
================================================================================
1 2 3 4 5 6A 6B 7 8 9 10 11 12 13 14 15 16 17 18
12Z AVG MX 2MIN
DY MAX MIN AVG DEP HDD CDD WTR SNW DPTH SPD SPD DIR MIN PSBL S-S WX SPD DR
================================================================================
1 96 70 83 M 0 18 0.00 M M 9.1 25 360 M M 5 39 120
2 90 72 81 M 0 16 0.02 M M 2.6 8 170 M M 2 M M
3 92 73 83 M 0 18 0.00 M M 4.6 12 180 M M 1 17 180
4 92 75 84 M 0 19 0.00 M M 5.7 8 140 M M 2 10 150
5 95 75 85 M 0 20 0.00 M M 7.8 13 170 M M 3 17 190
6 91 73 82 M 0 17 0.01 M M 6.8 14 140 M M 5 23 140
7 89 73 81 M 0 16 0.00 M M 7.4 13 180 M M 7 20 180
8 96 72 84 M 0 19 0.00 M M 6.7 12 170 M M 3 18 190
9 98 75 87 M 0 22 0.00 M M 7.4 13 180 M M 0 16 180
10 101 75 88 M 0 23 0.00 M M 6.9 9 160 M M 0 17 170
11 102 76 89 M 0 24 0.00 M M 8.0 13 200 M M 1 23 140
12 102 76 89 M 0 24 0.00 M M 10.0 16 210 M M 1 22 200
13 102 77 90 M 0 25 0.00 M M 9.1 13 170 M M 2 21 210
14 101 74 88 M 0 23 0.00 M M 9.7 15 170 M M 2 21 200
15 102 75 89 M 0 24 0.00 M M 8.0 14 200 M M 3 23 200
16 101 74 88 M 0 23 0.00 M M 6.5 14 230 M M 0 22 230
17 103 75 89 M 0 24 0.00 M M 6.6 14 210 M M 0 16 210
18 103 74 89 M 0 24 0.00 M M 6.5 12 160 M M 0 17 190
19 101 75 88 M 0 23 0.00 M M 10.0 15 210 M M 0 20 160
20 101 73 87 M 0 22 0.00 M M 6.8 12 170 M M 0 18 210
21 101 73 87 M 0 22 0.00 M M 5.4 12 180 M M 0 16 180
22 102 71 87 M 0 22 0.00 M M 3.3 9 100 M M 2 M M
23 101 74 88 M 0 23 0.01 M M 4.2 13 170 M M 1 23 170
24 100 68 84 M 0 19 0.00 M M 3.8 10 150 M M 1 17 150
25 98 70 84 M 0 19 0.00 M M 5.3 10 200 M M 1 21 160
26 98 75 87 M 0 22 0.00 M M 7.3 14 220 M M 1 18 220
27 98 73 86 M 0 21 0.00 M M 6.3 13 190 M M 1 8 18 220
28 97 71 84 M 0 19 0.00 M M 4.8 10 200 M M 1 16 200
29 98 69 84 M 0 19 0.00 M M 3.7 10 180 M M 0 16 180
30 98 72 85 M 0 20 0.00 M M 4.4 12 70 M M 1 17 70
31 100 72 86 M 0 21 0.00 M M 5.4 14 170 M M 1 21 170
================================================================================
SM 3049 2270 0 651 0.04 M 199.9 M 47
================================================================================
AV 98.4 73.2 6.4 FASTST M M 2 MAX(MPH)
MISC ----> 25 360 39 120
================================================================================
NOTES:
# LAST OF SEVERAL OCCURRENCES
COLUMN 17 PEAK WIND IN M.P.H.
PRELIMINARY LOCAL CLIMATOLOGICAL DATA (WS FORM: F-6) , PAGE 2
STATION: FREDERICKSBURG
MONTH: JULY
YEAR: 2023
LATITUDE: 30 15 N
LONGITUDE: 98 55 W
[TEMPERATURE DATA] [PRECIPITATION DATA] SYMBOLS USED IN COLUMN 16
AVERAGE MONTHLY: 85.8 TOTAL FOR MONTH: 0.04 1 = FOG OR MIST
DPTR FM NORMAL: 0.0 DPTR FM NORMAL: M 2 = FOG REDUCING VISIBILITY
HIGHEST: 103 ON 18,17 GRTST 24HR 0.02 ON 2- 2 TO 1/4 MILE OR LESS
LOWEST: 68 ON 24 3 = THUNDER
SNOW, ICE PELLETS, HAIL 4 = ICE PELLETS
TOTAL MONTH: M 5 = HAIL
GRTST 24HR M ON M 6 = FREEZING RAIN OR DRIZZLE
GRTST DEPTH: M ON M 7 = DUSTSTORM OR SANDSTORM:
VSBY 1/2 MILE OR LESS
8 = SMOKE OR HAZE
[NO. OF DAYS WITH] [WEATHER - DAYS WITH] 9 = BLOWING SNOW
X = TORNADO
MAX 32 OR BELOW: 0 0.01 INCH OR MORE: 3
MAX 90 OR ABOVE: 30 0.10 INCH OR MORE: 0
MIN 32 OR BELOW: 0 0.50 INCH OR MORE: 0
MIN 0 OR BELOW: 0 1.00 INCH OR MORE: 0
[HDD (BASE 65) ]
TOTAL THIS MO. 0 CLEAR (SCALE 0-3) 28
DPTR FM NORMAL M PTCLDY (SCALE 4-7) 3
TOTAL FM JUL 1 0 CLOUDY (SCALE 8-10) 0
DPTR FM NORMAL M
[CDD (BASE 65) ]
TOTAL THIS MO. 651
DPTR FM NORMAL M [PRESSURE DATA]
TOTAL FM JAN 1 1574 HIGHEST SLP M ON M
DPTR FM NORMAL M LOWEST SLP M ON M
[REMARKS]
#FINAL-07-23#